This is the mail archive of the gcc-testresults@gcc.gnu.org mailing list for the GCC project.


Index Nav: [Date Index] [Subject Index] [Author Index] [Thread Index]
Message Nav: [Date Prev] [Date Next] [Thread Prev] [Thread Next]
Other format: [Raw text]

Results for 4.0.2 testsuite on i686-suse10-linux-gnu


Compiler version: 4.0.2
Platform:	  i686-suse10-linux-gnu

Sources:	  Official 4.0.2 tarball
LAST_UPDATED:	  Obtained from CVS: -rgcc_4_0_2_release 
Patches:	  None.
Environment:	  - SUSE Linux 10.0 + recommended updates as of today
		  - Linux version 2.6.13-15-default (geeko@buildhost) (gcc version 4.0.2 20050901 (prerelease) (SUSE Linux)) #1 Tue Sep 13 14:56:15 UTC 2005
		  - binutils-2.16.1 (FSF release)
		  - dejagnu-1.4.4-5 (SL 10.0)
		  - expect-5.43.0-3 (SL 10.0)
		  - glibc-2.3.5-40 (SL 10.0)

Remarks:	  None.


configure flags:  --host=i686-suse10-linux-gnu --target=i686-suse10-linux-gnu --build=i686-suse10-linux-gnu --srcdir=../gcc-4.0.2 --prefix=/opt/gnu --with-gnu-as --with-gnu-ld --enable-__cxa_atexit --enable-checking=release --enable-clocale=gnu --enable-interpreter --enable-shared --enable-threads=posix --with-system-zlib --with-local-prefix=/opt/gnu --with-cpu=pentium4 --enable-nls --verbose --enable-languages=c,ada,c++,f95,java,objc
BOOT_CC:	  gcc version 4.0.1
BOOT_CFLAGS:      -O2 -march=i686 -mtune=pentium4 -fomit-frame-pointer
CFLAGS:           -O2 -march=i686 -mtune=pentium4 -fomit-frame-pointer
CXXFLAGS:         -O2 -march=i686 -mtune=pentium4 -fomit-frame-pointer -g
GCJFLAGS:         -O2 -march=i686 -mtune=pentium4 -fomit-frame-pointer -g


Native configuration is i686-suse10-linux-gnu

		=== acats tests ===

		=== acats Summary ===

# of expected passes		2320
# of unexpected failures	0

		=== gcc tests ===

Running target unix
FAIL: gcc.dg/cleanup-10.c execution test
FAIL: gcc.dg/cleanup-11.c execution test
FAIL: gcc.dg/cleanup-8.c execution test
FAIL: gcc.dg/cleanup-9.c execution test
FAIL: gcc.dg/vect/pr20122.c scan-tree-dump-times vectorized 1 loops 2
XPASS: gcc.dg/vect/vect-22.c scan-tree-dump-times vectorized 3 loops 1

		=== gcc Summary ===

# of expected passes		35250
# of unexpected failures	5
# of unexpected successes	1
# of expected failures		94
# of untested testcases		28
# of unsupported tests		328
/home/gnu/work/GNU/gcc-4.0.2-i686-suse10-linux-gnu/gcc/xgcc  version 4.0.2

		=== gfortran tests ===

Running target unix

		=== gfortran Summary ===

# of expected passes		8225
# of expected failures		1
/home/gnu/work/GNU/gcc-4.0.2-i686-suse10-linux-gnu/gcc/testsuite/../gfortran  version 4.0.2

		=== g++ tests ===

Running target unix
FAIL: g++.dg/template/array14.C (test for excess errors)
XPASS: g++.old-deja/g++.other/init5.C execution test

		=== g++ Summary ===

# of expected passes		11130
# of unexpected failures	1
# of unexpected successes	1
# of expected failures		68
# of unsupported tests		56
/home/gnu/work/GNU/gcc-4.0.2-i686-suse10-linux-gnu/gcc/testsuite/../g++  version 4.0.2

		=== objc tests ===

Running target unix

		=== objc Summary ===

# of expected passes		1536
# of unsupported tests		10
/home/gnu/work/GNU/gcc-4.0.2-i686-suse10-linux-gnu/gcc/xgcc  version 4.0.2

		=== libffi tests ===

Running target unix

		=== libffi Summary ===

# of expected passes		219
# of unsupported tests		2

		=== libjava tests ===

Running target unix

		=== libjava Summary ===

# of expected passes		3814
# of expected failures		14
# of untested testcases		16

		=== libmudflap tests ===

Running target unix
FAIL: libmudflap.cth/pass40-frag.c execution test
FAIL: libmudflap.cth/pass40-frag.c output pattern test
FAIL: libmudflap.cth/pass40-frag.c (-O2) execution test
FAIL: libmudflap.cth/pass40-frag.c (-O2) output pattern test
FAIL: libmudflap.cth/pass40-frag.c (-O3) execution test
FAIL: libmudflap.cth/pass40-frag.c (-O3) output pattern test

		=== libmudflap Summary ===

# of expected passes		1282
# of unexpected failures	6

		=== libstdc++ tests ===

Running target unix
XPASS: 22_locale/locale/cons/12658_thread-1.cc execution test

		=== libstdc++ Summary ===

# of expected passes		3668
# of unexpected successes	1
# of expected failures		13


Counting all warnings,
there are 65 warnings in stage3 of this bootstrap.

Number of warnings per file:
     22 ./auto-host.h
     11 gengtype-lex.c
     11 gcc/tsystem.h
     11 gcc/defaults.h
      3 gcc/gcc.c
      2 gcc/objc/lang-specs.h
      1 insn-conditions.c
      1 gcc/java/jvspec.c
      1 gcc/java/jcf-write.c
      1 gcc/config/i386/i386.md
      1 gcc/ada/tracebak.c

Number of warning types:
     22 this is the location of the previous definition
     11 no previous prototype for `???'
     11 `HAVE_DECL_GETOPT' redefined
     11 `DEFAULT_USE_CXA_ATEXIT' redefined
      7 string length `???' is greater than the length `???' ISO C89 compilers are required to support
      1 unused variable `???'
      1 operand 1 missing mode?
      1 comparison of unsigned expression < 0 is always false


Index Nav: [Date Index] [Subject Index] [Author Index] [Thread Index]
Message Nav: [Date Prev] [Date Next] [Thread Prev] [Thread Next]