This is the mail archive of the gcc-testresults@gcc.gnu.org mailing list for the GCC project.


Index Nav: [Date Index] [Subject Index] [Author Index] [Thread Index]
Message Nav: [Date Prev] [Date Next] [Thread Prev] [Thread Next]
Other format: [Raw text]

Results for 4.1.0 20050928 (experimental) testsuite on i386-pc-solaris2.10


LAST_UPDATED: Wed Sep 28 17:09:05 UTC 2005

Native configuration is i386-pc-solaris2.10

		=== g++ tests ===


Running target unix
FAIL: g++.dg/eh/simd-1.C (test for excess errors)
WARNING: g++.dg/eh/simd-1.C compilation failed to produce executable
FAIL: g++.dg/opt/pr19650.C (test for excess errors)
WARNING: g++.dg/opt/pr19650.C compilation failed to produce executable
FAIL: g++.dg/other/i386-1.C execution test

		=== g++ Summary for unix ===

# of expected passes		11313
# of unexpected failures	3
# of expected failures		67
# of unsupported tests		100

Running target unix/-m64
FAIL: g++.dg/init/struct3.C (test for excess errors)
FAIL: g++.dg/opt/inline9.C (test for excess errors)
WARNING: g++.dg/opt/inline9.C compilation failed to produce executable
FAIL: g++.dg/opt/pr19650.C (test for excess errors)
WARNING: g++.dg/opt/pr19650.C compilation failed to produce executable
FAIL: g++.dg/other/i386-1.C (test for excess errors)
WARNING: g++.dg/other/i386-1.C compilation failed to produce executable
FAIL: g++.old-deja/g++.law/profile1.C execution test

		=== g++ Summary for unix/-m64 ===

# of expected passes		11235
# of unexpected failures	5
# of expected failures		67
# of unsupported tests		123

		=== g++ Summary ===

# of expected passes		22548
# of unexpected failures	8
# of expected failures		134
# of unsupported tests		223
/amnt/figaro/volumes/obj-gcc/gcc/obj.sol86/gcc-4.1.0-20050928/10-gcc-gas/gcc/testsuite/../g++  version 4.1.0 20050928 (experimental)

		=== gcc tests ===


Running target unix
FAIL: gcc.c-torture/execute/20050316-1.c compilation,  -O0 
UNRESOLVED: gcc.c-torture/execute/20050316-1.c execution,  -O0 
FAIL: gcc.c-torture/execute/20050316-1.c compilation,  -O1 
UNRESOLVED: gcc.c-torture/execute/20050316-1.c execution,  -O1 
FAIL: gcc.c-torture/execute/20050316-1.c compilation,  -O2 
UNRESOLVED: gcc.c-torture/execute/20050316-1.c execution,  -O2 
FAIL: gcc.c-torture/execute/20050316-1.c compilation,  -O3 -fomit-frame-pointer 
UNRESOLVED: gcc.c-torture/execute/20050316-1.c execution,  -O3 -fomit-frame-pointer 
FAIL: gcc.c-torture/execute/20050316-1.c compilation,  -O3 -g 
UNRESOLVED: gcc.c-torture/execute/20050316-1.c execution,  -O3 -g 
FAIL: gcc.c-torture/execute/20050316-1.c compilation,  -Os 
UNRESOLVED: gcc.c-torture/execute/20050316-1.c execution,  -Os 
FAIL: gcc.c-torture/execute/20050316-3.c compilation,  -O0 
UNRESOLVED: gcc.c-torture/execute/20050316-3.c execution,  -O0 
FAIL: gcc.c-torture/execute/20050316-3.c compilation,  -O1 
UNRESOLVED: gcc.c-torture/execute/20050316-3.c execution,  -O1 
FAIL: gcc.c-torture/execute/20050316-3.c compilation,  -O2 
UNRESOLVED: gcc.c-torture/execute/20050316-3.c execution,  -O2 
FAIL: gcc.c-torture/execute/20050316-3.c compilation,  -O3 -fomit-frame-pointer 
UNRESOLVED: gcc.c-torture/execute/20050316-3.c execution,  -O3 -fomit-frame-pointer 
FAIL: gcc.c-torture/execute/20050316-3.c compilation,  -O3 -g 
UNRESOLVED: gcc.c-torture/execute/20050316-3.c execution,  -O3 -g 
FAIL: gcc.c-torture/execute/20050316-3.c compilation,  -Os 
UNRESOLVED: gcc.c-torture/execute/20050316-3.c execution,  -Os 
FAIL: gcc.c-torture/execute/simd-6.c compilation,  -O0 
UNRESOLVED: gcc.c-torture/execute/simd-6.c execution,  -O0 
FAIL: gcc.c-torture/execute/simd-6.c compilation,  -O1 
UNRESOLVED: gcc.c-torture/execute/simd-6.c execution,  -O1 
FAIL: gcc.c-torture/execute/simd-6.c compilation,  -O2 
UNRESOLVED: gcc.c-torture/execute/simd-6.c execution,  -O2 
FAIL: gcc.c-torture/execute/simd-6.c compilation,  -O3 -fomit-frame-pointer 
UNRESOLVED: gcc.c-torture/execute/simd-6.c execution,  -O3 -fomit-frame-pointer 
FAIL: gcc.c-torture/execute/simd-6.c compilation,  -O3 -g 
UNRESOLVED: gcc.c-torture/execute/simd-6.c execution,  -O3 -g 
FAIL: gcc.c-torture/execute/simd-6.c compilation,  -Os 
UNRESOLVED: gcc.c-torture/execute/simd-6.c execution,  -Os 
FAIL: gcc.dg/compat/vector-1 c_compat_x_tst.o compile
FAIL: gcc.dg/compat/vector-1 c_compat_y_tst.o compile
UNRESOLVED: gcc.dg/compat/vector-1 c_compat_x_tst.o-c_compat_y_tst.o link 
UNRESOLVED: gcc.dg/compat/vector-1 c_compat_x_tst.o-c_compat_y_tst.o execute 
FAIL: largefile.c (test for excess errors)
FAIL: largefile.c (test for excess errors)
FAIL: largefile.c (test for excess errors)
FAIL: largefile.c (test for excess errors)
FAIL: largefile.c (test for excess errors)
FAIL: largefile.c (test for excess errors)
FAIL: largefile.c (test for excess errors)
XPASS: gcc.dg/tree-ssa/20040204-1.c scan-tree-dump-times link_error 0
FAIL: gcc.dg/vect/pr18400.c execution test
FAIL: gcc.dg/vect/vect-108.c execution test
FAIL: gcc.dg/vect/vect-11.c execution test
FAIL: gcc.dg/vect/vect-111.c execution test
FAIL: gcc.dg/vect/vect-115.c execution test
FAIL: gcc.dg/vect/vect-11a.c execution test
FAIL: gcc.dg/vect/vect-13.c execution test
FAIL: gcc.dg/vect/vect-17.c execution test
FAIL: gcc.dg/vect/vect-18.c execution test
FAIL: gcc.dg/vect/vect-19.c execution test
FAIL: gcc.dg/vect/vect-2.c execution test
FAIL: gcc.dg/vect/vect-20.c execution test
FAIL: gcc.dg/vect/vect-22.c execution test
FAIL: gcc.dg/vect/vect-26.c execution test
FAIL: gcc.dg/vect/vect-27.c execution test
FAIL: gcc.dg/vect/vect-3.c execution test
FAIL: gcc.dg/vect/vect-31.c execution test
FAIL: gcc.dg/vect/vect-32.c execution test
FAIL: gcc.dg/vect/vect-34.c execution test
FAIL: gcc.dg/vect/vect-36.c execution test
FAIL: gcc.dg/vect/vect-4.c execution test
FAIL: gcc.dg/vect/vect-5.c execution test
FAIL: gcc.dg/vect/vect-6.c execution test
FAIL: gcc.dg/vect/vect-62.c execution test
FAIL: gcc.dg/vect/vect-64.c execution test
FAIL: gcc.dg/vect/vect-65.c execution test
FAIL: gcc.dg/vect/vect-66.c execution test
FAIL: gcc.dg/vect/vect-68.c execution test
FAIL: gcc.dg/vect/vect-7.c execution test
FAIL: gcc.dg/vect/vect-72.c execution test
FAIL: gcc.dg/vect/vect-73.c execution test
FAIL: gcc.dg/vect/vect-89.c execution test
FAIL: gcc.dg/vect/vect-93.c execution test
FAIL: gcc.dg/vect/vect-97.c execution test
FAIL: gcc.dg/vect/vect-all.c execution test
FAIL: gcc.dg/vect/vect-dv-2.c execution test
FAIL: gcc.dg/vect/vect-ifcvt-2.c execution test
FAIL: gcc.dg/vect/vect-ifcvt-3.c execution test
FAIL: gcc.dg/vect/vect-ifcvt-4.c execution test
FAIL: gcc.dg/vect/vect-ifcvt-5.c execution test
FAIL: gcc.dg/vect/vect-ifcvt-6.c execution test
FAIL: gcc.dg/vect/vect-ifcvt-7.c execution test
FAIL: gcc.target/i386/abi-1.c scan-assembler xmm0

		=== gcc Summary for unix ===

# of expected passes		37177
# of unexpected failures	70
# of unexpected successes	1
# of expected failures		96
# of unresolved testcases	20
# of untested testcases		35
# of unsupported tests		373

Running target unix/-m64
FAIL: gcc.dg/ia64-sync-1.c (test for excess errors)
WARNING: gcc.dg/ia64-sync-1.c compilation failed to produce executable
FAIL: gcc.dg/ia64-sync-2.c (test for excess errors)
WARNING: gcc.dg/ia64-sync-2.c compilation failed to produce executable
FAIL: gcc.dg/ia64-sync-3.c (test for excess errors)
WARNING: gcc.dg/ia64-sync-3.c compilation failed to produce executable
FAIL: gcc.dg/ia64-sync-4.c (test for excess errors)
FAIL: gcc.dg/nest.c execution test
FAIL: gcc.dg/sync-2.c (test for excess errors)
WARNING: gcc.dg/sync-2.c compilation failed to produce executable
FAIL: largefile.c (test for excess errors)
FAIL: largefile.c (test for excess errors)
FAIL: largefile.c (test for excess errors)
FAIL: largefile.c (test for excess errors)
FAIL: largefile.c (test for excess errors)
FAIL: largefile.c (test for excess errors)
FAIL: largefile.c (test for excess errors)
FAIL: gcc.dg/tree-ssa/gen-vect-11b.c scan-tree-dump-times vectorized 0 loops 1
FAIL: gcc.dg/tree-ssa/gen-vect-11c.c scan-tree-dump-times vectorized 0 loops 1
FAIL: gcc.dg/tree-ssa/loop-3.c scan-tree-dump-times step: 1
FAIL: gcc.dg/tree-ssa/stdarg-2.c scan-tree-dump f3: va_list escapes 0, needs to save [1-9][0-9]* GPR units
FAIL: gcc.dg/tree-ssa/stdarg-2.c scan-tree-dump f12: va_list escapes 0, needs to save [1-9][0-9]* GPR units
FAIL: gcc.dg/tree-ssa/stdarg-2.c scan-tree-dump f13: va_list escapes 0, needs to save [1-9][0-9]* GPR units
FAIL: gcc.dg/tree-ssa/stdarg-4.c scan-tree-dump f2: va_list escapes [01], needs to save all GPR units
FAIL: gcc.dg/tree-ssa/stdarg-4.c scan-tree-dump f4: va_list escapes 0, needs to save [148] GPR units
FAIL: gcc.misc-tests/linkage.c link
FAIL: gcc.target/i386/asm-1.c  (test for errors, line 4)
FAIL: gcc.target/i386/attributes-error.c  (test for errors, line 3)
FAIL: gcc.target/i386/attributes-error.c  (test for errors, line 4)
FAIL: gcc.target/i386/attributes-error.c  (test for errors, line 5)
FAIL: gcc.target/i386/attributes-error.c  (test for errors, line 6)
FAIL: gcc.target/i386/attributes-error.c  (test for errors, line 7)
FAIL: gcc.target/i386/attributes-error.c  (test for errors, line 8)
FAIL: gcc.target/i386/attributes-error.c  (test for errors, line 9)
FAIL: gcc.target/i386/attributes-error.c  (test for errors, line 10)
FAIL: gcc.target/i386/attributes-error.c (test for excess errors)
FAIL: gcc.target/i386/compress-float-387-pic.c (test for excess errors)
ERROR: gcc.target/i386/compress-float-387-pic.c: error executing dg-final: couldn't open "compress-float-387-pic.s": no such file or directory
UNRESOLVED: gcc.target/i386/compress-float-387-pic.c: error executing dg-final: couldn't open "compress-float-387-pic.s": no such file or directory
FAIL: gcc.target/i386/compress-float-387.c (test for excess errors)
ERROR: gcc.target/i386/compress-float-387.c: error executing dg-final: couldn't open "compress-float-387.s": no such file or directory
UNRESOLVED: gcc.target/i386/compress-float-387.c: error executing dg-final: couldn't open "compress-float-387.s": no such file or directory
FAIL: gcc.target/i386/compress-float-sse-pic.c (test for excess errors)
ERROR: gcc.target/i386/compress-float-sse-pic.c: error executing dg-final: couldn't open "compress-float-sse-pic.s": no such file or directory
UNRESOLVED: gcc.target/i386/compress-float-sse-pic.c: error executing dg-final: couldn't open "compress-float-sse-pic.s": no such file or directory
FAIL: gcc.target/i386/compress-float-sse.c (test for excess errors)
ERROR: gcc.target/i386/compress-float-sse.c: error executing dg-final: couldn't open "compress-float-sse.s": no such file or directory
UNRESOLVED: gcc.target/i386/compress-float-sse.c: error executing dg-final: couldn't open "compress-float-sse.s": no such file or directory
FAIL: gcc.target/i386/movq.c (test for excess errors)
ERROR: gcc.target/i386/movq.c: error executing dg-final: couldn't open "movq.s": no such file or directory
UNRESOLVED: gcc.target/i386/movq.c: error executing dg-final: couldn't open "movq.s": no such file or directory

		=== gcc Summary for unix/-m64 ===

# of expected passes		37133
# of unexpected failures	37
# of expected failures		96
# of unresolved testcases	5
# of untested testcases		35
# of unsupported tests		472

		=== gcc Summary ===

# of expected passes		74310
# of unexpected failures	107
# of unexpected successes	1
# of expected failures		192
# of unresolved testcases	25
# of untested testcases		70
# of unsupported tests		845
/amnt/figaro/volumes/obj-gcc/gcc/obj.sol86/gcc-4.1.0-20050928/10-gcc-gas/gcc/xgcc  version 4.1.0 20050928 (experimental)

		=== gfortran tests ===


Running target unix
FAIL: gfortran.fortran-torture/execute/elemental.f90 execution,  -O3 -fomit-frame-pointer -funroll-loops 
FAIL: gfortran.fortran-torture/execute/elemental.f90 execution,  -O3 -fomit-frame-pointer -funroll-all-loops -finline-functions 

		=== gfortran Summary for unix ===

# of expected passes		9525
# of unexpected failures	2
# of expected failures		4
# of unsupported tests		16

Running target unix/-m64

		=== gfortran Summary for unix/-m64 ===

# of expected passes		9508
# of expected failures		7
# of unsupported tests		24

		=== gfortran Summary ===

# of expected passes		19033
# of unexpected failures	2
# of expected failures		11
# of unsupported tests		40
/amnt/figaro/volumes/obj-gcc/gcc/obj.sol86/gcc-4.1.0-20050928/10-gcc-gas/gcc/testsuite/../gfortran  version 4.1.0 20050928 (experimental)

		=== objc tests ===


Running target unix
FAIL: objc/execute/exceptions/catchall-1.m execution,  -O3 -fomit-frame-pointer  -fgnu-runtime
FAIL: objc/execute/exceptions/local-variables-1.m execution,  -O3 -fomit-frame-pointer  -fgnu-runtime

		=== objc Summary for unix ===

# of expected passes		1670
# of unexpected failures	2
# of unsupported tests		22

Running target unix/-m64

		=== objc Summary for unix/-m64 ===

# of expected passes		1672
# of unsupported tests		22

		=== objc Summary ===

# of expected passes		3342
# of unexpected failures	2
# of unsupported tests		44
/amnt/figaro/volumes/obj-gcc/gcc/obj.sol86/gcc-4.1.0-20050928/10-gcc-gas/gcc/xgcc  version 4.1.0 20050928 (experimental)

		=== libffi tests ===


Running target unix

		=== libffi Summary for unix ===

# of expected passes		228
# of unsupported tests		2

Running target unix/-m64
FAIL: libffi.special/unwindtest.cc execution test

		=== libffi Summary for unix/-m64 ===

# of expected passes		226
# of unexpected failures	1
# of unsupported tests		2

		=== libffi Summary ===

# of expected passes		454
# of unexpected failures	1
# of unsupported tests		4
		=== libjava tests ===


Running target unix
FAIL: ArrayStore -O3 execution - source compiled test
FAIL: ArrayStore -O3 execution - bytecode->native test
FAIL: Class_1 execution - source compiled test
FAIL: Class_1 execution - bytecode->native test
FAIL: Class_1 -O3 execution - source compiled test
FAIL: Class_1 -O3 execution - bytecode->native test
FAIL: InvokeInterface execution - bytecode->native test
FAIL: InvokeInterface -O3 execution - bytecode->native test
FAIL: PR12416 execution - bytecode->native test
FAIL: PR12416 -O3 execution - bytecode->native test
FAIL: PR260 execution - bytecode->native test
FAIL: PR260 -O3 execution - bytecode->native test
FAIL: String_overflow -O3 execution - source compiled test
FAIL: SyncTest execution - bytecode->native test
FAIL: SyncTest -O3 execution - bytecode->native test
FAIL: Thread_Wait_2 -O3 execution - bytecode->native test
FAIL: Throw_1 -O3 execution - source compiled test
FAIL: Throw_2 execution - source compiled test
FAIL: Throw_2 execution - gij test
FAIL: Throw_2 execution - bytecode->native test
FAIL: Throw_2 -O3 execution - source compiled test
FAIL: Throw_2 execution - gij test
FAIL: Throw_2 -O3 execution - bytecode->native test
FAIL: initexc -O3 execution - source compiled test
FAIL: invokethrow execution - bytecode->native test
FAIL: invokethrow -O3 execution - bytecode->native test
FAIL: newarray_overflow -O3 execution - source compiled test
FAIL: newarray_overflow -O3 execution - bytecode->native test
FAIL: pr179 execution - bytecode->native test
FAIL: pr179 -O3 execution - bytecode->native test
FAIL: pr8415 execution - bytecode->native test
FAIL: pr8415 -O3 execution - bytecode->native test
FAIL: stringconst2 output - source compiled test
FAIL: stringconst2 output - bytecode->native test
FAIL: stringconst2 -O3 execution - source compiled test
FAIL: stringconst2 -O3 execution - bytecode->native test
FAIL: pr21115 run

		=== libjava Summary for unix ===

# of expected passes		3898
# of unexpected failures	37
# of expected failures		9
# of untested testcases		43

Running target unix/-m64
FAIL: /vol/gnu/src/gcc/gcc-dist/libjava/testsuite/libjava.jar/simple.jar execution - gij test
FAIL: PR15133 execution - gij test
FAIL: PR18116 execution - gij test
FAIL: bytebuffer execution - gij test
FAIL: calls execution - gij test
FAIL: cxxtest execution - gij test
FAIL: directbuffer execution - gij test
FAIL: field execution - gij test
FAIL: final_method execution - gij test
FAIL: findclass execution - gij test
FAIL: iface execution - gij test
FAIL: invoke execution - gij test
FAIL: jniutf execution - gij test
FAIL: martin execution - gij test
FAIL: noclass execution - gij test
FAIL: overload execution - gij test
FAIL: pr11951 run
FAIL: pr23739 execution - gij test
FAIL: register execution - gij test
FAIL: simple_int execution - gij test
FAIL: throwit execution - gij test
FAIL: virtual execution - gij test
FAIL: PR16923 run
FAIL: ArrayStore execution - gij test
FAIL: ArrayStore execution - gij test
FAIL: ArrayStore2 execution - gij test
FAIL: ArrayStore2 execution - gij test
FAIL: Array_1 execution - gij test
FAIL: Array_1 execution - gij test
FAIL: Array_2 execution - gij test
FAIL: Array_2 execution - gij test
FAIL: Array_3 execution - gij test
FAIL: Array_3 execution - gij test
FAIL: Class_1 execution - source compiled test
FAIL: Class_1 execution - gij test
FAIL: Class_1 execution - bytecode->native test
FAIL: Class_1 -O3 execution - source compiled test
FAIL: Class_1 execution - gij test
FAIL: Class_1 -O3 execution - bytecode->native test
FAIL: CompareNaN execution - gij test
FAIL: CompareNaN execution - gij test
FAIL: Divide_1 execution - gij test
FAIL: Divide_1 execution - gij test
FAIL: EvaluationOrder execution - gij test
FAIL: EvaluationOrder execution - gij test
FAIL: FileHandleGcTest execution - gij test
FAIL: FileHandleGcTest execution - gij test
FAIL: Final execution - gij test
FAIL: Final execution - gij test
FAIL: Float_1 execution - gij test
FAIL: Float_1 execution - gij test
FAIL: G19990301_01 execution - gij test
FAIL: G19990301_01 execution - gij test
FAIL: G19990302_02 execution - gij test
FAIL: G19990302_02 execution - gij test
FAIL: G19990303_01 execution - gij test
FAIL: G19990303_01 execution - gij test
FAIL: G19990303_02 execution - gij test
FAIL: G19990303_02 execution - gij test
FAIL: G19990304_01 execution - gij test
FAIL: G19990304_01 execution - gij test
FAIL: G19990310_01 execution - gij test
FAIL: G19990310_01 execution - gij test
FAIL: II execution - gij test
FAIL: II execution - gij test
FAIL: InterfaceDispatch execution - gij test
FAIL: InterfaceDispatch execution - gij test
FAIL: InvokeInterface execution - gij test
FAIL: InvokeInterface execution - bytecode->native test
FAIL: InvokeInterface execution - gij test
FAIL: InvokeInterface -O3 execution - bytecode->native test
FAIL: InvokeReturn execution - gij test
FAIL: InvokeReturn execution - gij test
FAIL: Invoke_1 execution - gij test
FAIL: Invoke_1 execution - gij test
FAIL: Invoke_2 execution - gij test
FAIL: Invoke_2 execution - gij test
FAIL: KeepInline execution - gij test
FAIL: KeepInline execution - gij test
FAIL: LargeFile execution - gij test
FAIL: LargeFile execution - gij test
FAIL: MathBuiltin execution - gij test
FAIL: MathBuiltin execution - gij test
FAIL: Matrix4f execution - gij test
FAIL: Matrix4f execution - gij test
FAIL: N19990310_02 execution - gij test
FAIL: N19990310_02 execution - gij test
FAIL: N19990310_3 execution - gij test
FAIL: N19990310_3 execution - gij test
FAIL: N19990310_4 execution - gij test
FAIL: N19990310_4 execution - gij test
FAIL: N19990310_5 execution - gij test
FAIL: N19990310_5 execution - gij test
FAIL: Overflow execution - gij test
FAIL: Overflow execution - gij test
FAIL: PR12350 execution - gij test
FAIL: PR12350 execution - gij test
FAIL: PR12416 execution - gij test
FAIL: PR12416 execution - bytecode->native test
FAIL: PR12416 execution - gij test
FAIL: PR12416 -O3 execution - bytecode->native test
FAIL: PR12656 execution - gij test
FAIL: PR12656 execution - gij test
FAIL: PR12915 execution - gij test
FAIL: PR12915 execution - gij test
FAIL: PR141 execution - gij test
FAIL: PR141 execution - gij test
FAIL: PR160 execution - gij test
FAIL: PR160 execution - gij test
FAIL: PR162 execution - gij test
FAIL: PR162 execution - gij test
FAIL: PR16867 execution - gij test
FAIL: PR16867 execution - gij test
FAIL: PR18699 execution - gij test
FAIL: PR18699 execution - gij test
FAIL: PR19870 execution - gij test
FAIL: PR19870 execution - gij test
FAIL: PR19870_2 execution - gij test
FAIL: PR19870_2 execution - gij test
FAIL: PR19921 execution - gij test
FAIL: PR19921 execution - gij test
FAIL: PR20056 execution - gij test
FAIL: PR20056 execution - gij test
FAIL: PR218 execution - gij test
FAIL: PR218 execution - gij test
FAIL: PR242 execution - gij test
FAIL: PR242 execution - gij test
FAIL: PR260 execution - gij test
FAIL: PR260 execution - bytecode->native test
FAIL: PR260 execution - gij test
FAIL: PR260 -O3 execution - bytecode->native test
FAIL: PR3096 execution - gij test
FAIL: PR3096 execution - gij test
FAIL: PR3731 execution - gij test
FAIL: PR3731 execution - gij test
FAIL: PR5057 execution - gij test
FAIL: PR5057 execution - gij test
FAIL: PR5057_2 execution - gij test
FAIL: PR5057_2 execution - gij test
FAIL: PR55 execution - gij test
FAIL: PR55 execution - gij test
FAIL: PR56 execution - gij test
FAIL: PR56 execution - gij test
FAIL: PR6085 execution - gij test
FAIL: PR6085 execution - gij test
FAIL: PR6204 execution - gij test
FAIL: PR6204 execution - gij test
FAIL: PR6729 execution - gij test
FAIL: PR6729 execution - gij test
FAIL: PR6820 execution - gij test
FAIL: PR6820 execution - gij test
FAIL: PR7482 execution - gij test
FAIL: PR7482 execution - gij test
FAIL: Process_1 execution - gij test
FAIL: Process_1 execution - gij test
FAIL: Process_2 execution - gij test
FAIL: Process_2 execution - gij test
FAIL: Process_3 execution - gij test
FAIL: Process_3 execution - gij test
FAIL: Process_4 execution - gij test
FAIL: Process_4 execution - gij test
FAIL: Process_5 execution - gij test
FAIL: Process_5 execution - gij test
FAIL: Process_6 execution - gij test
FAIL: Process_6 execution - gij test
FAIL: Serialization execution - gij test
FAIL: Serialization execution - gij test
FAIL: Shazam execution - gij test
FAIL: Shazam execution - gij test
FAIL: StaticConstructor execution - gij test
FAIL: StaticConstructor execution - gij test
FAIL: StringBuffer_1 execution - gij test
FAIL: StringBuffer_1 execution - gij test
FAIL: StringBuffer_overflow execution - gij test
FAIL: StringBuffer_overflow execution - gij test
FAIL: String_overflow execution - gij test
FAIL: String_overflow execution - gij test
FAIL: SyncGlobal execution - gij test
FAIL: SyncGlobal execution - gij test
FAIL: SyncTest execution - gij test
FAIL: SyncTest execution - bytecode->native test
FAIL: SyncTest execution - gij test
FAIL: SyncTest -O3 execution - bytecode->native test
FAIL: Synch execution - gij test
FAIL: Synch execution - gij test
FAIL: TLtest execution - gij test
FAIL: TLtest execution - gij test
FAIL: TestProxy execution - source compiled test
FAIL: TestProxy execution - gij test
FAIL: TestProxy execution - bytecode->native test
FAIL: TestProxy -O3 execution - source compiled test
FAIL: TestProxy execution - gij test
FAIL: TestProxy -O3 execution - bytecode->native test
FAIL: Thread_Alive execution - gij test
FAIL: Thread_Alive execution - gij test
FAIL: Thread_HoldsLock execution - gij test
FAIL: Thread_HoldsLock execution - gij test
FAIL: Thread_Interrupt execution - gij test
FAIL: Thread_Interrupt execution - gij test
FAIL: Thread_Join execution - gij test
FAIL: Thread_Join execution - gij test
FAIL: Thread_Monitor execution - gij test
FAIL: Thread_Monitor execution - gij test
FAIL: Thread_Sleep execution - gij test
FAIL: Thread_Sleep execution - gij test
FAIL: Thread_Wait execution - gij test
FAIL: Thread_Wait execution - gij test
FAIL: Thread_Wait_2 execution - gij test
FAIL: Thread_Wait_2 execution - gij test
FAIL: Thread_Wait_Interrupt execution - gij test
FAIL: Thread_Wait_Interrupt execution - gij test
FAIL: Throw_1 execution - gij test
FAIL: Throw_1 execution - gij test
FAIL: Throw_2 execution - source compiled test
FAIL: Throw_2 execution - gij test
FAIL: Throw_2 execution - bytecode->native test
FAIL: Throw_2 -O3 execution - source compiled test
FAIL: Throw_2 execution - gij test
FAIL: Throw_2 -O3 execution - bytecode->native test
FAIL: anfi execution - gij test
FAIL: anfi execution - gij test
FAIL: anon execution - gij test
FAIL: anon execution - gij test
FAIL: anon2 execution - gij test
FAIL: anon2 execution - gij test
FAIL: anon3 execution - gij test
FAIL: anon3 execution - gij test
FAIL: anon4 execution - gij test
FAIL: anon4 execution - gij test
FAIL: anon_ctor_itf_arg execution - gij test
FAIL: anon_ctor_itf_arg execution - gij test
FAIL: anonarray execution - gij test
FAIL: anonarray execution - gij test
FAIL: anonarray2 execution - gij test
FAIL: anonarray2 execution - gij test
FAIL: anonarray3 execution - gij test
FAIL: anonarray3 execution - gij test
FAIL: assign execution - gij test
FAIL: assign execution - gij test
FAIL: assign2 execution - gij test
FAIL: assign2 execution - gij test
FAIL: bclink execution - gij test
FAIL: bclink execution - gij test
FAIL: bytearray execution - gij test
FAIL: bytearray execution - gij test
FAIL: direct_read execution - gij test
FAIL: direct_read execution - gij test
FAIL: direct_write execution - gij test
FAIL: direct_write execution - gij test
FAIL: emptystring execution - gij test
FAIL: emptystring execution - gij test
FAIL: err1 execution - gij test
FAIL: err1 execution - gij test
FAIL: err10 execution - gij test
FAIL: err10 execution - gij test
FAIL: err11 execution - gij test
FAIL: err11 execution - gij test
FAIL: err12 execution - gij test
FAIL: err12 execution - gij test
FAIL: err13 execution - gij test
FAIL: err13 execution - gij test
FAIL: err14 execution - gij test
FAIL: err14 execution - gij test
FAIL: err2 execution - gij test
FAIL: err2 execution - gij test
FAIL: err3 execution - gij test
FAIL: err3 execution - gij test
FAIL: err4 execution - gij test
FAIL: err4 execution - gij test
FAIL: err5 execution - gij test
FAIL: err5 execution - gij test
FAIL: err6 execution - gij test
FAIL: err6 execution - gij test
FAIL: err7 execution - gij test
FAIL: err7 execution - gij test
FAIL: err8 execution - gij test
FAIL: err8 execution - gij test
FAIL: err9 execution - gij test
FAIL: err9 execution - gij test
FAIL: final_inner execution - gij test
FAIL: final_inner execution - gij test
FAIL: final_int execution - gij test
FAIL: final_int execution - gij test
FAIL: final_static_and_friend execution - gij test
FAIL: final_static_and_friend execution - gij test
FAIL: indirect execution - gij test
FAIL: indirect execution - gij test
FAIL: indirect_read execution - gij test
FAIL: indirect_read execution - gij test
FAIL: indirect_write execution - gij test
FAIL: indirect_write execution - gij test
FAIL: initexc execution - gij test
FAIL: initexc execution - gij test
FAIL: initfield execution - gij test
FAIL: initfield execution - gij test
FAIL: inline execution - gij test
FAIL: inline execution - gij test
FAIL: inner1 execution - gij test
FAIL: inner1 execution - gij test
FAIL: inner2 execution - gij test
FAIL: inner2 execution - gij test
FAIL: inner3 execution - gij test
FAIL: inner3 execution - gij test
FAIL: inner4 execution - gij test
FAIL: inner4 execution - gij test
FAIL: inner_array execution - gij test
FAIL: inner_array execution - gij test
FAIL: inner_interface execution - gij test
FAIL: inner_interface execution - gij test
FAIL: instance execution - gij test
FAIL: instance execution - gij test
FAIL: instinit execution - gij test
FAIL: instinit execution - gij test
FAIL: instinit2 execution - gij test
FAIL: instinit2 execution - gij test
FAIL: invoke_from_inner execution - gij test
FAIL: invoke_from_inner execution - gij test
FAIL: invokethrow execution - source compiled test
FAIL: invokethrow execution - gij test
FAIL: invokethrow execution - bytecode->native test
FAIL: invokethrow -O3 execution - source compiled test
FAIL: invokethrow execution - gij test
FAIL: invokethrow -O3 execution - bytecode->native test
FAIL: klass execution - gij test
FAIL: klass execution - gij test
FAIL: md5test execution - gij test
FAIL: md5test execution - gij test
FAIL: multiple_finit execution - gij test
FAIL: multiple_finit execution - gij test
FAIL: negzero execution - gij test
FAIL: negzero execution - gij test
FAIL: nested_with_ctor execution - gij test
FAIL: nested_with_ctor execution - gij test
FAIL: newarray_overflow execution - gij test
FAIL: newarray_overflow execution - gij test
FAIL: override execution - gij test
FAIL: override execution - gij test
FAIL: pr109 execution - gij test
FAIL: pr109 execution - gij test
FAIL: pr13107 execution - gij test
FAIL: pr13107 execution - gij test
FAIL: pr13107_2 execution - gij test
FAIL: pr13107_2 execution - gij test
FAIL: pr13107_3 execution - gij test
FAIL: pr13107_3 execution - gij test
FAIL: pr133 execution - gij test
FAIL: pr133 execution - gij test
FAIL: pr16789 execution - gij test
FAIL: pr16789 execution - gij test
FAIL: pr17536 execution - gij test
FAIL: pr17536 execution - gij test
FAIL: pr179 execution - gij test
FAIL: pr179 execution - bytecode->native test
FAIL: pr179 execution - gij test
FAIL: pr179 -O3 execution - bytecode->native test
FAIL: pr184 execution - gij test
FAIL: pr184 execution - gij test
FAIL: pr21785 execution - gij test
FAIL: pr21785 execution - gij test
FAIL: pr21844 execution - gij test
FAIL: pr21844 execution - gij test
FAIL: pr6388 execution - gij test
FAIL: pr6388 execution - gij test
FAIL: pr83 execution - gij test
FAIL: pr83 execution - gij test
FAIL: pr8415 execution - gij test
FAIL: pr8415 execution - bytecode->native test
FAIL: pr8415 execution - gij test
FAIL: pr8415 -O3 execution - bytecode->native test
FAIL: pr8676 execution - gij test
FAIL: pr8676 execution - gij test
FAIL: pr8823 execution - gij test
FAIL: pr8823 execution - gij test
FAIL: pr8945 execution - gij test
FAIL: pr8945 execution - gij test
FAIL: private_direct_read execution - gij test
FAIL: private_direct_read execution - gij test
FAIL: search_outer execution - gij test
FAIL: search_outer execution - gij test
FAIL: shatest execution - gij test
FAIL: shatest execution - gij test
FAIL: stringconst execution - gij test
FAIL: stringconst execution - gij test
FAIL: stringconst2 output - source compiled test
FAIL: stringconst2 execution - gij test
FAIL: stringconst2 output - bytecode->native test
FAIL: stringconst2 -O3 output - source compiled test
FAIL: stringconst2 execution - gij test
FAIL: stringconst2 -O3 output - bytecode->native test
FAIL: stub execution - gij test
FAIL: stub execution - gij test
FAIL: test_long execution - gij test
FAIL: test_long execution - gij test
FAIL: tmi execution - gij test
FAIL: tmi execution - gij test
FAIL: tp execution - gij test
FAIL: tp execution - gij test
FAIL: update_outer execution - gij test
FAIL: update_outer execution - gij test
FAIL: utf8concat execution - gij test
FAIL: utf8concat execution - gij test
FAIL: utilTest execution - gij test
FAIL: utilTest execution - gij test
FAIL: verify execution - gij test
FAIL: verify execution - gij test
FAIL: /amnt/figaro/volumes/obj-gcc/gcc/obj.sol86/gcc-4.1.0-20050928/10-gcc-gas/i386-pc-solaris2.10/libjava/testsuite/TestEarlyGC.exe execution - /amnt/figaro/volumes/obj-gcc/gcc/obj.sol86/gcc-4.1.0-20050928/10-gcc-gas/i386-pc-solaris2.10/libjava/testsuite/TestEarlyGC.exe
FAIL: pr21115 run

		=== libjava Summary for unix/-m64 ===

# of expected passes		3159
# of unexpected failures	407
# of expected failures		10
# of untested testcases		411

		=== libjava Summary ===

# of expected passes		7057
# of unexpected failures	444
# of expected failures		19
# of untested testcases		454
		=== libstdc++ tests ===


Running target unix
FAIL: 23_containers/set/explicit_instantiation/1.cc (test for excess errors)
FAIL: ext/pb_assoc/example/tree_intervals.cc execution test

		=== libstdc++ Summary for unix ===

# of expected passes		1383
# of unexpected failures	2
# of expected failures		6
# of unsupported tests		27

Running target unix/-m64
XPASS: 27_io/fpos/14320-1.cc execution test

		=== libstdc++ Summary for unix/-m64 ===

# of expected passes		1385
# of unexpected successes	1
# of expected failures		5
# of unsupported tests		27

		=== libstdc++ Summary ===

# of expected passes		2768
# of unexpected failures	2
# of unexpected successes	1
# of expected failures		11
# of unsupported tests		54

Compiler version: 4.1.0 20050928 (experimental) 
Platform: i386-pc-solaris2.10
configure flags: --prefix=/vol/gcc --with-local-prefix=/vol/gcc --disable-nls --with-gnu-as --with-as=/usr/sfw/bin/gas --with-gmp-dir=/vol/gnu/obj/gmp-4.1.3 --with-mpfr-dir=/vol/gnu/obj/gmp-4.1.3/mpfr --disable-libmudflap --enable-languages=c,c++,fortran,java,objc
BOOT_CFLAGS=-g -O2


Index Nav: [Date Index] [Subject Index] [Author Index] [Thread Index]
Message Nav: [Date Prev] [Date Next] [Thread Prev] [Thread Next]