This is the mail archive of the gcc-testresults@gcc.gnu.org mailing list for the GCC project.


Index Nav: [Date Index] [Subject Index] [Author Index] [Thread Index]
Message Nav: [Date Prev] [Date Next] [Thread Prev] [Thread Next]
Other format: [Raw text]

Results for 4.0.2 (release) testsuite on s390x-ibm-linux-gnu


LAST_UPDATED: Wed Sep 28 19:20:11 UTC 2005

		=== acats tests ===
FAIL:	cxb4005
FAIL:	cxb5002

		=== acats Summary ===
# of expected passes		2318
# of unexpected failures	2
Native configuration is s390x-ibm-linux-gnu

		=== g++ tests ===


Running target unix
FAIL: g++.dg/abi/empty6.C  (test for warnings, line 6)
XPASS: g++.old-deja/g++.other/init5.C execution test

		=== g++ Summary ===

# of expected passes		11029
# of unexpected failures	1
# of unexpected successes	1
# of expected failures		68
# of unsupported tests		93
/build/BUILD/gcc-4.0.2/obj-s390x-redhat-linux/gcc/testsuite/../g++  version 4.0.2 (release)

		=== gcc tests ===


Running target unix
FAIL: gcc.dg/uninit-4.c uninitialized variable warning PR19833 (test for bogus messages, line 26)
XPASS: gcc.dg/tree-ssa/20040204-1.c scan-tree-dump-times link_error 0

		=== gcc Summary ===

# of expected passes		34410
# of unexpected failures	1
# of unexpected successes	1
# of expected failures		68
# of untested testcases		28
# of unsupported tests		500
/build/BUILD/gcc-4.0.2/obj-s390x-redhat-linux/gcc/xgcc  version 4.0.2 (release)

		=== gfortran tests ===


Running target unix
FAIL: gfortran.dg/namelist_14.f90 (test for excess errors)
WARNING: gfortran.dg/namelist_14.f90 compilation failed to produce executable

		=== gfortran Summary ===

# of expected passes		8186
# of unexpected failures	1
# of expected failures		1
# of unsupported tests		17
/build/BUILD/gcc-4.0.2/obj-s390x-redhat-linux/gcc/testsuite/../gfortran  version 4.0.2 (release)

		=== objc tests ===


Running target unix

		=== objc Summary ===

# of expected passes		1536
# of unsupported tests		10
/build/BUILD/gcc-4.0.2/obj-s390x-redhat-linux/gcc/xgcc  version 4.0.2 (release)

		=== libffi tests ===


Running target unix

		=== libffi Summary ===

# of expected passes		219
# of unsupported tests		2
		=== libjava tests ===


Running target unix

		=== libjava Summary ===

# of expected passes		3814
# of expected failures		14
# of untested testcases		16
		=== libmudflap tests ===


Running target unix

		=== libmudflap Summary ===

# of expected passes		1288
		=== libstdc++ tests ===


Running target unix
XPASS: 22_locale/locale/cons/12658_thread-1.cc execution test
XPASS: 26_numerics/cmath/c99_classification_macros_c.cc (test for excess errors)
XPASS: 27_io/fpos/14320-1.cc execution test

		=== libstdc++ Summary ===

# of expected passes		3668
# of unexpected successes	3
# of expected failures		11

Compiler version: 4.0.2 (release) 
Platform: s390x-ibm-linux-gnu
configure flags: --prefix=/usr --mandir=/usr/share/man --infodir=/usr/share/info --enable-shared --enable-threads=posix --enable-checking=release --with-system-zlib --enable-__cxa_atexit --disable-libunwind-exceptions --host=s390x-redhat-linux --enable-languages=c,ada,c++,f95,java,objc


Index Nav: [Date Index] [Subject Index] [Author Index] [Thread Index]
Message Nav: [Date Prev] [Date Next] [Thread Prev] [Thread Next]