This is the mail archive of the gcc-testresults@gcc.gnu.org mailing list for the GCC project.


Index Nav: [Date Index] [Subject Index] [Author Index] [Thread Index]
Message Nav: [Date Prev] [Date Next] [Thread Prev] [Thread Next]
Other format: [Raw text]

Results for 3.4.5 20050928 (prerelease) testsuite on i686-pc-linux-gnu


LAST_UPDATED: Wed Sep 28 06:46:38 UTC 2005

Native configuration is i686-pc-linux-gnu

		=== g++ tests ===


Running target unix
XPASS: g++.dg/rtti/tinfo1.C scan-assembler _ZTIP9CTemplateIhE:
XPASS: g++.dg/rtti/tinfo1.C scan-assembler-not .globl[ \\t]+_ZTIP9CTemplateIhE
WARNING: g++.old-deja/g++.mike/p10769a.C compilation failed to produce executable
WARNING: g++.old-deja/g++.other/enum5.C compilation failed to produce executable
WARNING: g++.old-deja/g++.pt/friend44.C compilation failed to produce executable

		=== g++ Summary ===

# of expected passes		9926
# of unexpected successes	2
# of expected failures		70
# of unsupported tests		43
/home/builder/nightly-build/build/i686/obj/upstream/gcc-3.4/gcc/testsuite/../g++  version 3.4.5 20050928 (prerelease)

		=== gcc tests ===


Running target unix
FAIL: gcc.c-torture/execute/va-arg-25.c execution,  -Os 
FAIL: gcc.dg/cleanup-8.c execution test
FAIL: gcc.dg/cleanup-9.c execution test

		=== gcc Summary ===

# of expected passes		25338
# of unexpected failures	3
# of expected failures		70
# of untested testcases		7
# of unsupported tests		211
/home/builder/nightly-build/build/i686/obj/upstream/gcc-3.4/gcc/xgcc version 3.4.5 20050928 (prerelease)

		=== libstdc++ tests ===


Running target unix
FAIL: abi_check
XPASS: 22_locale/locale/cons/12658_thread.cc execution test
XPASS: 26_numerics/c99_classification_macros_c.cc (test for excess errors)

		=== libstdc++ Summary ===

# of expected passes		2736
# of unexpected failures	1
# of unexpected successes	2
# of expected failures		5

Compiler version: 3.4.5 20050928 (prerelease) 
Platform: i686-pc-linux-gnu
configure flags: --prefix=/opt/toolchain/tot-20050928 --program-suffix=-3.4 --enable-languages=c,c++ --with-system-zlib --enable-nls --without-included-gettext
Counting all warnings,
there are 0 warnings in stage3 of this bootstrap.

Number of warnings per file:

Number of warning types:


Index Nav: [Date Index] [Subject Index] [Author Index] [Thread Index]
Message Nav: [Date Prev] [Date Next] [Thread Prev] [Thread Next]