This is the mail archive of the gcc-testresults@gcc.gnu.org mailing list for the GCC project.


Index Nav: [Date Index] [Subject Index] [Author Index] [Thread Index]
Message Nav: [Date Prev] [Date Next] [Thread Prev] [Thread Next]
Other format: [Raw text]

Results for 4.1.020050924(experimental) testsuite on x86_64-unknown-linux-gnu


LAST_UPDATED: Sat Sep 24 17:01:14 UTC 2005

Native configuration is x86_64-unknown-linux-gnu

		=== gcc tests ===


Running target unix
FAIL: gcc.dg/tree-ssa/loop-3.c scan-tree-dump-times step: 1

		=== gcc Summary ===

# of expected passes		37230
# of unexpected failures	1
# of expected failures		96
# of untested testcases		28
# of unsupported tests		457
/home/toon/compilers/snapshots/obj/gcc/xgcc  version 4.1.0 20050924 (experimental)

		=== gfortran tests ===


Running target unix

		=== gfortran Summary ===

# of expected passes		9491
# of expected failures		7
# of unsupported tests		16
/home/toon/compilers/snapshots/obj/gcc/testsuite/../gfortran  version 4.1.0 20050924 (experimental)

		=== libmudflap tests ===


Running target unix

		=== libmudflap Summary ===

# of expected passes		1680
# of unsupported tests		2

Compiler version: 4.1.020050924(experimental) 
Platform: x86_64-unknown-linux-gnu
configure flags: --prefix=/usr/snp --disable-nls --disable-multilib --enable-languages=c,fortran


Index Nav: [Date Index] [Subject Index] [Author Index] [Thread Index]
Message Nav: [Date Prev] [Date Next] [Thread Prev] [Thread Next]