This is the mail archive of the gcc-testresults@gcc.gnu.org mailing list for the GCC project.


Index Nav: [Date Index] [Subject Index] [Author Index] [Thread Index]
Message Nav: [Date Prev] [Date Next] [Thread Prev] [Thread Next]
Other format: [Raw text]

Results for 4.1.0 20050924 (experimental) testsuite on powerpc-apple-darwin8.2.0


LAST_UPDATED: Sat Sep 24 06:27:48 UTC 2005

Native configuration is powerpc-apple-darwin8.2.0

		=== g++ tests ===


Running target unix
FAIL: g++.dg/warn/huge-val1.C (test for excess errors)
FAIL: g++.dg/warn/weak1.C (test for excess errors)
WARNING: g++.dg/warn/weak1.C compilation failed to produce executable
FAIL: g++.dg/special/conpr-3.C execution test

		=== g++ Summary ===

# of expected passes		11286
# of unexpected failures	3
# of expected failures		67
# of unsupported tests		107
/Volumes/export/gcc/gcc-cvs/objdir/gcc/testsuite/../g++  version 4.1.0 20050924 (experimental)

		=== gcc tests ===


Running target unix
FAIL: gcc.c-torture/execute/20050713-1.c execution,  -Os 
FAIL: tmpdir-gcc.dg-struct-layout-1/t001 c_compat_x_tst.o-c_compat_y_tst.o execute 
FAIL: tmpdir-gcc.dg-struct-layout-1/t025 c_compat_x_tst.o-c_compat_y_tst.o execute 
FAIL: tmpdir-gcc.dg-struct-layout-1/t026 c_compat_x_tst.o-c_compat_y_tst.o execute 
FAIL: tmpdir-gcc.dg-struct-layout-1/t027 c_compat_x_tst.o-c_compat_y_tst.o execute 
FAIL: tmpdir-gcc.dg-struct-layout-1/t028 c_compat_x_tst.o-c_compat_y_tst.o execute 
FAIL: gcc.dg/builtins-18.c (test for excess errors)
FAIL: gcc.dg/builtins-20.c (test for excess errors)
FAIL: gcc.dg/darwin-longlong.c execution test
FAIL: gcc.dg/darwin-version-1.c (test for excess errors)
FAIL: gcc.dg/stabs-attrib-vect-darwin.c scan-assembler .stabs.*vi:\\\\(0,16\\\\)=@V
FAIL: gcc.dg/torture/builtin-convert-1.c  -O0  (test for excess errors)
FAIL: gcc.dg/torture/builtin-convert-1.c  -O1  (test for excess errors)
FAIL: gcc.dg/torture/builtin-convert-1.c  -O2  (test for excess errors)
FAIL: gcc.dg/torture/builtin-convert-1.c  -O3 -fomit-frame-pointer  (test for excess errors)
FAIL: gcc.dg/torture/builtin-convert-1.c  -O3 -g  (test for excess errors)
FAIL: gcc.dg/torture/builtin-convert-1.c  -Os  (test for excess errors)
FAIL: gcc.dg/torture/builtin-convert-2.c  -O0  (test for excess errors)
FAIL: gcc.dg/torture/builtin-convert-2.c  -O1  (test for excess errors)
FAIL: gcc.dg/torture/builtin-convert-2.c  -O2  (test for excess errors)
FAIL: gcc.dg/torture/builtin-convert-2.c  -O3 -fomit-frame-pointer  (test for excess errors)
FAIL: gcc.dg/torture/builtin-convert-2.c  -O3 -g  (test for excess errors)
FAIL: gcc.dg/torture/builtin-convert-2.c  -Os  (test for excess errors)
FAIL: gcc.dg/torture/builtin-convert-3.c  -O0  (test for excess errors)
FAIL: gcc.dg/torture/builtin-convert-3.c  -O1  (test for excess errors)
FAIL: gcc.dg/torture/builtin-convert-3.c  -O2  (test for excess errors)
FAIL: gcc.dg/torture/builtin-convert-3.c  -O3 -fomit-frame-pointer  (test for excess errors)
FAIL: gcc.dg/torture/builtin-convert-3.c  -O3 -g  (test for excess errors)
FAIL: gcc.dg/torture/builtin-convert-3.c  -Os  (test for excess errors)
FAIL: gcc.dg/torture/builtin-power-1.c  -O0  (test for excess errors)
FAIL: gcc.dg/torture/builtin-power-1.c  -O1  (test for excess errors)
FAIL: gcc.dg/torture/builtin-power-1.c  -O2  (test for excess errors)
FAIL: gcc.dg/torture/builtin-power-1.c  -O3 -fomit-frame-pointer  (test for excess errors)
FAIL: gcc.dg/torture/builtin-power-1.c  -O3 -g  (test for excess errors)
FAIL: gcc.dg/torture/builtin-power-1.c  -Os  (test for excess errors)

		=== gcc Summary ===

# of expected passes		37904
# of unexpected failures	35
# of expected failures		94
# of untested testcases		28
# of unsupported tests		495
/Volumes/export/gcc/gcc-cvs/objdir/gcc/xgcc  version 4.1.0 20050924 (experimental)

		=== libffi tests ===


Running target unix

		=== libffi Summary ===

# of expected passes		257
# of unsupported tests		2
		=== libjava tests ===


Running target unix
FAIL: Array_3 -O3 execution - bytecode->native test
XPASS: gnu.testlet.java.awt.AWTKeyStroke.getAWTKeyStroke: (String) (number 2)
XPASS: gnu.testlet.java.awt.AWTKeyStroke.getAWTKeyStroke: (String) (number 3)
XPASS: gnu.testlet.java.awt.AWTKeyStroke.getAWTKeyStroke: (String) (number 4)
FAIL: gnu.testlet.java.awt.Component.clickModifiers (number 1)
FAIL: gnu.testlet.java.awt.Component.update: 192b846 (number 1)
FAIL: Compile gnu/testlet/java/awt/Event/MouseEvent/modifiers.lo for gnu.testlet.java.awt.Event.MouseEvent.modifiers
FAIL: Compile gnu/testlet/java/awt/Event/MouseEvent/modifiersEx.lo for gnu.testlet.java.awt.Event.MouseEvent.modifiersEx
FAIL: gnu.testlet.java.awt.Font.decode (number 1)
FAIL: gnu.testlet.java.awt.Font.decode (number 4)
FAIL: gnu.testlet.java.awt.Font.decode (number 7)
FAIL: gnu.testlet.java.awt.Font.decode (number 10)
FAIL: gnu.testlet.java.awt.Font.decode (number 13)
FAIL: gnu.testlet.java.awt.Font.decode (number 16)
FAIL: gnu.testlet.java.awt.Font.decode (number 19)
FAIL: gnu.testlet.java.awt.Font.decode (number 22)
FAIL: gnu.testlet.java.awt.Font.serialization (number 1)
FAIL: gnu.testlet.java.awt.Frame.isDisplayable1 (number 4)
FAIL: gnu.testlet.java.awt.Frame.size1 (number 1)
FAIL: gnu.testlet.java.awt.Frame.size1 (number 2)
FAIL: gnu.testlet.java.awt.Frame.size1 (number 3)
FAIL: gnu.testlet.java.awt.Frame.size1 (number 4)
FAIL: gnu.testlet.java.awt.Frame.size1 (number 5)
FAIL: gnu.testlet.java.awt.Frame.size1 (number 6)
FAIL: gnu.testlet.java.awt.Frame.size1 (number 7)
FAIL: gnu.testlet.java.awt.Frame.size1 (number 8)
FAIL: gnu.testlet.java.awt.Robot.createScreenCapture (number 1)
FAIL: gnu.testlet.java.awt.Robot.getPixelColor (number 1)
FAIL: gnu.testlet.java.awt.Robot.mouseMove (number 1)
FAIL: gnu.testlet.java.awt.Robot.mouseWheel (number 1)
FAIL: gnu.testlet.java.awt.Robot.mouseWheel (number 2)
FAIL: gnu.testlet.java.awt.Window.pack1 (number 1)
FAIL: gnu.testlet.java.awt.Window.pack1 (number 2)
FAIL: gnu.testlet.java.awt.Window.pack1 (number 3)
FAIL: gnu.testlet.java.awt.Window.pack1 (number 4)
FAIL: gnu.testlet.java.awt.Window.pack1 (number 5)
FAIL: gnu.testlet.java.awt.Window.pack1 (number 6)
FAIL: gnu.testlet.java.awt.Window.pack1 (number 7)
FAIL: gnu.testlet.java.awt.Window.pack1 (number 8)
FAIL: gnu.testlet.java.awt.image.BandedSampleModel.constructors: (int, int, int, int) (number 10)
FAIL: gnu.testlet.java.awt.image.BandedSampleModel.constructors: (int, int, int, int, int[], int[]) (number 13)
FAIL: gnu.testlet.java.awt.image.BandedSampleModel.createCompatibleSampleModel: uncaught exception: java.lang.ArrayIndexOutOfBoundsException: 3
FAIL: gnu.testlet.java.awt.image.BandedSampleModel.createDataBuffer (number 6)
FAIL: gnu.testlet.java.awt.image.BandedSampleModel.getDataElements (number 3)
FAIL: gnu.testlet.java.awt.image.BandedSampleModel.getPixels (number 6)
FAIL: gnu.testlet.java.awt.image.BandedSampleModel.getSamples (number 5)
FAIL: gnu.testlet.java.awt.image.BandedSampleModel.hashCode (number 1)
FAIL: gnu.testlet.java.awt.image.BandedSampleModel.setSamples (number 13)
FAIL: gnu.testlet.java.awt.image.BandedSampleModel.setSamples (number 14)
FAIL: gnu.testlet.java.awt.image.ColorModel.getComponentSize: () (number 5)
FAIL: gnu.testlet.java.awt.image.ColorModel.getComponentSize: (int) (number 4)
FAIL: gnu.testlet.java.awt.image.ColorModel.getRGBdefault (number 8)
FAIL: gnu.testlet.java.awt.image.DirectColorModel.constructors: (ColorSpace, int, int, int, int, int, boolean, int) (number 3)
FAIL: gnu.testlet.java.awt.image.DirectColorModel.constructors: DirectColorModel(int, int, int, int, int) (number 16)
FAIL: gnu.testlet.java.awt.image.IndexColorModel.getComponentSize (number 29)
FAIL: gnu.testlet.java.awt.image.SinglePixelPackedSampleModel.getDataElements: uncaught exception at "(int, int, Object, DataBuffer(Byte))" number 5: java.lang.ArrayStoreException
FAIL: gnu.testlet.java.beans.Beans.instantiate_1: Private constructor 1 (number 1)
FAIL: gnu.testlet.java.io.ObjectInputStream.registerValidation: uncaught exception: java.lang.NullPointerException
FAIL: gnu.testlet.java.io.Serializable.BreakMe (number 1)
FAIL: gnu.testlet.java.io.Serializable.ParentReadResolve (number 1)
FAIL: gnu.testlet.java.io.Serializable.ParentWriteReplace (number 1)
FAIL: gnu.testlet.java.lang.Class.newInstance (number 10)
FAIL: gnu.testlet.java.lang.Class.newInstance (number 12)
FAIL: gnu.testlet.java.lang.Class.newInstance (number 14)
FAIL: gnu.testlet.java.lang.Class.newInstance (number 15)
FAIL: gnu.testlet.java.lang.ClassLoader.findLoadedClass: Class.forName (number 2)
FAIL: gnu.testlet.java.lang.ClassLoader.findLoadedClass: no redefine (number 3)
FAIL: gnu.testlet.java.lang.InheritableThreadLocal.simple: Child value in new thread (number 1)
FAIL: gnu.testlet.java.lang.Math.sin (number 1)
FAIL: gnu.testlet.java.lang.String.StringTest: Error : test_Basics failed - 20 (number 1)
FAIL: gnu.testlet.java.lang.String.StringTest: uncaught exception at "Error : test_Basics failed - 20" number 2: java.lang.NullPointerException
FAIL: gnu.testlet.java.net.DatagramPacket.DatagramPacketOffset: DatagramPacket Offset Test java.io.IOException: Invalid argument (number 1)
FAIL: gnu.testlet.java.net.DatagramSocket.DatagramSocketTest: Error : test_Basics failed - 5 Not able to create a socket  (number 1)
FAIL: gnu.testlet.java.net.DatagramSocket.DatagramSocketTest2: invalid_receive_data: test 1 - Should NOT throw Exception (number 1)
FAIL: gnu.testlet.java.net.DatagramSocket.DatagramSocketTest2: invalid_send_addr: test 1 - Should NOT throw Exception (number 1)
FAIL: gnu.testlet.java.net.DatagramSocket.DatagramSocketTest2: invalid_send_port: test 1 - Should NOT throw Exception (number 1)
FAIL: gnu.testlet.java.net.DatagramSocket.DatagramSocketTest2: invalid_send_data: test 1 - Should NOT throw Exception (number 1)
FAIL: gnu.testlet.java.net.MulticastSocket.MulticastSocketTest: could not create SECOND multicast socket on shared port 1234 (number 1)
FAIL: gnu.testlet.java.net.NetworkInterface.getByName: - 1 - NullPointerException expected (number 1)
FAIL: gnu.testlet.java.net.NetworkInterface.getByName: - 2 - no exeption expected (number 1)
FAIL: gnu.testlet.java.net.NetworkInterface.getByName: - 3 - no exeption expected (number 1)
FAIL: gnu.testlet.java.net.ServerSocket.CORBA: getLocalPort, closed, -1 (number 1)
FAIL: gnu.testlet.java.net.ServerSocket.ServerSocketTest: test_close (number 3)
FAIL: gnu.testlet.java.net.ServerSocket.ServerSocketTest: test_close (number 5)
FAIL: gnu.testlet.java.net.ServerSocket.ServerSocketTest: test_close (number 6)
FAIL: gnu.testlet.java.net.ServerSocket.ServerSocketTest: test_close (number 7)
FAIL: gnu.testlet.java.net.URLConnection.Jar: jar: URL with missing entry (number 1)
FAIL: gnu.testlet.java.nio.channels.FileChannel.lock: mauve.vmexec system property NOT SET! (number 1)
FAIL: gnu.testlet.java.nio.channels.FileChannel.lock: FileOutputStream lock(129, 2050, true) (number 1)
FAIL: gnu.testlet.java.nio.channels.FileChannel.lock: FileInputStream lock() (number 1)
FAIL: gnu.testlet.java.nio.channels.FileChannel.lock: RandomAccessFile(r) lock() (number 1)
FAIL: gnu.testlet.java.nio.channels.FileChannel.manyopen: Unexpected exception at nr 153: java.io.FileNotFoundException: /tmp/mauve-many.153.out (Too many open files) (number 1)
FAIL: gnu.testlet.java.nio.channels.FileChannel.map (number 1)
FAIL: gnu.testlet.java.nio.charset.Charset.encode: Wrong capacity in byte buffer (number 1)
FAIL: gnu.testlet.java.text.AttributedString.addAttribute: addAttribute(AttributedCharacterIterator.Attribute, Object); (number 3)
FAIL: gnu.testlet.java.text.AttributedString.addAttribute: addAttribute(AttributedCharacterIterator.Attribute, Object, int, int); (number 1)
FAIL: gnu.testlet.java.text.AttributedString.addAttribute: addAttribute(AttributedCharacterIterator.Attribute, Object, int, int); (number 2)
FAIL: gnu.testlet.java.text.AttributedString.addAttribute: addAttribute(AttributedCharacterIterator.Attribute, Object, int, int); (number 7)
FAIL: gnu.testlet.java.text.AttributedString.addAttributes: addAttributes(Map, int, int) (number 1)
FAIL: gnu.testlet.java.text.AttributedString.addAttributes: addAttributes(Map, int, int) (number 2)
FAIL: gnu.testlet.java.text.AttributedString.addAttributes: addAttributes(Map, int, int) (number 5)
FAIL: gnu.testlet.java.text.AttributedString.addAttributes: uncaught exception at "addAttributes(Map, int, int)" number 7: java.lang.IllegalArgumentException: null attribute
FAIL: gnu.testlet.java.text.DateFormat.equals (number 6)
FAIL: gnu.testlet.java.text.DateFormat.equals (number 8)
FAIL: gnu.testlet.java.text.DateFormat.equals (number 10)
FAIL: gnu.testlet.java.text.DateFormat.equals (number 12)
FAIL: gnu.testlet.java.text.DecimalFormat.applyPattern: negativePrefix (number 1)
FAIL: gnu.testlet.java.text.DecimalFormat.applyPattern: minimumFractionDigits (number 4)
FAIL: gnu.testlet.java.text.DecimalFormat.applyPattern: minimumFractionDigits (number 5)
FAIL: gnu.testlet.java.text.DecimalFormat.constructors: DecimalFormat(); (number 2)
FAIL: gnu.testlet.java.text.DecimalFormat.constructors: DecimalFormat(); (number 4)
FAIL: gnu.testlet.java.text.DecimalFormat.equals (number 29)
FAIL: gnu.testlet.java.text.DecimalFormat.format: DecimalFormat rounding (number 2)
FAIL: gnu.testlet.java.text.DecimalFormat.formatToCharacterIterator: uncaught exception: java.lang.IllegalArgumentException: Cannot format given Object as a Number
FAIL: gnu.testlet.java.text.DecimalFormat.getCurrency: uncaught exception: java.lang.IllegalArgumentException: The currency code, GBP, is not supported.
FAIL: gnu.testlet.java.text.DecimalFormat.setCurrency: uncaught exception: java.lang.IllegalArgumentException: The currency code, NZD, is not supported.
FAIL: gnu.testlet.java.text.DecimalFormat.toLocalizedPattern (number 1)
FAIL: gnu.testlet.java.text.DecimalFormat.toPattern (number 1)
FAIL: gnu.testlet.java.text.MessageFormat.format14: uncaught exception at "number" number 3: java.lang.IllegalArgumentException: The currency code, \$, is not supported.
FAIL: gnu.testlet.java.text.NumberFormat.UK: uncaught exception at "Double-based fraction formatting with integer number format (123,457)." number 2: java.lang.IllegalArgumentException: The currency code, ?, is not supported.
FAIL: gnu.testlet.java.text.SimpleDateFormat.Localization: German locale, German pattern characters in pattern. (number 1)
FAIL: gnu.testlet.java.text.SimpleDateFormat.applyLocalizedPattern: uncaught exception: java.lang.ClassCastException: java.lang.String cannot be cast to [Ljava.lang.String;
FAIL: gnu.testlet.java.text.SimpleDateFormat.applyPattern: uncaught exception: java.lang.ClassCastException: java.lang.String cannot be cast to [Ljava.lang.String;
FAIL: gnu.testlet.java.text.SimpleDateFormat.constructors: uncaught exception at "SimpleDateFormat(String, DateFormatSymbols)" number 1: java.lang.ClassCastException: java.lang.String cannot be cast to [Ljava.lang.String;
FAIL: gnu.testlet.java.text.SimpleDateFormat.parse: parse pattern MMM dd, yyyy (number 1)
FAIL: gnu.testlet.java.text.SimpleDateFormat.parse: Bug 13058 (number 1)
FAIL: gnu.testlet.java.text.SimpleDateFormat.regress: quoting 1 (number 1)
FAIL: gnu.testlet.java.text.SimpleDateFormat.regress: quoting 2 (number 1)
FAIL: gnu.testlet.java.text.SimpleDateFormat.toLocalizedPattern: uncaught exception: java.lang.ClassCastException: java.lang.String cannot be cast to [Ljava.lang.String;
FAIL: gnu.testlet.java.text.SimpleDateFormat.toPattern: uncaught exception: java.lang.ClassCastException: java.lang.String cannot be cast to [Ljava.lang.String;
FAIL: gnu.testlet.java.util.Calendar.set: test setting conflicting values of different fields (number 4)
FAIL: gnu.testlet.java.util.Calendar.set: test setting conflicting values of different fields (number 5)
FAIL: gnu.testlet.java.util.Currency.Canada: uncaught exception at "Currency symbol retrieval check (\$)." number 2: java.lang.IllegalArgumentException: The currency code, \$, is not supported.
FAIL: gnu.testlet.java.util.Currency.CanadaFrench: uncaught exception at "Currency symbol retrieval check (\$)." number 2: java.lang.IllegalArgumentException: The currency code, \$, is not supported.
FAIL: gnu.testlet.java.util.Currency.China: uncaught exception at "Currency symbol retrieval check (?)." number 2: java.lang.IllegalArgumentException: The currency code, ?, is not supported.
FAIL: gnu.testlet.java.util.Currency.Constructors: uncaught exception: java.lang.IllegalArgumentException: The currency code, null, is not supported.
FAIL: gnu.testlet.java.util.Currency.France: uncaught exception at "Euro currency symbol retrieval check (F)." number 2: java.lang.IllegalArgumentException: The currency code, F, is not supported.
FAIL: gnu.testlet.java.util.Currency.Germany: uncaught exception at "Euro currency symbol retrieval check (DM)." number 2: java.lang.IllegalArgumentException: The currency code, DM, is not supported.
FAIL: gnu.testlet.java.util.Currency.Italy: uncaught exception at "Euro currency symbol retrieval check (L.)." number 2: java.lang.IllegalArgumentException: The currency code, L., is not supported.
FAIL: gnu.testlet.java.util.Currency.Japan: uncaught exception at "Currency symbol retrieval check (?)." number 2: java.lang.IllegalArgumentException: The currency code, ?, is not supported.
FAIL: gnu.testlet.java.util.Currency.Korea: uncaught exception at "Currency symbol retrieval check (?)." number 2: java.lang.IllegalArgumentException: The currency code, ?, is not supported.
FAIL: gnu.testlet.java.util.Currency.PRC: uncaught exception at "Currency symbol retrieval check (?)." number 2: java.lang.IllegalArgumentException: The currency code, ?, is not supported.
FAIL: gnu.testlet.java.util.Currency.ReferenceEquality: uncaught exception at "Reference equality for currencies (UK) check." number 2: java.lang.IllegalArgumentException: The currency code, GBP, is not supported.
FAIL: gnu.testlet.java.util.Currency.Taiwan: uncaught exception at "Currency symbol retrieval check (NT\$)." number 2: java.lang.IllegalArgumentException: The currency code, NT\$, is not supported.
FAIL: gnu.testlet.java.util.Currency.UK: uncaught exception at "Currency symbol retrieval check (?)." number 2: java.lang.IllegalArgumentException: The currency code, ?, is not supported.
FAIL: gnu.testlet.java.util.Currency.US: Currency symbol retrieval check (USD). (number 1)
FAIL: gnu.testlet.java.util.Currency.US: Non local currency symbol retrieval check (USD). (number 1)
FAIL: gnu.testlet.java.util.Currency.US: uncaught exception at "Non local currency symbol retrieval check (USD)." number 2: java.lang.IllegalArgumentException: The currency code, \$, is not supported.
FAIL: gnu.testlet.java.util.GregorianCalendar.equals (number 5)
FAIL: gnu.testlet.java.util.GregorianCalendar.equals (number 7)
FAIL: gnu.testlet.java.util.GregorianCalendar.equals (number 9)
FAIL: gnu.testlet.java.util.GregorianCalendar.equals (number 11)
FAIL: gnu.testlet.java.util.GregorianCalendar.equals (number 13)
FAIL: gnu.testlet.java.util.StringTokenizer.constructors: StringTokenizer(String, String) (number 7)
FAIL: gnu.testlet.java.util.Vector.VectorSerialization: Caught an unexpected exception (number 1)
FAIL: gnu.testlet.javax.swing.AbstractAction.constructors: AbstractAction() (number 6)
FAIL: Link for gnu.testlet.javax.swing.JCheckBoxMenuItem.getActionCommand
FAIL: gnu.testlet.javax.swing.JFrame.paint5: north: default color must be black (number 1)
FAIL: gnu.testlet.javax.swing.JFrame.paint5: south: default color must be black (number 1)
FAIL: gnu.testlet.javax.swing.JFrame.paint5: east: default color must be black (number 1)
FAIL: gnu.testlet.javax.swing.JFrame.paint5: west: default color must be black (number 1)
FAIL: gnu.testlet.javax.swing.JLabel.Mnemonic (number 4)
FAIL: gnu.testlet.javax.swing.JLabel.Mnemonic (number 7)
FAIL: gnu.testlet.javax.swing.JLabel.Mnemonic (number 9)
FAIL: gnu.testlet.javax.swing.JLabel.Mnemonic (number 11)
FAIL: Link for gnu.testlet.javax.swing.JMenuItem.constructors
FAIL: gnu.testlet.javax.swing.JPanel.Layouter (number 1)
FAIL: gnu.testlet.javax.swing.JProgressBar.constructors: JProgressBar(BoundedRangeModel) (number 7)
FAIL: Link for gnu.testlet.javax.swing.JRadioButtonMenuItem.getActionCommand
FAIL: gnu.testlet.javax.swing.JTable.constructors: JTable(Object[][], Object[]) (number 1)
FAIL: gnu.testlet.javax.swing.JTable.constructors: JTable(Object[][], Object[]) (number 2)
FAIL: gnu.testlet.javax.swing.JTextArea.gettingText: mark, 1 > dot, 0 when setting [1..0] (number 1)
FAIL: gnu.testlet.javax.swing.JTextArea.gettingText: getSelectedText [1,2] (number 1)
FAIL: gnu.testlet.javax.swing.JTextArea.text: getSelectedText (number 1)
FAIL: gnu.testlet.javax.swing.JTextField.getActions: number of actions (number 1)
FAIL: gnu.testlet.javax.swing.JTextField.getActions: caret-begin-line (number 1)
FAIL: gnu.testlet.javax.swing.JTextField.getActions: caret-end-line (number 1)
FAIL: gnu.testlet.javax.swing.JTextField.getActions: caret-next-word (number 1)
FAIL: gnu.testlet.javax.swing.JTextField.getActions: caret-previous-word (number 1)
FAIL: gnu.testlet.javax.swing.JTextField.getActions: select-all (number 1)
FAIL: gnu.testlet.javax.swing.JTextField.getActions: selection-begin (number 1)
FAIL: gnu.testlet.javax.swing.JTextField.getActions: selection-begin-line (number 1)
FAIL: gnu.testlet.javax.swing.JTextField.getActions: selection-begin-word (number 1)
FAIL: gnu.testlet.javax.swing.JTextField.getActions: selection-end (number 1)
FAIL: gnu.testlet.javax.swing.JTextField.getActions: selection-end-line (number 1)
FAIL: gnu.testlet.javax.swing.JTextField.getActions: selection-end-word (number 1)
FAIL: gnu.testlet.javax.swing.JTextField.getActions: selection-next-word (number 1)
FAIL: gnu.testlet.javax.swing.JTextField.getActions: selection-previous-word (number 1)
FAIL: gnu.testlet.javax.swing.JTextField.getActions: toggle-componentOrientation (number 1)
FAIL: gnu.testlet.javax.swing.JTextField.getActions: unselect (number 1)
FAIL: gnu.testlet.javax.swing.JTextField.getActions: caret-begin (number 1)
FAIL: gnu.testlet.javax.swing.JTextField.getActions: caret-begin-paragraph (number 1)
FAIL: gnu.testlet.javax.swing.JTextField.getActions: caret-begin-word (number 1)
FAIL: gnu.testlet.javax.swing.JTextField.getActions: caret-down (number 1)
FAIL: gnu.testlet.javax.swing.JTextField.getActions: caret-end (number 1)
FAIL: gnu.testlet.javax.swing.JTextField.getActions: caret-end-paragraph (number 1)
FAIL: gnu.testlet.javax.swing.JTextField.getActions: caret-end-word (number 1)
FAIL: gnu.testlet.javax.swing.JTextField.getActions: caret-up (number 1)
FAIL: gnu.testlet.javax.swing.JTextField.getActions: dump-model (number 1)
FAIL: gnu.testlet.javax.swing.JTextField.getActions: page-down (number 1)
FAIL: gnu.testlet.javax.swing.JTextField.getActions: page-up (number 1)
FAIL: gnu.testlet.javax.swing.JTextField.getActions: selection-begin-paragraph (number 1)
FAIL: gnu.testlet.javax.swing.JTextField.getActions: selection-down (number 1)
FAIL: gnu.testlet.javax.swing.JTextField.getActions: selection-end-paragraph (number 1)
FAIL: gnu.testlet.javax.swing.JTextField.getActions: selection-page-down (number 1)
FAIL: gnu.testlet.javax.swing.JTextField.getActions: selection-page-left (number 1)
FAIL: gnu.testlet.javax.swing.JTextField.getActions: selection-page-right (number 1)
FAIL: gnu.testlet.javax.swing.JTextField.getActions: selection-page-up (number 1)
FAIL: gnu.testlet.javax.swing.JTextField.getActions: selection-up (number 1)
FAIL: gnu.testlet.javax.swing.JTextField.getActions: select-line (number 1)
FAIL: gnu.testlet.javax.swing.JTextField.getActions: select-paragraph (number 1)
FAIL: gnu.testlet.javax.swing.JTextField.getActions: select-word (number 1)
FAIL: gnu.testlet.javax.swing.JTextField.getActions: set-read-only (number 1)
FAIL: gnu.testlet.javax.swing.JTextField.getActions: set-writable (number 1)
FAIL: Link for gnu.testlet.javax.swing.UIManager.addAuxiliaryLookAndFeel
FAIL: Link for gnu.testlet.javax.swing.UIManager.getAuxiliaryLookAndFeels
FAIL: Link for gnu.testlet.javax.swing.UIManager.setLookAndFeel
FAIL: gnu.testlet.javax.swing.plaf.basic.BasicArrowButton.getMaximumSize (number 1)
FAIL: gnu.testlet.javax.swing.plaf.basic.BasicArrowButton.getMaximumSize (number 2)
FAIL: gnu.testlet.javax.swing.plaf.basic.BasicArrowButton.getMinimumSize (number 1)
FAIL: gnu.testlet.javax.swing.plaf.basic.BasicArrowButton.getMinimumSize (number 2)
FAIL: Compile gnu/testlet/javax/swing/plaf/basic/BasicButtonUI/getPropertyPrefix.lo for gnu.testlet.javax.swing.plaf.basic.BasicButtonUI.getPropertyPrefix
FAIL: Compile gnu/testlet/javax/swing/plaf/basic/BasicCheckBoxMenuItemUI/getPropertyPrefix.lo for gnu.testlet.javax.swing.plaf.basic.BasicCheckBoxMenuItemUI.getPropertyPrefix
FAIL: gnu.testlet.javax.swing.plaf.basic.BasicLookAndFeel.initComponentDefaults: AuditoryCues (number 1)
FAIL: gnu.testlet.javax.swing.plaf.basic.BasicLookAndFeel.initComponentDefaults: AuditoryCues (number 2)
FAIL: gnu.testlet.javax.swing.plaf.basic.BasicLookAndFeel.initComponentDefaults: AuditoryCues (number 3)
FAIL: gnu.testlet.javax.swing.plaf.basic.BasicLookAndFeel.initComponentDefaults: Button (number 3)
FAIL: gnu.testlet.javax.swing.plaf.basic.BasicLookAndFeel.initComponentDefaults: Button (number 5)
FAIL: gnu.testlet.javax.swing.plaf.basic.BasicLookAndFeel.initComponentDefaults: CheckBox (number 1)
FAIL: gnu.testlet.javax.swing.plaf.basic.BasicLookAndFeel.initComponentDefaults: CheckBox (number 2)
FAIL: gnu.testlet.javax.swing.plaf.basic.BasicLookAndFeel.initComponentDefaults: CheckBox (number 3)
FAIL: gnu.testlet.javax.swing.plaf.basic.BasicLookAndFeel.initComponentDefaults: ColorChooser (number 3)
FAIL: gnu.testlet.javax.swing.plaf.basic.BasicLookAndFeel.initComponentDefaults: ColorChooser (number 4)
FAIL: gnu.testlet.javax.swing.plaf.basic.BasicLookAndFeel.initComponentDefaults: ComboBox (number 1)
FAIL: gnu.testlet.javax.swing.plaf.basic.BasicLookAndFeel.initComponentDefaults: Desktop (number 1)
FAIL: gnu.testlet.javax.swing.plaf.basic.BasicLookAndFeel.initComponentDefaults: FileChooser (number 1)
FAIL: gnu.testlet.javax.swing.plaf.basic.BasicLookAndFeel.initComponentDefaults: FileChooser (number 3)
FAIL: gnu.testlet.javax.swing.plaf.basic.BasicLookAndFeel.initComponentDefaults: FormattedTextField (number 1)
FAIL: gnu.testlet.javax.swing.plaf.basic.BasicLookAndFeel.initComponentDefaults: FormattedTextField (number 2)
FAIL: gnu.testlet.javax.swing.plaf.basic.BasicLookAndFeel.initComponentDefaults: FormattedTextField (number 3)
FAIL: gnu.testlet.javax.swing.plaf.basic.BasicLookAndFeel.initComponentDefaults: FormattedTextField (number 4)
FAIL: gnu.testlet.javax.swing.plaf.basic.BasicLookAndFeel.initComponentDefaults: FormattedTextField (number 5)
FAIL: gnu.testlet.javax.swing.plaf.basic.BasicLookAndFeel.initComponentDefaults: List (number 1)
FAIL: gnu.testlet.javax.swing.plaf.basic.BasicLookAndFeel.initComponentDefaults: List (number 3)
FAIL: gnu.testlet.javax.swing.plaf.basic.BasicLookAndFeel.initComponentDefaults: List (number 4)
FAIL: gnu.testlet.javax.swing.plaf.basic.BasicLookAndFeel.initComponentDefaults: List (number 5)
FAIL: gnu.testlet.javax.swing.plaf.basic.BasicLookAndFeel.initComponentDefaults: Menu (number 6)
FAIL: gnu.testlet.javax.swing.plaf.basic.BasicLookAndFeel.initComponentDefaults: Menu (number 9)
FAIL: gnu.testlet.javax.swing.plaf.basic.BasicLookAndFeel.initComponentDefaults: Menu (number 10)
FAIL: gnu.testlet.javax.swing.plaf.basic.BasicLookAndFeel.initComponentDefaults: Menu (number 12)
FAIL: gnu.testlet.javax.swing.plaf.basic.BasicLookAndFeel.initComponentDefaults: Menu (number 13)
FAIL: gnu.testlet.javax.swing.plaf.basic.BasicLookAndFeel.initComponentDefaults: Menu (number 14)
FAIL: gnu.testlet.javax.swing.plaf.basic.BasicLookAndFeel.initComponentDefaults: MenuItem (number 1)
FAIL: gnu.testlet.javax.swing.plaf.basic.BasicLookAndFeel.initComponentDefaults: OptionPane (number 3)
FAIL: gnu.testlet.javax.swing.plaf.basic.BasicLookAndFeel.initComponentDefaults: PasswordField (number 3)
FAIL: gnu.testlet.javax.swing.plaf.basic.BasicLookAndFeel.initComponentDefaults: PopupMenu (number 1)
FAIL: gnu.testlet.javax.swing.plaf.basic.BasicLookAndFeel.initComponentDefaults: PopupMenu (number 3)
FAIL: gnu.testlet.javax.swing.plaf.basic.BasicLookAndFeel.initComponentDefaults: PopupMenu (number 4)
FAIL: gnu.testlet.javax.swing.plaf.basic.BasicLookAndFeel.initComponentDefaults: ProgressBar (number 4)
FAIL: gnu.testlet.javax.swing.plaf.basic.BasicLookAndFeel.initComponentDefaults: ProgressBar (number 6)
FAIL: gnu.testlet.javax.swing.plaf.basic.BasicLookAndFeel.initComponentDefaults: RadioButton (number 2)
FAIL: gnu.testlet.javax.swing.plaf.basic.BasicLookAndFeel.initComponentDefaults: ScrollBar (number 3)
FAIL: gnu.testlet.javax.swing.plaf.basic.BasicLookAndFeel.initComponentDefaults: ScrollBar (number 6)
FAIL: gnu.testlet.javax.swing.plaf.basic.BasicLookAndFeel.initComponentDefaults: ScrollBar (number 7)
FAIL: gnu.testlet.javax.swing.plaf.basic.BasicLookAndFeel.initComponentDefaults: ScrollBar (number 8)
FAIL: gnu.testlet.javax.swing.plaf.basic.BasicLookAndFeel.initComponentDefaults: ScrollBar (number 9)
FAIL: gnu.testlet.javax.swing.plaf.basic.BasicLookAndFeel.initComponentDefaults: Slider (number 25)
FAIL: gnu.testlet.javax.swing.plaf.basic.BasicLookAndFeel.initComponentDefaults: Slider (number 26)
FAIL: gnu.testlet.javax.swing.plaf.basic.BasicLookAndFeel.initComponentDefaults: Slider (number 27)
FAIL: gnu.testlet.javax.swing.plaf.basic.BasicLookAndFeel.initComponentDefaults: Slider (number 28)
FAIL: gnu.testlet.javax.swing.plaf.basic.BasicLookAndFeel.initComponentDefaults: Slider (number 29)
FAIL: gnu.testlet.javax.swing.plaf.basic.BasicLookAndFeel.initComponentDefaults: Slider (number 30)
FAIL: gnu.testlet.javax.swing.plaf.basic.BasicLookAndFeel.initComponentDefaults: Slider (number 31)
FAIL: gnu.testlet.javax.swing.plaf.basic.BasicLookAndFeel.initComponentDefaults: Slider (number 32)
FAIL: gnu.testlet.javax.swing.plaf.basic.BasicLookAndFeel.initComponentDefaults: Spinner (number 1)
FAIL: gnu.testlet.javax.swing.plaf.basic.BasicLookAndFeel.initComponentDefaults: Spinner (number 2)
FAIL: gnu.testlet.javax.swing.plaf.basic.BasicLookAndFeel.initComponentDefaults: Spinner (number 3)
FAIL: gnu.testlet.javax.swing.plaf.basic.BasicLookAndFeel.initComponentDefaults: Spinner (number 4)
FAIL: gnu.testlet.javax.swing.plaf.basic.BasicLookAndFeel.initComponentDefaults: Spinner (number 5)
FAIL: gnu.testlet.javax.swing.plaf.basic.BasicLookAndFeel.initComponentDefaults: SplitPane (number 1)
FAIL: gnu.testlet.javax.swing.plaf.basic.BasicLookAndFeel.initComponentDefaults: SplitPane (number 3)
FAIL: gnu.testlet.javax.swing.plaf.basic.BasicLookAndFeel.initComponentDefaults: SplitPaneDivider (number 1)
FAIL: gnu.testlet.javax.swing.plaf.basic.BasicLookAndFeel.initComponentDefaults: TabbedPane (number 1)
FAIL: gnu.testlet.javax.swing.plaf.basic.BasicLookAndFeel.initComponentDefaults: TabbedPane (number 3)
FAIL: gnu.testlet.javax.swing.plaf.basic.BasicLookAndFeel.initComponentDefaults: TabbedPane (number 6)
FAIL: gnu.testlet.javax.swing.plaf.basic.BasicLookAndFeel.initComponentDefaults: TabbedPane (number 7)
FAIL: gnu.testlet.javax.swing.plaf.basic.BasicLookAndFeel.initComponentDefaults: Table (number 1)
FAIL: gnu.testlet.javax.swing.plaf.basic.BasicLookAndFeel.initComponentDefaults: Table (number 2)
FAIL: gnu.testlet.javax.swing.plaf.basic.BasicLookAndFeel.initComponentDefaults: TableHeader (number 1)
FAIL: gnu.testlet.javax.swing.plaf.basic.BasicLookAndFeel.initComponentDefaults: ToggleButton (number 2)
FAIL: gnu.testlet.javax.swing.plaf.basic.BasicLookAndFeel.initComponentDefaults: ToolBar (number 1)
FAIL: gnu.testlet.javax.swing.plaf.basic.BasicLookAndFeel.initComponentDefaults: ToolBar (number 6)
FAIL: gnu.testlet.javax.swing.plaf.basic.BasicLookAndFeel.initComponentDefaults: Tree (number 1)
FAIL: gnu.testlet.javax.swing.plaf.basic.BasicLookAndFeel.initComponentDefaults: Tree (number 5)
FAIL: gnu.testlet.javax.swing.plaf.basic.BasicLookAndFeel.initComponentDefaults: Tree (number 6)
FAIL: gnu.testlet.javax.swing.plaf.basic.BasicLookAndFeel.initComponentDefaults: Tree (number 7)
FAIL: gnu.testlet.javax.swing.plaf.basic.BasicLookAndFeel.initComponentDefaults: Tree (number 11)
FAIL: Link for gnu.testlet.javax.swing.plaf.basic.BasicLookAndFeel.initSystemColorDefaults
FAIL: Compile gnu/testlet/javax/swing/plaf/basic/BasicMenuItemUI/getPropertyPrefix.lo for gnu.testlet.javax.swing.plaf.basic.BasicMenuItemUI.getPropertyPrefix
FAIL: Compile gnu/testlet/javax/swing/plaf/basic/BasicMenuUI/getPropertyPrefix.lo for gnu.testlet.javax.swing.plaf.basic.BasicMenuUI.getPropertyPrefix
FAIL: Compile gnu/testlet/javax/swing/plaf/basic/BasicRadioButtonMenuItemUI/getPropertyPrefix.lo for gnu.testlet.javax.swing.plaf.basic.BasicRadioButtonMenuItemUI.getPropertyPrefix
FAIL: Compile gnu/testlet/javax/swing/plaf/basic/BasicRadioButtonUI/getPropertyPrefix.lo for gnu.testlet.javax.swing.plaf.basic.BasicRadioButtonUI.getPropertyPrefix
FAIL: gnu.testlet.javax.swing.plaf.basic.BasicSliderUI.calculateGeometry (number 5)
FAIL: gnu.testlet.javax.swing.plaf.basic.BasicSliderUI.calculateGeometry (number 6)
FAIL: gnu.testlet.javax.swing.plaf.basic.BasicSliderUI.calculateGeometry (number 11)
FAIL: gnu.testlet.javax.swing.plaf.basic.BasicSliderUI.installUI (number 4)
FAIL: gnu.testlet.javax.swing.plaf.basic.BasicSliderUI.installUI (number 5)
FAIL: Link for gnu.testlet.javax.swing.plaf.basic.BasicSliderUI.xPositionForValue
FAIL: Link for gnu.testlet.javax.swing.plaf.basic.BasicSliderUI.yPositionForValue
FAIL: Compile gnu/testlet/javax/swing/plaf/basic/BasicTextAreaUI/getPropertyPrefix.lo for gnu.testlet.javax.swing.plaf.basic.BasicTextAreaUI.getPropertyPrefix
FAIL: Compile gnu/testlet/javax/swing/plaf/basic/BasicTextFieldUI/getPropertyPrefix.lo for gnu.testlet.javax.swing.plaf.basic.BasicTextFieldUI.getPropertyPrefix
FAIL: Compile gnu/testlet/javax/swing/plaf/basic/BasicTextPaneUI/getPropertyPrefix.lo for gnu.testlet.javax.swing.plaf.basic.BasicTextPaneUI.getPropertyPrefix
FAIL: Compile gnu/testlet/javax/swing/plaf/basic/BasicToggleButtonUI/getPropertyPrefix.lo for gnu.testlet.javax.swing.plaf.basic.BasicToggleButtonUI.getPropertyPrefix
FAIL: gnu.testlet.javax.swing.plaf.metal.MetalLookAndFeel.getAcceleratorSelectedForeground: uncaught exception: java.lang.NullPointerException
FAIL: gnu.testlet.javax.swing.plaf.metal.MetalLookAndFeel.getBlack: uncaught exception: java.lang.NullPointerException
FAIL: gnu.testlet.javax.swing.plaf.metal.MetalLookAndFeel.getControl: uncaught exception: java.lang.NullPointerException
FAIL: gnu.testlet.javax.swing.plaf.metal.MetalLookAndFeel.getControlDarkShadow: uncaught exception: java.lang.NullPointerException
FAIL: gnu.testlet.javax.swing.plaf.metal.MetalLookAndFeel.getControlDisabled: uncaught exception: java.lang.NullPointerException
FAIL: gnu.testlet.javax.swing.plaf.metal.MetalLookAndFeel.getControlHighlight: uncaught exception: java.lang.NullPointerException
FAIL: gnu.testlet.javax.swing.plaf.metal.MetalLookAndFeel.getControlInfo: uncaught exception: java.lang.NullPointerException
FAIL: gnu.testlet.javax.swing.plaf.metal.MetalLookAndFeel.getControlShadow: uncaught exception: java.lang.NullPointerException
FAIL: gnu.testlet.javax.swing.plaf.metal.MetalLookAndFeel.getControlTextColor: uncaught exception: java.lang.NullPointerException
FAIL: gnu.testlet.javax.swing.plaf.metal.MetalLookAndFeel.getControlTextFont: uncaught exception: java.lang.NullPointerException
FAIL: gnu.testlet.javax.swing.plaf.metal.MetalLookAndFeel.getDefaults: AuditoryCues (number 1)
FAIL: gnu.testlet.javax.swing.plaf.metal.MetalLookAndFeel.getDefaults: AuditoryCues (number 2)
FAIL: gnu.testlet.javax.swing.plaf.metal.MetalLookAndFeel.getDefaults: AuditoryCues (number 3)
FAIL: gnu.testlet.javax.swing.plaf.metal.MetalLookAndFeel.getDefaults: AuditoryCues (number 4)
FAIL: gnu.testlet.javax.swing.plaf.metal.MetalLookAndFeel.getDefaults: Button (number 1)
FAIL: gnu.testlet.javax.swing.plaf.metal.MetalLookAndFeel.getDefaults: Button (number 3)
FAIL: gnu.testlet.javax.swing.plaf.metal.MetalLookAndFeel.getDefaults: Button (number 4)
FAIL: gnu.testlet.javax.swing.plaf.metal.MetalLookAndFeel.getDefaults: Button (number 6)
FAIL: gnu.testlet.javax.swing.plaf.metal.MetalLookAndFeel.getDefaults: Button (number 7)
FAIL: gnu.testlet.javax.swing.plaf.metal.MetalLookAndFeel.getDefaults: Button (number 9)
FAIL: gnu.testlet.javax.swing.plaf.metal.MetalLookAndFeel.getDefaults: Button (number 10)
FAIL: gnu.testlet.javax.swing.plaf.metal.MetalLookAndFeel.getDefaults: Button (number 11)
FAIL: gnu.testlet.javax.swing.plaf.metal.MetalLookAndFeel.getDefaults: Button (number 13)
FAIL: gnu.testlet.javax.swing.plaf.metal.MetalLookAndFeel.getDefaults: Button (number 14)
FAIL: gnu.testlet.javax.swing.plaf.metal.MetalLookAndFeel.getDefaults: CheckBox (number 1)
FAIL: gnu.testlet.javax.swing.plaf.metal.MetalLookAndFeel.getDefaults: CheckBox (number 3)
FAIL: gnu.testlet.javax.swing.plaf.metal.MetalLookAndFeel.getDefaults: CheckBox (number 4)
FAIL: gnu.testlet.javax.swing.plaf.metal.MetalLookAndFeel.getDefaults: CheckBox (number 5)
FAIL: gnu.testlet.javax.swing.plaf.metal.MetalLookAndFeel.getDefaults: CheckBox (number 6)
FAIL: gnu.testlet.javax.swing.plaf.metal.MetalLookAndFeel.getDefaults: CheckBox (number 7)
FAIL: gnu.testlet.javax.swing.plaf.metal.MetalLookAndFeel.getDefaults: CheckBox (number 10)
FAIL: gnu.testlet.javax.swing.plaf.metal.MetalLookAndFeel.getDefaults: CheckBoxMenuItem (number 1)
FAIL: gnu.testlet.javax.swing.plaf.metal.MetalLookAndFeel.getDefaults: CheckBoxMenuItem (number 2)
FAIL: gnu.testlet.javax.swing.plaf.metal.MetalLookAndFeel.getDefaults: CheckBoxMenuItem (number 3)
FAIL: gnu.testlet.javax.swing.plaf.metal.MetalLookAndFeel.getDefaults: CheckBoxMenuItem (number 5)
FAIL: gnu.testlet.javax.swing.plaf.metal.MetalLookAndFeel.getDefaults: CheckBoxMenuItem (number 6)
FAIL: gnu.testlet.javax.swing.plaf.metal.MetalLookAndFeel.getDefaults: CheckBoxMenuItem (number 8)
FAIL: gnu.testlet.javax.swing.plaf.metal.MetalLookAndFeel.getDefaults: CheckBoxMenuItem (number 9)
FAIL: gnu.testlet.javax.swing.plaf.metal.MetalLookAndFeel.getDefaults: CheckBoxMenuItem (number 10)
FAIL: gnu.testlet.javax.swing.plaf.metal.MetalLookAndFeel.getDefaults: CheckBoxMenuItem (number 11)
FAIL: gnu.testlet.javax.swing.plaf.metal.MetalLookAndFeel.getDefaults: CheckBoxMenuItem (number 13)
FAIL: gnu.testlet.javax.swing.plaf.metal.MetalLookAndFeel.getDefaults: CheckBoxMenuItem (number 14)
FAIL: gnu.testlet.javax.swing.plaf.metal.MetalLookAndFeel.getDefaults: ColorChooser (number 1)
FAIL: gnu.testlet.javax.swing.plaf.metal.MetalLookAndFeel.getDefaults: ColorChooser (number 3)
FAIL: gnu.testlet.javax.swing.plaf.metal.MetalLookAndFeel.getDefaults: ColorChooser (number 4)
FAIL: gnu.testlet.javax.swing.plaf.metal.MetalLookAndFeel.getDefaults: ColorChooser (number 5)
FAIL: gnu.testlet.javax.swing.plaf.metal.MetalLookAndFeel.getDefaults: ColorChooser (number 6)
FAIL: gnu.testlet.javax.swing.plaf.metal.MetalLookAndFeel.getDefaults: ColorChooser (number 7)
FAIL: gnu.testlet.javax.swing.plaf.metal.MetalLookAndFeel.getDefaults: ComboBox (number 1)
FAIL: gnu.testlet.javax.swing.plaf.metal.MetalLookAndFeel.getDefaults: ComboBox (number 2)
FAIL: gnu.testlet.javax.swing.plaf.metal.MetalLookAndFeel.getDefaults: ComboBox (number 3)
FAIL: gnu.testlet.javax.swing.plaf.metal.MetalLookAndFeel.getDefaults: ComboBox (number 4)
FAIL: gnu.testlet.javax.swing.plaf.metal.MetalLookAndFeel.getDefaults: ComboBox (number 5)
FAIL: gnu.testlet.javax.swing.plaf.metal.MetalLookAndFeel.getDefaults: ComboBox (number 6)
FAIL: gnu.testlet.javax.swing.plaf.metal.MetalLookAndFeel.getDefaults: ComboBox (number 7)
FAIL: gnu.testlet.javax.swing.plaf.metal.MetalLookAndFeel.getDefaults: ComboBox (number 8)
FAIL: gnu.testlet.javax.swing.plaf.metal.MetalLookAndFeel.getDefaults: ComboBox (number 9)
FAIL: gnu.testlet.javax.swing.plaf.metal.MetalLookAndFeel.getDefaults: ComboBox (number 10)
FAIL: gnu.testlet.javax.swing.plaf.metal.MetalLookAndFeel.getDefaults: ComboBox (number 11)
FAIL: gnu.testlet.javax.swing.plaf.metal.MetalLookAndFeel.getDefaults: ComboBox (number 12)
FAIL: gnu.testlet.javax.swing.plaf.metal.MetalLookAndFeel.getDefaults: Desktop (number 1)
FAIL: gnu.testlet.javax.swing.plaf.metal.MetalLookAndFeel.getDefaults: Desktop (number 2)
FAIL: gnu.testlet.javax.swing.plaf.metal.MetalLookAndFeel.getDefaults: DesktopIcon (number 1)
FAIL: gnu.testlet.javax.swing.plaf.metal.MetalLookAndFeel.getDefaults: DesktopIcon (number 3)
FAIL: gnu.testlet.javax.swing.plaf.metal.MetalLookAndFeel.getDefaults: DesktopIcon (number 4)
FAIL: gnu.testlet.javax.swing.plaf.metal.MetalLookAndFeel.getDefaults: DesktopIcon (number 5)
FAIL: gnu.testlet.javax.swing.plaf.metal.MetalLookAndFeel.getDefaults: EditorPane (number 1)
FAIL: gnu.testlet.javax.swing.plaf.metal.MetalLookAndFeel.getDefaults: EditorPane (number 4)
FAIL: gnu.testlet.javax.swing.plaf.metal.MetalLookAndFeel.getDefaults: EditorPane (number 5)
FAIL: gnu.testlet.javax.swing.plaf.metal.MetalLookAndFeel.getDefaults: EditorPane (number 6)
FAIL: gnu.testlet.javax.swing.plaf.metal.MetalLookAndFeel.getDefaults: EditorPane (number 7)
FAIL: gnu.testlet.javax.swing.plaf.metal.MetalLookAndFeel.getDefaults: EditorPane (number 8)
FAIL: gnu.testlet.javax.swing.plaf.metal.MetalLookAndFeel.getDefaults: EditorPane (number 10)
FAIL: gnu.testlet.javax.swing.plaf.metal.MetalLookAndFeel.getDefaults: EditorPane (number 11)
FAIL: gnu.testlet.javax.swing.plaf.metal.MetalLookAndFeel.getDefaults: FileChooser (number 1)
FAIL: gnu.testlet.javax.swing.plaf.metal.MetalLookAndFeel.getDefaults: FileChooser (number 2)
FAIL: gnu.testlet.javax.swing.plaf.metal.MetalLookAndFeel.getDefaults: FileChooser (number 3)
FAIL: gnu.testlet.javax.swing.plaf.metal.MetalLookAndFeel.getDefaults: FileChooser (number 5)
FAIL: gnu.testlet.javax.swing.plaf.metal.MetalLookAndFeel.getDefaults: FileChooser (number 6)
FAIL: gnu.testlet.javax.swing.plaf.metal.MetalLookAndFeel.getDefaults: FileChooser (number 7)
FAIL: gnu.testlet.javax.swing.plaf.metal.MetalLookAndFeel.getDefaults: FileChooser (number 8)
FAIL: gnu.testlet.javax.swing.plaf.metal.MetalLookAndFeel.getDefaults: FileChooser (number 9)
FAIL: gnu.testlet.javax.swing.plaf.metal.MetalLookAndFeel.getDefaults: FileChooser (number 10)
FAIL: gnu.testlet.javax.swing.plaf.metal.MetalLookAndFeel.getDefaults: FileChooser (number 11)
FAIL: gnu.testlet.javax.swing.plaf.metal.MetalLookAndFeel.getDefaults: FileChooser (number 12)
FAIL: gnu.testlet.javax.swing.plaf.metal.MetalLookAndFeel.getDefaults: FileChooser (number 13)
FAIL: gnu.testlet.javax.swing.plaf.metal.MetalLookAndFeel.getDefaults: FileChooser (number 14)
FAIL: gnu.testlet.javax.swing.plaf.metal.MetalLookAndFeel.getDefaults: FileChooser (number 15)
FAIL: gnu.testlet.javax.swing.plaf.metal.MetalLookAndFeel.getDefaults: FileView (number 1)
FAIL: gnu.testlet.javax.swing.plaf.metal.MetalLookAndFeel.getDefaults: FileView (number 2)
FAIL: gnu.testlet.javax.swing.plaf.metal.MetalLookAndFeel.getDefaults: FileView (number 3)
FAIL: gnu.testlet.javax.swing.plaf.metal.MetalLookAndFeel.getDefaults: FileView (number 4)
FAIL: gnu.testlet.javax.swing.plaf.metal.MetalLookAndFeel.getDefaults: FileView (number 5)
FAIL: gnu.testlet.javax.swing.plaf.metal.MetalLookAndFeel.getDefaults: FormattedTextField (number 1)
FAIL: gnu.testlet.javax.swing.plaf.metal.MetalLookAndFeel.getDefaults: FormattedTextField (number 2)
FAIL: gnu.testlet.javax.swing.plaf.metal.MetalLookAndFeel.getDefaults: FormattedTextField (number 3)
FAIL: gnu.testlet.javax.swing.plaf.metal.MetalLookAndFeel.getDefaults: FormattedTextField (number 4)
FAIL: gnu.testlet.javax.swing.plaf.metal.MetalLookAndFeel.getDefaults: FormattedTextField (number 5)
FAIL: gnu.testlet.javax.swing.plaf.metal.MetalLookAndFeel.getDefaults: FormattedTextField (number 6)
FAIL: gnu.testlet.javax.swing.plaf.metal.MetalLookAndFeel.getDefaults: FormattedTextField (number 7)
FAIL: gnu.testlet.javax.swing.plaf.metal.MetalLookAndFeel.getDefaults: FormattedTextField (number 8)
FAIL: gnu.testlet.javax.swing.plaf.metal.MetalLookAndFeel.getDefaults: FormattedTextField (number 9)
FAIL: gnu.testlet.javax.swing.plaf.metal.MetalLookAndFeel.getDefaults: FormattedTextField (number 10)
FAIL: gnu.testlet.javax.swing.plaf.metal.MetalLookAndFeel.getDefaults: FormattedTextField (number 11)
FAIL: gnu.testlet.javax.swing.plaf.metal.MetalLookAndFeel.getDefaults: FormattedTextField (number 12)
FAIL: gnu.testlet.javax.swing.plaf.metal.MetalLookAndFeel.getDefaults: InternalFrame (number 1)
FAIL: gnu.testlet.javax.swing.plaf.metal.MetalLookAndFeel.getDefaults: InternalFrame (number 2)
FAIL: gnu.testlet.javax.swing.plaf.metal.MetalLookAndFeel.getDefaults: InternalFrame (number 3)
FAIL: gnu.testlet.javax.swing.plaf.metal.MetalLookAndFeel.getDefaults: InternalFrame (number 4)
FAIL: gnu.testlet.javax.swing.plaf.metal.MetalLookAndFeel.getDefaults: InternalFrame (number 5)
FAIL: gnu.testlet.javax.swing.plaf.metal.MetalLookAndFeel.getDefaults: InternalFrame (number 6)
FAIL: gnu.testlet.javax.swing.plaf.metal.MetalLookAndFeel.getDefaults: InternalFrame (number 7)
FAIL: gnu.testlet.javax.swing.plaf.metal.MetalLookAndFeel.getDefaults: InternalFrame (number 9)
FAIL: gnu.testlet.javax.swing.plaf.metal.MetalLookAndFeel.getDefaults: InternalFrame (number 12)
FAIL: gnu.testlet.javax.swing.plaf.metal.MetalLookAndFeel.getDefaults: InternalFrame (number 13)
FAIL: gnu.testlet.javax.swing.plaf.metal.MetalLookAndFeel.getDefaults: InternalFrame (number 15)
FAIL: gnu.testlet.javax.swing.plaf.metal.MetalLookAndFeel.getDefaults: InternalFrame (number 17)
FAIL: gnu.testlet.javax.swing.plaf.metal.MetalLookAndFeel.getDefaults: InternalFrame (number 18)
FAIL: gnu.testlet.javax.swing.plaf.metal.MetalLookAndFeel.getDefaults: InternalFrame (number 19)
FAIL: gnu.testlet.javax.swing.plaf.metal.MetalLookAndFeel.getDefaults: InternalFrame (number 20)
FAIL: gnu.testlet.javax.swing.plaf.metal.MetalLookAndFeel.getDefaults: InternalFrame (number 21)
FAIL: gnu.testlet.javax.swing.plaf.metal.MetalLookAndFeel.getDefaults: Label (number 1)
FAIL: gnu.testlet.javax.swing.plaf.metal.MetalLookAndFeel.getDefaults: Label (number 2)
FAIL: gnu.testlet.javax.swing.plaf.metal.MetalLookAndFeel.getDefaults: Label (number 3)
FAIL: gnu.testlet.javax.swing.plaf.metal.MetalLookAndFeel.getDefaults: Label (number 5)
FAIL: gnu.testlet.javax.swing.plaf.metal.MetalLookAndFeel.getDefaults: List (number 1)
FAIL: gnu.testlet.javax.swing.plaf.metal.MetalLookAndFeel.getDefaults: List (number 2)
FAIL: gnu.testlet.javax.swing.plaf.metal.MetalLookAndFeel.getDefaults: List (number 4)
FAIL: gnu.testlet.javax.swing.plaf.metal.MetalLookAndFeel.getDefaults: List (number 5)
FAIL: gnu.testlet.javax.swing.plaf.metal.MetalLookAndFeel.getDefaults: List (number 6)
FAIL: gnu.testlet.javax.swing.plaf.metal.MetalLookAndFeel.getDefaults: List (number 7)
FAIL: gnu.testlet.javax.swing.plaf.metal.MetalLookAndFeel.getDefaults: List (number 8)
FAIL: gnu.testlet.javax.swing.plaf.metal.MetalLookAndFeel.getDefaults: List (number 9)
FAIL: gnu.testlet.javax.swing.plaf.metal.MetalLookAndFeel.getDefaults: Menu (number 1)
FAIL: gnu.testlet.javax.swing.plaf.metal.MetalLookAndFeel.getDefaults: Menu (number 2)
FAIL: gnu.testlet.javax.swing.plaf.metal.MetalLookAndFeel.getDefaults: Menu (number 3)
FAIL: gnu.testlet.javax.swing.plaf.metal.MetalLookAndFeel.getDefaults: Menu (number 5)
FAIL: gnu.testlet.javax.swing.plaf.metal.MetalLookAndFeel.getDefaults: Menu (number 7)
FAIL: gnu.testlet.javax.swing.plaf.metal.MetalLookAndFeel.getDefaults: Menu (number 8)
FAIL: gnu.testlet.javax.swing.plaf.metal.MetalLookAndFeel.getDefaults: Menu (number 9)
FAIL: gnu.testlet.javax.swing.plaf.metal.MetalLookAndFeel.getDefaults: Menu (number 11)
FAIL: gnu.testlet.javax.swing.plaf.metal.MetalLookAndFeel.getDefaults: Menu (number 15)
FAIL: gnu.testlet.javax.swing.plaf.metal.MetalLookAndFeel.getDefaults: Menu (number 16)
FAIL: gnu.testlet.javax.swing.plaf.metal.MetalLookAndFeel.getDefaults: Menu (number 17)
FAIL: gnu.testlet.javax.swing.plaf.metal.MetalLookAndFeel.getDefaults: Menu (number 18)
FAIL: gnu.testlet.javax.swing.plaf.metal.MetalLookAndFeel.getDefaults: Menu (number 19)
FAIL: gnu.testlet.javax.swing.plaf.metal.MetalLookAndFeel.getDefaults: Menu (number 20)
FAIL: gnu.testlet.javax.swing.plaf.metal.MetalLookAndFeel.getDefaults: MenuBar (number 1)
FAIL: gnu.testlet.javax.swing.plaf.metal.MetalLookAndFeel.getDefaults: MenuBar (number 4)
FAIL: gnu.testlet.javax.swing.plaf.metal.MetalLookAndFeel.getDefaults: MenuBar (number 5)
FAIL: gnu.testlet.javax.swing.plaf.metal.MetalLookAndFeel.getDefaults: MenuBar (number 6)
FAIL: gnu.testlet.javax.swing.plaf.metal.MetalLookAndFeel.getDefaults: MenuItem (number 2)
FAIL: gnu.testlet.javax.swing.plaf.metal.MetalLookAndFeel.getDefaults: MenuItem (number 3)
FAIL: gnu.testlet.javax.swing.plaf.metal.MetalLookAndFeel.getDefaults: MenuItem (number 4)
FAIL: gnu.testlet.javax.swing.plaf.metal.MetalLookAndFeel.getDefaults: MenuItem (number 6)
FAIL: gnu.testlet.javax.swing.plaf.metal.MetalLookAndFeel.getDefaults: MenuItem (number 7)
FAIL: gnu.testlet.javax.swing.plaf.metal.MetalLookAndFeel.getDefaults: MenuItem (number 8)
FAIL: gnu.testlet.javax.swing.plaf.metal.MetalLookAndFeel.getDefaults: MenuItem (number 9)
FAIL: gnu.testlet.javax.swing.plaf.metal.MetalLookAndFeel.getDefaults: MenuItem (number 10)
FAIL: gnu.testlet.javax.swing.plaf.metal.MetalLookAndFeel.getDefaults: MenuItem (number 12)
FAIL: gnu.testlet.javax.swing.plaf.metal.MetalLookAndFeel.getDefaults: MenuItem (number 14)
FAIL: gnu.testlet.javax.swing.plaf.metal.MetalLookAndFeel.getDefaults: MenuItem (number 15)
FAIL: gnu.testlet.javax.swing.plaf.metal.MetalLookAndFeel.getDefaults: OptionPane (number 1)
FAIL: gnu.testlet.javax.swing.plaf.metal.MetalLookAndFeel.getDefaults: OptionPane (number 4)
FAIL: gnu.testlet.javax.swing.plaf.metal.MetalLookAndFeel.getDefaults: OptionPane (number 5)
FAIL: gnu.testlet.javax.swing.plaf.metal.MetalLookAndFeel.getDefaults: OptionPane (number 6)
FAIL: gnu.testlet.javax.swing.plaf.metal.MetalLookAndFeel.getDefaults: OptionPane (number 7)
FAIL: gnu.testlet.javax.swing.plaf.metal.MetalLookAndFeel.getDefaults: OptionPane (number 8)
FAIL: gnu.testlet.javax.swing.plaf.metal.MetalLookAndFeel.getDefaults: OptionPane (number 10)
FAIL: gnu.testlet.javax.swing.plaf.metal.MetalLookAndFeel.getDefaults: OptionPane (number 12)
FAIL: gnu.testlet.javax.swing.plaf.metal.MetalLookAndFeel.getDefaults: OptionPane (number 14)
FAIL: gnu.testlet.javax.swing.plaf.metal.MetalLookAndFeel.getDefaults: OptionPane (number 16)
FAIL: gnu.testlet.javax.swing.plaf.metal.MetalLookAndFeel.getDefaults: OptionPane (number 18)
FAIL: gnu.testlet.javax.swing.plaf.metal.MetalLookAndFeel.getDefaults: OptionPane (number 19)
FAIL: gnu.testlet.javax.swing.plaf.metal.MetalLookAndFeel.getDefaults: OptionPane (number 20)
FAIL: gnu.testlet.javax.swing.plaf.metal.MetalLookAndFeel.getDefaults: OptionPane (number 21)
FAIL: gnu.testlet.javax.swing.plaf.metal.MetalLookAndFeel.getDefaults: OptionPane (number 23)
FAIL: gnu.testlet.javax.swing.plaf.metal.MetalLookAndFeel.getDefaults: OptionPane (number 24)
FAIL: gnu.testlet.javax.swing.plaf.metal.MetalLookAndFeel.getDefaults: OptionPane (number 25)
FAIL: gnu.testlet.javax.swing.plaf.metal.MetalLookAndFeel.getDefaults: OptionPane (number 26)
FAIL: gnu.testlet.javax.swing.plaf.metal.MetalLookAndFeel.getDefaults: OptionPane (number 27)
FAIL: gnu.testlet.javax.swing.plaf.metal.MetalLookAndFeel.getDefaults: OptionPane (number 29)
FAIL: gnu.testlet.javax.swing.plaf.metal.MetalLookAndFeel.getDefaults: Panel (number 1)
FAIL: gnu.testlet.javax.swing.plaf.metal.MetalLookAndFeel.getDefaults: Panel (number 3)
FAIL: gnu.testlet.javax.swing.plaf.metal.MetalLookAndFeel.getDefaults: PasswordField (number 1)
FAIL: gnu.testlet.javax.swing.plaf.metal.MetalLookAndFeel.getDefaults: PasswordField (number 2)
FAIL: gnu.testlet.javax.swing.plaf.metal.MetalLookAndFeel.getDefaults: PasswordField (number 4)
FAIL: gnu.testlet.javax.swing.plaf.metal.MetalLookAndFeel.getDefaults: PasswordField (number 5)
FAIL: gnu.testlet.javax.swing.plaf.metal.MetalLookAndFeel.getDefaults: PasswordField (number 7)
FAIL: gnu.testlet.javax.swing.plaf.metal.MetalLookAndFeel.getDefaults: PasswordField (number 8)
FAIL: gnu.testlet.javax.swing.plaf.metal.MetalLookAndFeel.getDefaults: PasswordField (number 9)
FAIL: gnu.testlet.javax.swing.plaf.metal.MetalLookAndFeel.getDefaults: PasswordField (number 11)
FAIL: gnu.testlet.javax.swing.plaf.metal.MetalLookAndFeel.getDefaults: PasswordField (number 12)
FAIL: gnu.testlet.javax.swing.plaf.metal.MetalLookAndFeel.getDefaults: PopupMenu (number 1)
FAIL: gnu.testlet.javax.swing.plaf.metal.MetalLookAndFeel.getDefaults: PopupMenu (number 3)
FAIL: gnu.testlet.javax.swing.plaf.metal.MetalLookAndFeel.getDefaults: PopupMenu (number 4)
FAIL: gnu.testlet.javax.swing.plaf.metal.MetalLookAndFeel.getDefaults: PopupMenu (number 5)
FAIL: gnu.testlet.javax.swing.plaf.metal.MetalLookAndFeel.getDefaults: PopupMenu (number 6)
FAIL: gnu.testlet.javax.swing.plaf.metal.MetalLookAndFeel.getDefaults: PopupMenu (number 7)
FAIL: gnu.testlet.javax.swing.plaf.metal.MetalLookAndFeel.getDefaults: ProgressBar (number 1)
FAIL: gnu.testlet.javax.swing.plaf.metal.MetalLookAndFeel.getDefaults: ProgressBar (number 3)
FAIL: gnu.testlet.javax.swing.plaf.metal.MetalLookAndFeel.getDefaults: ProgressBar (number 6)
FAIL: gnu.testlet.javax.swing.plaf.metal.MetalLookAndFeel.getDefaults: ProgressBar (number 7)
FAIL: gnu.testlet.javax.swing.plaf.metal.MetalLookAndFeel.getDefaults: ProgressBar (number 8)
FAIL: gnu.testlet.javax.swing.plaf.metal.MetalLookAndFeel.getDefaults: ProgressBar (number 9)
FAIL: gnu.testlet.javax.swing.plaf.metal.MetalLookAndFeel.getDefaults: ProgressBar (number 10)
FAIL: gnu.testlet.javax.swing.plaf.metal.MetalLookAndFeel.getDefaults: ProgressBar (number 11)
FAIL: gnu.testlet.javax.swing.plaf.metal.MetalLookAndFeel.getDefaults: RadioButton (number 1)
FAIL: gnu.testlet.javax.swing.plaf.metal.MetalLookAndFeel.getDefaults: RadioButton (number 3)
FAIL: gnu.testlet.javax.swing.plaf.metal.MetalLookAndFeel.getDefaults: RadioButton (number 4)
FAIL: gnu.testlet.javax.swing.plaf.metal.MetalLookAndFeel.getDefaults: RadioButton (number 5)
FAIL: gnu.testlet.javax.swing.plaf.metal.MetalLookAndFeel.getDefaults: RadioButton (number 6)
FAIL: gnu.testlet.javax.swing.plaf.metal.MetalLookAndFeel.getDefaults: RadioButton (number 7)
FAIL: gnu.testlet.javax.swing.plaf.metal.MetalLookAndFeel.getDefaults: RadioButton (number 8)
FAIL: gnu.testlet.javax.swing.plaf.metal.MetalLookAndFeel.getDefaults: RadioButton (number 9)
FAIL: gnu.testlet.javax.swing.plaf.metal.MetalLookAndFeel.getDefaults: RadioButton (number 11)
FAIL: gnu.testlet.javax.swing.plaf.metal.MetalLookAndFeel.getDefaults: RadioButton (number 13)
FAIL: gnu.testlet.javax.swing.plaf.metal.MetalLookAndFeel.getDefaults: RadioButton (number 14)
FAIL: gnu.testlet.javax.swing.plaf.metal.MetalLookAndFeel.getDefaults: RadioButtonMenuItem (number 1)
FAIL: gnu.testlet.javax.swing.plaf.metal.MetalLookAndFeel.getDefaults: RadioButtonMenuItem (number 2)
FAIL: gnu.testlet.javax.swing.plaf.metal.MetalLookAndFeel.getDefaults: RadioButtonMenuItem (number 3)
FAIL: gnu.testlet.javax.swing.plaf.metal.MetalLookAndFeel.getDefaults: RadioButtonMenuItem (number 5)
FAIL: gnu.testlet.javax.swing.plaf.metal.MetalLookAndFeel.getDefaults: RadioButtonMenuItem (number 8)
FAIL: gnu.testlet.javax.swing.plaf.metal.MetalLookAndFeel.getDefaults: RadioButtonMenuItem (number 9)
FAIL: gnu.testlet.javax.swing.plaf.metal.MetalLookAndFeel.getDefaults: RadioButtonMenuItem (number 11)
FAIL: gnu.testlet.javax.swing.plaf.metal.MetalLookAndFeel.getDefaults: RadioButtonMenuItem (number 13)
FAIL: gnu.testlet.javax.swing.plaf.metal.MetalLookAndFeel.getDefaults: RadioButtonMenuItem (number 14)
FAIL: gnu.testlet.javax.swing.plaf.metal.MetalLookAndFeel.getDefaults: RootPane (number 1)
FAIL: gnu.testlet.javax.swing.plaf.metal.MetalLookAndFeel.getDefaults: RootPane (number 3)
FAIL: gnu.testlet.javax.swing.plaf.metal.MetalLookAndFeel.getDefaults: RootPane (number 4)
FAIL: gnu.testlet.javax.swing.plaf.metal.MetalLookAndFeel.getDefaults: RootPane (number 5)
FAIL: gnu.testlet.javax.swing.plaf.metal.MetalLookAndFeel.getDefaults: RootPane (number 6)
FAIL: gnu.testlet.javax.swing.plaf.metal.MetalLookAndFeel.getDefaults: RootPane (number 7)
FAIL: gnu.testlet.javax.swing.plaf.metal.MetalLookAndFeel.getDefaults: RootPane (number 8)
FAIL: gnu.testlet.javax.swing.plaf.metal.MetalLookAndFeel.getDefaults: RootPane (number 9)
FAIL: gnu.testlet.javax.swing.plaf.metal.MetalLookAndFeel.getDefaults: ScrollBar (number 1)
FAIL: gnu.testlet.javax.swing.plaf.metal.MetalLookAndFeel.getDefaults: ScrollBar (number 2)
FAIL: gnu.testlet.javax.swing.plaf.metal.MetalLookAndFeel.getDefaults: ScrollBar (number 3)
FAIL: gnu.testlet.javax.swing.plaf.metal.MetalLookAndFeel.getDefaults: ScrollBar (number 4)
FAIL: gnu.testlet.javax.swing.plaf.metal.MetalLookAndFeel.getDefaults: ScrollBar (number 5)
FAIL: gnu.testlet.javax.swing.plaf.metal.MetalLookAndFeel.getDefaults: ScrollBar (number 6)
FAIL: gnu.testlet.javax.swing.plaf.metal.MetalLookAndFeel.getDefaults: ScrollBar (number 7)
FAIL: gnu.testlet.javax.swing.plaf.metal.MetalLookAndFeel.getDefaults: ScrollBar (number 10)
FAIL: gnu.testlet.javax.swing.plaf.metal.MetalLookAndFeel.getDefaults: ScrollBar (number 11)
FAIL: gnu.testlet.javax.swing.plaf.metal.MetalLookAndFeel.getDefaults: ScrollBar (number 12)
FAIL: gnu.testlet.javax.swing.plaf.metal.MetalLookAndFeel.getDefaults: ScrollBar (number 13)
FAIL: gnu.testlet.javax.swing.plaf.metal.MetalLookAndFeel.getDefaults: ScrollBar (number 14)
FAIL: gnu.testlet.javax.swing.plaf.metal.MetalLookAndFeel.getDefaults: ScrollBar (number 15)
FAIL: gnu.testlet.javax.swing.plaf.metal.MetalLookAndFeel.getDefaults: ScrollBar (number 16)
FAIL: gnu.testlet.javax.swing.plaf.metal.MetalLookAndFeel.getDefaults: ScrollBar (number 17)
FAIL: gnu.testlet.javax.swing.plaf.metal.MetalLookAndFeel.getDefaults: ScrollPane (number 1)
FAIL: gnu.testlet.javax.swing.plaf.metal.MetalLookAndFeel.getDefaults: ScrollPane (number 2)
FAIL: gnu.testlet.javax.swing.plaf.metal.MetalLookAndFeel.getDefaults: ScrollPane (number 3)
FAIL: gnu.testlet.javax.swing.plaf.metal.MetalLookAndFeel.getDefaults: ScrollPane (number 6)
FAIL: gnu.testlet.javax.swing.plaf.metal.MetalLookAndFeel.getDefaults: Separator (number 1)
FAIL: gnu.testlet.javax.swing.plaf.metal.MetalLookAndFeel.getDefaults: Separator (number 2)
FAIL: gnu.testlet.javax.swing.plaf.metal.MetalLookAndFeel.getDefaults: Separator (number 3)
FAIL: gnu.testlet.javax.swing.plaf.metal.MetalLookAndFeel.getDefaults: Separator (number 4)
FAIL: gnu.testlet.javax.swing.plaf.metal.MetalLookAndFeel.getDefaults: Slider (number 2)
FAIL: gnu.testlet.javax.swing.plaf.metal.MetalLookAndFeel.getDefaults: Slider (number 3)
FAIL: gnu.testlet.javax.swing.plaf.metal.MetalLookAndFeel.getDefaults: Slider (number 16)
FAIL: gnu.testlet.javax.swing.plaf.metal.MetalLookAndFeel.getDefaults: Slider (number 17)
FAIL: gnu.testlet.javax.swing.plaf.metal.MetalLookAndFeel.getDefaults: Slider (number 30)
FAIL: gnu.testlet.javax.swing.plaf.metal.MetalLookAndFeel.getDefaults: Slider (number 31)
FAIL: gnu.testlet.javax.swing.plaf.metal.MetalLookAndFeel.getDefaults: Slider (number 32)
FAIL: gnu.testlet.javax.swing.plaf.metal.MetalLookAndFeel.getDefaults: Slider (number 33)
FAIL: gnu.testlet.javax.swing.plaf.metal.MetalLookAndFeel.getDefaults: Slider (number 34)
FAIL: gnu.testlet.javax.swing.plaf.metal.MetalLookAndFeel.getDefaults: Slider (number 35)
FAIL: gnu.testlet.javax.swing.plaf.metal.MetalLookAndFeel.getDefaults: Slider (number 36)
FAIL: gnu.testlet.javax.swing.plaf.metal.MetalLookAndFeel.getDefaults: Slider (number 37)
FAIL: gnu.testlet.javax.swing.plaf.metal.MetalLookAndFeel.getDefaults: Slider (number 38)
FAIL: gnu.testlet.javax.swing.plaf.metal.MetalLookAndFeel.getDefaults: Slider (number 39)
FAIL: gnu.testlet.javax.swing.plaf.metal.MetalLookAndFeel.getDefaults: Slider (number 41)
FAIL: gnu.testlet.javax.swing.plaf.metal.MetalLookAndFeel.getDefaults: Slider (number 42)
FAIL: gnu.testlet.javax.swing.plaf.metal.MetalLookAndFeel.getDefaults: Slider (number 45)
FAIL: gnu.testlet.javax.swing.plaf.metal.MetalLookAndFeel.getDefaults: Spinner (number 1)
FAIL: gnu.testlet.javax.swing.plaf.metal.MetalLookAndFeel.getDefaults: Spinner (number 2)
FAIL: gnu.testlet.javax.swing.plaf.metal.MetalLookAndFeel.getDefaults: Spinner (number 3)
FAIL: gnu.testlet.javax.swing.plaf.metal.MetalLookAndFeel.getDefaults: Spinner (number 4)
FAIL: gnu.testlet.javax.swing.plaf.metal.MetalLookAndFeel.getDefaults: Spinner (number 5)
FAIL: gnu.testlet.javax.swing.plaf.metal.MetalLookAndFeel.getDefaults: Spinner (number 6)
FAIL: gnu.testlet.javax.swing.plaf.metal.MetalLookAndFeel.getDefaults: Spinner (number 7)
FAIL: gnu.testlet.javax.swing.plaf.metal.MetalLookAndFeel.getDefaults: Spinner (number 8)
FAIL: gnu.testlet.javax.swing.plaf.metal.MetalLookAndFeel.getDefaults: Spinner (number 9)
FAIL: gnu.testlet.javax.swing.plaf.metal.MetalLookAndFeel.getDefaults: SplitPane (number 1)
FAIL: gnu.testlet.javax.swing.plaf.metal.MetalLookAndFeel.getDefaults: SplitPane (number 2)
FAIL: gnu.testlet.javax.swing.plaf.metal.MetalLookAndFeel.getDefaults: SplitPane (number 4)
FAIL: gnu.testlet.javax.swing.plaf.metal.MetalLookAndFeel.getDefaults: SplitPane (number 5)
FAIL: gnu.testlet.javax.swing.plaf.metal.MetalLookAndFeel.getDefaults: SplitPane (number 7)
FAIL: gnu.testlet.javax.swing.plaf.metal.MetalLookAndFeel.getDefaults: SplitPane (number 8)
FAIL: gnu.testlet.javax.swing.plaf.metal.MetalLookAndFeel.getDefaults: SplitPaneDivider (number 1)
FAIL: gnu.testlet.javax.swing.plaf.metal.MetalLookAndFeel.getDefaults: SplitPaneDivider (number 2)
FAIL: gnu.testlet.javax.swing.plaf.metal.MetalLookAndFeel.getDefaults: TabbedPane (number 1)
FAIL: gnu.testlet.javax.swing.plaf.metal.MetalLookAndFeel.getDefaults: TabbedPane (number 2)
FAIL: gnu.testlet.javax.swing.plaf.metal.MetalLookAndFeel.getDefaults: TabbedPane (number 6)
FAIL: gnu.testlet.javax.swing.plaf.metal.MetalLookAndFeel.getDefaults: TabbedPane (number 7)
FAIL: gnu.testlet.javax.swing.plaf.metal.MetalLookAndFeel.getDefaults: TabbedPane (number 8)
FAIL: gnu.testlet.javax.swing.plaf.metal.MetalLookAndFeel.getDefaults: TabbedPane (number 10)
FAIL: gnu.testlet.javax.swing.plaf.metal.MetalLookAndFeel.getDefaults: TabbedPane (number 11)
FAIL: gnu.testlet.javax.swing.plaf.metal.MetalLookAndFeel.getDefaults: TabbedPane (number 12)
FAIL: gnu.testlet.javax.swing.plaf.metal.MetalLookAndFeel.getDefaults: TabbedPane (number 13)
FAIL: gnu.testlet.javax.swing.plaf.metal.MetalLookAndFeel.getDefaults: TabbedPane (number 15)
FAIL: gnu.testlet.javax.swing.plaf.metal.MetalLookAndFeel.getDefaults: TabbedPane (number 16)
FAIL: gnu.testlet.javax.swing.plaf.metal.MetalLookAndFeel.getDefaults: TabbedPane (number 17)
FAIL: gnu.testlet.javax.swing.plaf.metal.MetalLookAndFeel.getDefaults: Table (number 1)
FAIL: gnu.testlet.javax.swing.plaf.metal.MetalLookAndFeel.getDefaults: Table (number 2)
FAIL: gnu.testlet.javax.swing.plaf.metal.MetalLookAndFeel.getDefaults: Table (number 3)
FAIL: gnu.testlet.javax.swing.plaf.metal.MetalLookAndFeel.getDefaults: Table (number 4)
FAIL: gnu.testlet.javax.swing.plaf.metal.MetalLookAndFeel.getDefaults: Table (number 5)
FAIL: gnu.testlet.javax.swing.plaf.metal.MetalLookAndFeel.getDefaults: Table (number 8)
FAIL: gnu.testlet.javax.swing.plaf.metal.MetalLookAndFeel.getDefaults: Table (number 9)
FAIL: gnu.testlet.javax.swing.plaf.metal.MetalLookAndFeel.getDefaults: Table (number 10)
FAIL: gnu.testlet.javax.swing.plaf.metal.MetalLookAndFeel.getDefaults: Table (number 11)
FAIL: gnu.testlet.javax.swing.plaf.metal.MetalLookAndFeel.getDefaults: TableHeader (number 1)
FAIL: gnu.testlet.javax.swing.plaf.metal.MetalLookAndFeel.getDefaults: TableHeader (number 3)
FAIL: gnu.testlet.javax.swing.plaf.metal.MetalLookAndFeel.getDefaults: TextArea (number 1)
FAIL: gnu.testlet.javax.swing.plaf.metal.MetalLookAndFeel.getDefaults: TextArea (number 4)
FAIL: gnu.testlet.javax.swing.plaf.metal.MetalLookAndFeel.getDefaults: TextArea (number 5)
FAIL: gnu.testlet.javax.swing.plaf.metal.MetalLookAndFeel.getDefaults: TextArea (number 6)
FAIL: gnu.testlet.javax.swing.plaf.metal.MetalLookAndFeel.getDefaults: TextArea (number 7)
FAIL: gnu.testlet.javax.swing.plaf.metal.MetalLookAndFeel.getDefaults: TextArea (number 8)
FAIL: gnu.testlet.javax.swing.plaf.metal.MetalLookAndFeel.getDefaults: TextArea (number 10)
FAIL: gnu.testlet.javax.swing.plaf.metal.MetalLookAndFeel.getDefaults: TextArea (number 11)
FAIL: gnu.testlet.javax.swing.plaf.metal.MetalLookAndFeel.getDefaults: TextField (number 1)
FAIL: gnu.testlet.javax.swing.plaf.metal.MetalLookAndFeel.getDefaults: TextField (number 2)
FAIL: gnu.testlet.javax.swing.plaf.metal.MetalLookAndFeel.getDefaults: TextField (number 4)
FAIL: gnu.testlet.javax.swing.plaf.metal.MetalLookAndFeel.getDefaults: TextField (number 5)
FAIL: gnu.testlet.javax.swing.plaf.metal.MetalLookAndFeel.getDefaults: TextField (number 6)
FAIL: gnu.testlet.javax.swing.plaf.metal.MetalLookAndFeel.getDefaults: TextField (number 7)
FAIL: gnu.testlet.javax.swing.plaf.metal.MetalLookAndFeel.getDefaults: TextField (number 8)
FAIL: gnu.testlet.javax.swing.plaf.metal.MetalLookAndFeel.getDefaults: TextField (number 9)
FAIL: gnu.testlet.javax.swing.plaf.metal.MetalLookAndFeel.getDefaults: TextField (number 10)
FAIL: gnu.testlet.javax.swing.plaf.metal.MetalLookAndFeel.getDefaults: TextField (number 11)
FAIL: gnu.testlet.javax.swing.plaf.metal.MetalLookAndFeel.getDefaults: TextField (number 12)
FAIL: gnu.testlet.javax.swing.plaf.metal.MetalLookAndFeel.getDefaults: TextField (number 14)
FAIL: gnu.testlet.javax.swing.plaf.metal.MetalLookAndFeel.getDefaults: TextField (number 15)
FAIL: gnu.testlet.javax.swing.plaf.metal.MetalLookAndFeel.getDefaults: TextField (number 16)
FAIL: gnu.testlet.javax.swing.plaf.metal.MetalLookAndFeel.getDefaults: TextPane (number 1)
FAIL: gnu.testlet.javax.swing.plaf.metal.MetalLookAndFeel.getDefaults: TextPane (number 4)
FAIL: gnu.testlet.javax.swing.plaf.metal.MetalLookAndFeel.getDefaults: TextPane (number 5)
FAIL: gnu.testlet.javax.swing.plaf.metal.MetalLookAndFeel.getDefaults: TextPane (number 6)
FAIL: gnu.testlet.javax.swing.plaf.metal.MetalLookAndFeel.getDefaults: TextPane (number 7)
FAIL: gnu.testlet.javax.swing.plaf.metal.MetalLookAndFeel.getDefaults: TextPane (number 8)
FAIL: gnu.testlet.javax.swing.plaf.metal.MetalLookAndFeel.getDefaults: TextPane (number 10)
FAIL: gnu.testlet.javax.swing.plaf.metal.MetalLookAndFeel.getDefaults: TextPane (number 11)
FAIL: gnu.testlet.javax.swing.plaf.metal.MetalLookAndFeel.getDefaults: TitledBorder (number 1)
FAIL: gnu.testlet.javax.swing.plaf.metal.MetalLookAndFeel.getDefaults: TitledBorder (number 2)
FAIL: gnu.testlet.javax.swing.plaf.metal.MetalLookAndFeel.getDefaults: TitledBorder (number 3)
FAIL: gnu.testlet.javax.swing.plaf.metal.MetalLookAndFeel.getDefaults: ToggleButton (number 1)
FAIL: gnu.testlet.javax.swing.plaf.metal.MetalLookAndFeel.getDefaults: ToggleButton (number 3)
FAIL: gnu.testlet.javax.swing.plaf.metal.MetalLookAndFeel.getDefaults: ToggleButton (number 4)
FAIL: gnu.testlet.javax.swing.plaf.metal.MetalLookAndFeel.getDefaults: ToggleButton (number 5)
FAIL: gnu.testlet.javax.swing.plaf.metal.MetalLookAndFeel.getDefaults: ToggleButton (number 6)
FAIL: gnu.testlet.javax.swing.plaf.metal.MetalLookAndFeel.getDefaults: ToggleButton (number 8)
FAIL: gnu.testlet.javax.swing.plaf.metal.MetalLookAndFeel.getDefaults: ToggleButton (number 9)
FAIL: gnu.testlet.javax.swing.plaf.metal.MetalLookAndFeel.getDefaults: ToggleButton (number 10)
FAIL: gnu.testlet.javax.swing.plaf.metal.MetalLookAndFeel.getDefaults: ToggleButton (number 12)
FAIL: gnu.testlet.javax.swing.plaf.metal.MetalLookAndFeel.getDefaults: ToggleButton (number 13)
FAIL: gnu.testlet.javax.swing.plaf.metal.MetalLookAndFeel.getDefaults: ToolBar (number 1)
FAIL: gnu.testlet.javax.swing.plaf.metal.MetalLookAndFeel.getDefaults: ToolBar (number 2)
FAIL: gnu.testlet.javax.swing.plaf.metal.MetalLookAndFeel.getDefaults: ToolBar (number 4)
FAIL: gnu.testlet.javax.swing.plaf.metal.MetalLookAndFeel.getDefaults: ToolBar (number 5)
FAIL: gnu.testlet.javax.swing.plaf.metal.MetalLookAndFeel.getDefaults: ToolBar (number 6)
FAIL: gnu.testlet.javax.swing.plaf.metal.MetalLookAndFeel.getDefaults: ToolBar (number 7)
FAIL: gnu.testlet.javax.swing.plaf.metal.MetalLookAndFeel.getDefaults: ToolBar (number 8)
FAIL: gnu.testlet.javax.swing.plaf.metal.MetalLookAndFeel.getDefaults: ToolBar (number 9)
FAIL: gnu.testlet.javax.swing.plaf.metal.MetalLookAndFeel.getDefaults: ToolBar (number 10)
FAIL: gnu.testlet.javax.swing.plaf.metal.MetalLookAndFeel.getDefaults: ToolBar (number 11)
FAIL: gnu.testlet.javax.swing.plaf.metal.MetalLookAndFeel.getDefaults: ToolBar (number 12)
FAIL: gnu.testlet.javax.swing.plaf.metal.MetalLookAndFeel.getDefaults: ToolBar (number 13)
FAIL: gnu.testlet.javax.swing.plaf.metal.MetalLookAndFeel.getDefaults: ToolBar (number 14)
FAIL: gnu.testlet.javax.swing.plaf.metal.MetalLookAndFeel.getDefaults: ToolTip (number 1)
FAIL: gnu.testlet.javax.swing.plaf.metal.MetalLookAndFeel.getDefaults: ToolTip (number 2)
FAIL: gnu.testlet.javax.swing.plaf.metal.MetalLookAndFeel.getDefaults: ToolTip (number 4)
FAIL: gnu.testlet.javax.swing.plaf.metal.MetalLookAndFeel.getDefaults: ToolTip (number 5)
FAIL: gnu.testlet.javax.swing.plaf.metal.MetalLookAndFeel.getDefaults: ToolTip (number 6)
FAIL: gnu.testlet.javax.swing.plaf.metal.MetalLookAndFeel.getDefaults: ToolTip (number 7)
FAIL: gnu.testlet.javax.swing.plaf.metal.MetalLookAndFeel.getDefaults: ToolTip (number 8)
FAIL: gnu.testlet.javax.swing.plaf.metal.MetalLookAndFeel.getDefaults: ToolTip (number 9)
FAIL: gnu.testlet.javax.swing.plaf.metal.MetalLookAndFeel.getDefaults: ToolTip (number 10)
FAIL: gnu.testlet.javax.swing.plaf.metal.MetalLookAndFeel.getDefaults: Tree (number 1)
FAIL: gnu.testlet.javax.swing.plaf.metal.MetalLookAndFeel.getDefaults: Tree (number 2)
FAIL: gnu.testlet.javax.swing.plaf.metal.MetalLookAndFeel.getDefaults: Tree (number 9)
FAIL: gnu.testlet.javax.swing.plaf.metal.MetalLookAndFeel.getDefaults: Tree (number 10)
FAIL: gnu.testlet.javax.swing.plaf.metal.MetalLookAndFeel.getDefaults: Tree (number 11)
FAIL: gnu.testlet.javax.swing.plaf.metal.MetalLookAndFeel.getDefaults: Tree (number 12)
FAIL: gnu.testlet.javax.swing.plaf.metal.MetalLookAndFeel.getDefaults: Tree (number 13)
FAIL: gnu.testlet.javax.swing.plaf.metal.MetalLookAndFeel.getDefaults: Tree (number 16)
FAIL: gnu.testlet.javax.swing.plaf.metal.MetalLookAndFeel.getDefaults: Tree (number 19)
FAIL: gnu.testlet.javax.swing.plaf.metal.MetalLookAndFeel.getDefaults: Tree (number 21)
FAIL: gnu.testlet.javax.swing.plaf.metal.MetalLookAndFeel.getDefaults: Tree (number 22)
FAIL: gnu.testlet.javax.swing.plaf.metal.MetalLookAndFeel.getDefaults: Tree (number 23)
FAIL: gnu.testlet.javax.swing.plaf.metal.MetalLookAndFeel.getDefaults: Tree (number 24)
FAIL: gnu.testlet.javax.swing.plaf.metal.MetalLookAndFeel.getDefaults: Tree (number 25)
FAIL: gnu.testlet.javax.swing.plaf.metal.MetalLookAndFeel.getDefaults: Viewport (number 1)
FAIL: gnu.testlet.javax.swing.plaf.metal.MetalLookAndFeel.getDefaults: Viewport (number 3)
FAIL: gnu.testlet.javax.swing.plaf.metal.MetalLookAndFeel.getDescription (number 1)
FAIL: gnu.testlet.javax.swing.plaf.metal.MetalLookAndFeel.getDesktopColor: uncaught exception: java.lang.NullPointerException
FAIL: gnu.testlet.javax.swing.plaf.metal.MetalLookAndFeel.getFocusColor: uncaught exception: java.lang.NullPointerException
FAIL: gnu.testlet.javax.swing.plaf.metal.MetalLookAndFeel.getHighlightedTextColor: uncaught exception: java.lang.NullPointerException
FAIL: gnu.testlet.javax.swing.plaf.metal.MetalLookAndFeel.getID (number 1)
FAIL: gnu.testlet.javax.swing.plaf.metal.MetalLookAndFeel.getInactiveControlTextColor: uncaught exception: java.lang.NullPointerException
FAIL: gnu.testlet.javax.swing.plaf.metal.MetalLookAndFeel.getInactiveSystemTextColor: uncaught exception: java.lang.NullPointerException
FAIL: gnu.testlet.javax.swing.plaf.metal.MetalLookAndFeel.getMenuBackground: uncaught exception: java.lang.NullPointerException
FAIL: gnu.testlet.javax.swing.plaf.metal.MetalLookAndFeel.getMenuDisabledForeground: uncaught exception: java.lang.NullPointerException
FAIL: gnu.testlet.javax.swing.plaf.metal.MetalLookAndFeel.getMenuForeground: uncaught exception: java.lang.NullPointerException
FAIL: gnu.testlet.javax.swing.plaf.metal.MetalLookAndFeel.getMenuSelectedBackground: uncaught exception: java.lang.NullPointerException
FAIL: gnu.testlet.javax.swing.plaf.metal.MetalLookAndFeel.getMenuSelectedForeground: uncaught exception: java.lang.NullPointerException
FAIL: gnu.testlet.javax.swing.plaf.metal.MetalLookAndFeel.getMenuTextFont: uncaught exception: java.lang.NullPointerException
FAIL: gnu.testlet.javax.swing.plaf.metal.MetalLookAndFeel.getName (number 1)
FAIL: gnu.testlet.javax.swing.plaf.metal.MetalLookAndFeel.getPrimaryControl: uncaught exception: java.lang.NullPointerException
FAIL: gnu.testlet.javax.swing.plaf.metal.MetalLookAndFeel.getPrimaryControlDarkShadow: uncaught exception: java.lang.NullPointerException
FAIL: gnu.testlet.javax.swing.plaf.metal.MetalLookAndFeel.getPrimaryControlHighlight: uncaught exception: java.lang.NullPointerException
FAIL: gnu.testlet.javax.swing.plaf.metal.MetalLookAndFeel.getPrimaryControlInfo: uncaught exception: java.lang.NullPointerException
FAIL: gnu.testlet.javax.swing.plaf.metal.MetalLookAndFeel.getPrimaryControlShadow: uncaught exception: java.lang.NullPointerException
FAIL: gnu.testlet.javax.swing.plaf.metal.MetalLookAndFeel.getSeparatorBackground: uncaught exception: java.lang.NullPointerException
FAIL: gnu.testlet.javax.swing.plaf.metal.MetalLookAndFeel.getSeparatorForeground: uncaught exception: java.lang.NullPointerException
FAIL: gnu.testlet.javax.swing.plaf.metal.MetalLookAndFeel.getSubTextFont: uncaught exception: java.lang.NullPointerException
FAIL: gnu.testlet.javax.swing.plaf.metal.MetalLookAndFeel.getSystemTextColor: uncaught exception: java.lang.NullPointerException
FAIL: gnu.testlet.javax.swing.plaf.metal.MetalLookAndFeel.getSystemTextFont: uncaught exception: java.lang.NullPointerException
FAIL: gnu.testlet.javax.swing.plaf.metal.MetalLookAndFeel.getTextHighlightColor: uncaught exception: java.lang.NullPointerException
FAIL: gnu.testlet.javax.swing.plaf.metal.MetalLookAndFeel.getUserTextColor: uncaught exception: java.lang.NullPointerException
FAIL: gnu.testlet.javax.swing.plaf.metal.MetalLookAndFeel.getUserTextFont: uncaught exception: java.lang.NullPointerException
FAIL: gnu.testlet.javax.swing.plaf.metal.MetalLookAndFeel.getWhite: uncaught exception: java.lang.NullPointerException
FAIL: gnu.testlet.javax.swing.plaf.metal.MetalLookAndFeel.getWindowBackground: uncaught exception: java.lang.NullPointerException
FAIL: gnu.testlet.javax.swing.plaf.metal.MetalLookAndFeel.getWindowTitleBackground: uncaught exception: java.lang.NullPointerException
FAIL: gnu.testlet.javax.swing.plaf.metal.MetalLookAndFeel.getWindowTitleFont: uncaught exception: java.lang.NullPointerException
FAIL: gnu.testlet.javax.swing.plaf.metal.MetalLookAndFeel.getWindowTitleForeground: uncaught exception: java.lang.NullPointerException
FAIL: gnu.testlet.javax.swing.plaf.metal.MetalLookAndFeel.getWindowTitleInactiveBackground: uncaught exception: java.lang.NullPointerException
FAIL: gnu.testlet.javax.swing.plaf.metal.MetalLookAndFeel.getWindowTitleInactiveForeground: uncaught exception: java.lang.NullPointerException
FAIL: gnu.testlet.javax.swing.plaf.metal.MetalLookAndFeel.setCurrentTheme (number 2)
FAIL: Link for gnu.testlet.javax.swing.table.DefaultTableModel.addRow
FAIL: Link for gnu.testlet.javax.swing.table.DefaultTableModel.insertRow
FAIL: Link for gnu.testlet.javax.swing.table.DefaultTableModel.moveRow
FAIL: Link for gnu.testlet.javax.swing.table.DefaultTableModel.newDataAvailable
FAIL: Link for gnu.testlet.javax.swing.table.DefaultTableModel.removeRow
FAIL: Link for gnu.testlet.javax.swing.table.DefaultTableModel.rowsRemoved
FAIL: Link for gnu.testlet.javax.swing.table.DefaultTableModel.setColumnCount
FAIL: Link for gnu.testlet.javax.swing.table.DefaultTableModel.setColumnIdentifiers
FAIL: Link for gnu.testlet.javax.swing.table.DefaultTableModel.setRowCount
FAIL: Link for gnu.testlet.javax.swing.table.DefaultTableModel.setValueAt
FAIL: gnu.testlet.javax.swing.text.DefaultEditorKit.getActions: number of actions (number 1)
FAIL: gnu.testlet.javax.swing.text.DefaultEditorKit.getActions: caret-begin-line (number 1)
FAIL: gnu.testlet.javax.swing.text.DefaultEditorKit.getActions: caret-end-line (number 1)
FAIL: gnu.testlet.javax.swing.text.DefaultEditorKit.getActions: caret-next-word (number 1)
FAIL: gnu.testlet.javax.swing.text.DefaultEditorKit.getActions: caret-previous-word (number 1)
FAIL: gnu.testlet.javax.swing.text.DefaultEditorKit.getActions: select-all (number 1)
FAIL: gnu.testlet.javax.swing.text.DefaultEditorKit.getActions: selection-begin (number 1)
FAIL: gnu.testlet.javax.swing.text.DefaultEditorKit.getActions: selection-begin-line (number 1)
FAIL: gnu.testlet.javax.swing.text.DefaultEditorKit.getActions: selection-begin-word (number 1)
FAIL: gnu.testlet.javax.swing.text.DefaultEditorKit.getActions: selection-end (number 1)
FAIL: gnu.testlet.javax.swing.text.DefaultEditorKit.getActions: selection-end-line (number 1)
FAIL: gnu.testlet.javax.swing.text.DefaultEditorKit.getActions: selection-end-word (number 1)
FAIL: gnu.testlet.javax.swing.text.DefaultEditorKit.getActions: selection-next-word (number 1)
FAIL: gnu.testlet.javax.swing.text.DefaultEditorKit.getActions: selection-previous-word (number 1)
FAIL: gnu.testlet.javax.swing.text.DefaultEditorKit.getActions: toggle-componentOrientation (number 1)
FAIL: gnu.testlet.javax.swing.text.DefaultEditorKit.getActions: unselect (number 1)
FAIL: gnu.testlet.javax.swing.text.DefaultEditorKit.getActions: caret-begin (number 1)
FAIL: gnu.testlet.javax.swing.text.DefaultEditorKit.getActions: caret-begin-paragraph (number 1)
FAIL: gnu.testlet.javax.swing.text.DefaultEditorKit.getActions: caret-begin-word (number 1)
FAIL: gnu.testlet.javax.swing.text.DefaultEditorKit.getActions: caret-down (number 1)
FAIL: gnu.testlet.javax.swing.text.DefaultEditorKit.getActions: caret-end (number 1)
FAIL: gnu.testlet.javax.swing.text.DefaultEditorKit.getActions: caret-end-paragraph (number 1)
FAIL: gnu.testlet.javax.swing.text.DefaultEditorKit.getActions: caret-end-word (number 1)
FAIL: gnu.testlet.javax.swing.text.DefaultEditorKit.getActions: caret-up (number 1)
FAIL: gnu.testlet.javax.swing.text.DefaultEditorKit.getActions: dump-model (number 1)
FAIL: gnu.testlet.javax.swing.text.DefaultEditorKit.getActions: page-down (number 1)
FAIL: gnu.testlet.javax.swing.text.DefaultEditorKit.getActions: page-up (number 1)
FAIL: gnu.testlet.javax.swing.text.DefaultEditorKit.getActions: selection-begin-paragraph (number 1)
FAIL: gnu.testlet.javax.swing.text.DefaultEditorKit.getActions: selection-down (number 1)
FAIL: gnu.testlet.javax.swing.text.DefaultEditorKit.getActions: selection-end-paragraph (number 1)
FAIL: gnu.testlet.javax.swing.text.DefaultEditorKit.getActions: selection-page-down (number 1)
FAIL: gnu.testlet.javax.swing.text.DefaultEditorKit.getActions: selection-page-left (number 1)
FAIL: gnu.testlet.javax.swing.text.DefaultEditorKit.getActions: selection-page-right (number 1)
FAIL: gnu.testlet.javax.swing.text.DefaultEditorKit.getActions: selection-page-up (number 1)
FAIL: gnu.testlet.javax.swing.text.DefaultEditorKit.getActions: selection-up (number 1)
FAIL: gnu.testlet.javax.swing.text.DefaultEditorKit.getActions: select-line (number 1)
FAIL: gnu.testlet.javax.swing.text.DefaultEditorKit.getActions: select-paragraph (number 1)
FAIL: gnu.testlet.javax.swing.text.DefaultEditorKit.getActions: select-word (number 1)
FAIL: gnu.testlet.javax.swing.text.DefaultEditorKit.getActions: set-read-only (number 1)
FAIL: gnu.testlet.javax.swing.text.DefaultEditorKit.getActions: set-writable (number 1)
FAIL: gnu.testlet.javax.swing.text.html.parser.ParserDelegator.Text: normal (number 1)
FAIL: gnu.testlet.javax.swing.text.html.parser.ParserDelegator.Text: single word (number 1)
FAIL: gnu.testlet.javax.swing.text.html.parser.ParserDelegator.Text: line breaks (number 1)
FAIL: gnu.testlet.javax.swing.text.html.parser.ParserDelegator.Text: pre (number 1)
FAIL: gnu.testlet.javax.swing.text.html.parser.ParserDelegator.Text: pre (number 1)
FAIL: gnu.testlet.javax.swing.text.html.parser.ParserDelegator.Text: pre, single word (number 1)
FAIL: gnu.testlet.javax.swing.text.html.parser.ParserDelegator.Text: pre, single word with line breaks around (number 1)
FAIL: gnu.testlet.javax.swing.text.html.parser.ParserDelegator.Text: pre, line breaks (number 1)
FAIL: gnu.testlet.javax.swing.text.html.parser.ParserDelegator.Text: pre (number 1)
FAIL: gnu.testlet.javax.swing.text.html.parser.ParserDelegator.Text: textarea, single word with line breaks around (number 1)
FAIL: gnu.testlet.javax.swing.text.html.parser.ParserDelegator.Text: textarea, singe word (number 1)
FAIL: gnu.testlet.javax.swing.text.html.parser.ParserDelegator.Text:  textarea (number 1)
FAIL: gnu.testlet.javax.swing.text.html.parser.ParserDelegator.parsingTester: subseqent tags (number 1)
FAIL: gnu.testlet.javax.swing.text.html.parser.ParserDelegator.parsingTester: Attributes without value (number 1)
FAIL: Link for gnu.testlet.javax.swing.text.html.parser.ParserDelegator.randomTables
FAIL: Link for gnu.testlet.javax.swing.text.html.parser.ParserDelegator.tokenLocations
FAIL: gnu.testlet.javax.swing.tree.DefaultTreeSelectionModel.constructor: getSelectionMode() (number 1)
FAIL: gnu.testlet.javax.xml.parsers.DocumentBuilder.parseSimpleXML: simple xml with text nodes (number 1)
FAIL: gnu.testlet.javax.xml.parsers.DocumentBuilder.parseSimpleXML: comment (number 1)
FAIL: gnu.testlet.javax.xml.parsers.DocumentBuilder.parseSimpleXML: subsequent comments (number 1)
FAIL: gnu.testlet.locales.LocaleTest: DateFormat.DEFAULT de_DE (number 1)
FAIL: gnu.testlet.locales.LocaleTest: DateFormat.SHORT de_DE (number 1)
FAIL: gnu.testlet.locales.LocaleTest: DateFormat.MEDIUM de_DE (number 1)
FAIL: gnu.testlet.locales.LocaleTest: DateFormat.DEFAULT == DateFormat.MEDIUM de_DE (number 1)
FAIL: gnu.testlet.locales.LocaleTest: DateFormat.LONG de_DE (number 1)
FAIL: gnu.testlet.locales.LocaleTest: uncaught exception at "numberformats locale: de_DE" number 6: java.lang.IllegalArgumentException: The currency code, DM, is not supported.

		=== libjava Summary ===

# of expected passes		50036
# of unexpected failures	817
# of unexpected successes	3
# of expected failures		802
# of untested testcases		9
		=== libstdc++ tests ===


Running target unix
FAIL: 26_numerics/complex/13450.cc execution test

		=== libstdc++ Summary ===

# of expected passes		3287
# of unexpected failures	1
# of expected failures		16
# of unsupported tests		322

Compiler version: 4.1.0 20050924 (experimental) 
Platform: powerpc-apple-darwin8.2.0
configure flags: --prefix=/Volumes/export/gcc/gcc-cvs/testbin --enable-java-awt=gtk,xlib --enable-gtk-cairo --disable-checking --disable-multilib --enable-languages=c,c++,java

Index Nav: [Date Index] [Subject Index] [Author Index] [Thread Index]
Message Nav: [Date Prev] [Date Next] [Thread Prev] [Thread Next]