This is the mail archive of the gcc-testresults@gcc.gnu.org mailing list for the GCC project.


Index Nav: [Date Index] [Subject Index] [Author Index] [Thread Index]
Message Nav: [Date Prev] [Date Next] [Thread Prev] [Thread Next]
Other format: [Raw text]

Results for 4.0.2 testsuite on hppa-unknown-linux-gnu


LAST_UPDATED: Thu Sep 22 22:36:09 UTC 2005

		=== acats tests ===
FAIL:	c38202a
FAIL:	c39008c
FAIL:	c41306b
FAIL:	c41306c
FAIL:	c41307d
FAIL:	c46051a
FAIL:	c64201b
FAIL:	c650001
FAIL:	c761007
FAIL:	c85005b
FAIL:	c85005c
FAIL:	c85005d
FAIL:	c85005e
FAIL:	c85006b
FAIL:	c85006c
FAIL:	c85006d
FAIL:	c85006e
FAIL:	c910001
FAIL:	c910002
FAIL:	c910003
FAIL:	c92003a
FAIL:	c930001
FAIL:	c93001a
FAIL:	c93002a
FAIL:	c93003a
FAIL:	c93004b
FAIL:	c93004c
FAIL:	c93004d
FAIL:	c93004f
FAIL:	c93005a
FAIL:	c93005b
FAIL:	c93005c
FAIL:	c93005d
FAIL:	c93005e
FAIL:	c93005f
FAIL:	c93005g
FAIL:	c93005h
FAIL:	c93007a
FAIL:	c93008a
FAIL:	c940001
FAIL:	c940005
FAIL:	c940007
FAIL:	c940010
FAIL:	c940013
FAIL:	c940016
FAIL:	c94001a
FAIL:	c94001b
FAIL:	c94001c
FAIL:	c94001g
FAIL:	c94002a
FAIL:	c94002b
FAIL:	c94002e
FAIL:	c94002f
FAIL:	c94002g
FAIL:	c94005b
FAIL:	c94007a
FAIL:	c94007b
FAIL:	c94008b
FAIL:	c94008c
FAIL:	c94008d
FAIL:	c94020a
FAIL:	c95009a
FAIL:	c95012a
FAIL:	c95021a
FAIL:	c95022a
FAIL:	c95022b
FAIL:	c95040c
FAIL:	c95040d
FAIL:	c95071a
FAIL:	c95078a
FAIL:	c95085i
FAIL:	c95085m
FAIL:	c95087a
FAIL:	c95090a
FAIL:	c951001
FAIL:	c951002
FAIL:	c953001
FAIL:	c953002
FAIL:	c953003
FAIL:	c954019
FAIL:	c954022
FAIL:	c954023
FAIL:	c954024
FAIL:	c954025
FAIL:	c960004
FAIL:	c97116a
FAIL:	c97201b
FAIL:	c97203c
FAIL:	c97301b
FAIL:	c97303c
FAIL:	c97307a
FAIL:	c974001
FAIL:	c974002
FAIL:	c974013
FAIL:	c99004a
FAIL:	c99005a
FAIL:	c9a007a
FAIL:	c9a009a
FAIL:	c9a009c
FAIL:	c9a009f
FAIL:	c9a009g
FAIL:	c9a009h
FAIL:	c9a010a
FAIL:	cb5001b
FAIL:	cb5002a
FAIL:	cc3601c
FAIL:	cd10002
FAIL:	cxg1005

		=== acats Summary ===
# of expected passes		2212
# of unexpected failures	108
Native configuration is hppa-unknown-linux-gnu

		=== g++ tests ===


Running target unix
FAIL: g++.dg/eh/forced1.C execution test
FAIL: g++.dg/warn/huge-val1.C (test for excess errors)
FAIL: g++.old-deja/g++.eh/terminate2.C execution test
XPASS: g++.old-deja/g++.other/init5.C execution test

		=== g++ Summary ===

# of expected passes		11034
# of unexpected failures	3
# of unexpected successes	1
# of expected failures		68
# of unsupported tests		92
/home/dave/gcc-4.0/objdir/gcc/testsuite/../g++  version 4.0.2

		=== gcc tests ===


Running target unix
XPASS: gcc.dg/const-elim-1.c scan-assembler-not L\\\\\$?C[^A-Z]
XPASS: gcc.dg/tree-ssa/loop-1.c scan-assembler-times foo 5

		=== gcc Summary ===

# of expected passes		34351
# of unexpected successes	2
# of expected failures		68
# of untested testcases		28
# of unsupported tests		506
/home/dave/gcc-4.0/objdir/gcc/xgcc  version 4.0.2

		=== gfortran tests ===


Running target unix

		=== gfortran Summary ===

# of expected passes		8188
# of expected failures		1
# of unsupported tests		17
/home/dave/gcc-4.0/objdir/gcc/testsuite/../gfortran  version 4.0.2

		=== objc tests ===


Running target unix

		=== objc Summary ===

# of expected passes		1536
# of unsupported tests		10
/home/dave/gcc-4.0/objdir/gcc/xgcc  version 4.0.2

		=== libffi tests ===


Running target unix

		=== libffi Summary ===

# of expected passes		219
# of unsupported tests		2
		=== libjava tests ===


Running target unix
WARNING: program timed out.
FAIL: Process_3 -O3 execution - source compiled test
FAIL: SyncTest execution - source compiled test
WARNING: program timed out.
FAIL: SyncTest execution - bytecode->native test
FAIL: SyncTest -O3 execution - source compiled test
FAIL: SyncTest -O3 execution - bytecode->native test
FAIL: Thread_Monitor execution - bytecode->native test
FAIL: Thread_Monitor -O3 execution - bytecode->native test

		=== libjava Summary ===

# of expected passes		3078
# of unexpected failures	7
# of expected failures		14
# of untested testcases		25
		=== libmudflap tests ===


Running target unix
FAIL: libmudflap.c/pass49-frag.c execution test
FAIL: libmudflap.c/pass49-frag.c output pattern test
FAIL: libmudflap.c/pass49-frag.c (-static) execution test
FAIL: libmudflap.c/pass49-frag.c (-static) output pattern test
FAIL: libmudflap.c/pass49-frag.c (-O2) execution test
FAIL: libmudflap.c/pass49-frag.c (-O2) output pattern test
FAIL: libmudflap.c/pass49-frag.c (-O3) execution test
FAIL: libmudflap.c/pass49-frag.c (-O3) output pattern test
WARNING: program timed out.
FAIL: libmudflap.cth/pass40-frag.c execution test
FAIL: libmudflap.cth/pass40-frag.c output pattern test
WARNING: program timed out.
FAIL: libmudflap.cth/pass40-frag.c (-static -DSTATIC) execution test
FAIL: libmudflap.cth/pass40-frag.c (-static -DSTATIC) output pattern test
WARNING: program timed out.
FAIL: libmudflap.cth/pass40-frag.c (-O2) execution test
FAIL: libmudflap.cth/pass40-frag.c (-O2) output pattern test
WARNING: program timed out.
FAIL: libmudflap.cth/pass40-frag.c (-O3) execution test
FAIL: libmudflap.cth/pass40-frag.c (-O3) output pattern test

		=== libmudflap Summary ===

# of expected passes		1272
# of unexpected failures	16
		=== libstdc++ tests ===


Running target unix
FAIL: 22_locale/money_get/get/char/5.cc execution test
FAIL: 22_locale/money_get/get/wchar_t/5.cc execution test
FAIL: 22_locale/num_get/get/char/10.cc execution test
FAIL: 22_locale/num_get/get/char/4.cc execution test
FAIL: 22_locale/num_get/get/wchar_t/10.cc execution test
FAIL: 22_locale/num_get/get/wchar_t/4.cc execution test
XPASS: 26_numerics/cmath/c99_classification_macros_c.cc (test for excess errors)
FAIL: 26_numerics/complex/complex_inserters_extractors.cc execution test
FAIL: 27_io/basic_istream/extractors_arithmetic/char/01.cc execution test
FAIL: 27_io/basic_istream/extractors_arithmetic/wchar_t/01.cc execution test

		=== libstdc++ Summary ===

# of expected passes		3659
# of unexpected failures	9
# of unexpected successes	1
# of expected failures		13

Compiler version: 4.0.2 
Platform: hppa-unknown-linux-gnu
configure flags: --with-gnu-as --with-as=/home/dave/opt/gnu/bin/as --with-gnu-ld --with-ld=/home/dave/opt/gnu/bin/ld --enable-shared --enable-nls --prefix=/home/dave/opt/gnu/gcc/gcc-4.0.2 --with-local-prefix=/home/dave/opt/gnu --enable-threads=posix --enable-__cxa_atexit --host=hppa-linux --enable-clocale=gnu --enable-java-gc=boehm --enable-java-awt=xlib --disable-checking --enable-languages=c,ada,c++,f95,java,objc


Index Nav: [Date Index] [Subject Index] [Author Index] [Thread Index]
Message Nav: [Date Prev] [Date Next] [Thread Prev] [Thread Next]