This is the mail archive of the gcc-testresults@gcc.gnu.org mailing list for the GCC project.


Index Nav: [Date Index] [Subject Index] [Author Index] [Thread Index]
Message Nav: [Date Prev] [Date Next] [Thread Prev] [Thread Next]
Other format: [Raw text]

[Fwd: Results for 4.1.0 20050922 (experimental) testsuite on sh64-unknown-elf]




-------- Original Message --------
Subject: Results for 4.1.0 20050922 (experimental) testsuite on sh64-unknown-elf
Date: Fri, 23 Sep 2005 14:15:49 +0100
From: Joern Rennecke <renneckej@bristol.st.com>
To: joern.rennecke@st.com




LAST_UPDATED: 2005-09-22 18:00 UTC

Target is sh64-unknown-elf
Host   is i686-pc-linux-gnu

=== gcc tests ===


Running target sh64
FAIL: gcc.c-torture/execute/pr22493-1.c execution, -O1 FAIL: gcc.c-torture/execute/pr22493-1.c execution, -O2 FAIL: gcc.c-torture/execute/pr22493-1.c execution, -Os FAIL: gcc.c-torture/execute/ieee/copysign1.c execution, -O0 FAIL: gcc.c-torture/execute/ieee/copysign1.c execution, -O1 FAIL: gcc.c-torture/execute/ieee/copysign1.c execution, -O2 FAIL: gcc.c-torture/execute/ieee/copysign1.c execution, -O3 -fomit-frame-pointer FAIL: gcc.c-torture/execute/ieee/copysign1.c execution, -O3 -fomit-frame-pointer -funroll-loops FAIL: gcc.c-torture/execute/ieee/copysign1.c execution, -O3 -fomit-frame-pointer -funroll-all-loops -finline-functions FAIL: gcc.c-torture/execute/ieee/copysign1.c execution, -O3 -g FAIL: gcc.c-torture/execute/ieee/copysign1.c execution, -Os FAIL: gcc.dg/20021014-1.c (test for excess errors)
FAIL: gcc.dg/20021014-1.c execution test
FAIL: gcc.dg/intmax_t-1.c (test for errors, line )
FAIL: gcc.dg/nest.c (test for excess errors)
FAIL: gcc.dg/nest.c execution test
FAIL: gcc.dg/pr17055-1.c (test for excess errors)
XPASS: gcc.dg/tree-ssa/20040204-1.c scan-tree-dump-times link_error 0
FAIL: gcc.dg/tree-ssa/gen-vect-11c.c scan-tree-dump-times vectorized 0 loops 1
FAIL: gcc.dg/tree-ssa/loop-1.c scan-assembler-times jsr|blink tr?,r18 5
XPASS: gcc.dg/tree-ssa/sra-2.c scan-tree-dump-times link_error 0


=== gcc Summary for sh64 ===

# of expected passes		36130
# of unexpected failures	19
# of unexpected successes	2
# of expected failures		74
# of untested testcases		28
# of unsupported tests		555

Running target sh64/-ml
FAIL: gcc.c-torture/execute/pr22493-1.c execution, -O1 FAIL: gcc.c-torture/execute/pr22493-1.c execution, -O2 FAIL: gcc.c-torture/execute/pr22493-1.c execution, -Os FAIL: gcc.c-torture/execute/ieee/copysign1.c execution, -O0 FAIL: gcc.c-torture/execute/ieee/copysign1.c execution, -O1 FAIL: gcc.c-torture/execute/ieee/copysign1.c execution, -O2 FAIL: gcc.c-torture/execute/ieee/copysign1.c execution, -O3 -fomit-frame-pointer FAIL: gcc.c-torture/execute/ieee/copysign1.c execution, -O3 -fomit-frame-pointer -funroll-loops FAIL: gcc.c-torture/execute/ieee/copysign1.c execution, -O3 -fomit-frame-pointer -funroll-all-loops -finline-functions FAIL: gcc.c-torture/execute/ieee/copysign1.c execution, -O3 -g FAIL: gcc.c-torture/execute/ieee/copysign1.c execution, -Os FAIL: gcc.dg/20021014-1.c (test for excess errors)
FAIL: gcc.dg/20021014-1.c execution test
WARNING: program timed out.
FAIL: gcc.dg/c99-intconst-1.c (test for excess errors)
FAIL: gcc.dg/intmax_t-1.c (test for errors, line )
FAIL: gcc.dg/nest.c (test for excess errors)
FAIL: gcc.dg/nest.c execution test
FAIL: gcc.dg/pr17055-1.c (test for excess errors)
XPASS: gcc.dg/tree-ssa/20040204-1.c scan-tree-dump-times link_error 0
FAIL: gcc.dg/tree-ssa/gen-vect-11c.c scan-tree-dump-times vectorized 0 loops 1
FAIL: gcc.dg/tree-ssa/loop-1.c scan-assembler-times jsr|blink tr?,r18 5
XPASS: gcc.dg/tree-ssa/sra-2.c scan-tree-dump-times link_error 0


=== gcc Summary for sh64/-ml ===

# of expected passes		36129
# of unexpected failures	20
# of unexpected successes	2
# of expected failures		74
# of untested testcases		28
# of unsupported tests		555

Running target sh64/-m5-compact/-ml
WARNING: program timed out.
FAIL: gcc.c-torture/compile/20001226-1.c -O3 -g (test for excess errors)
WARNING: program timed out.
FAIL: gcc.c-torture/compile/20050113-1.c -O1 (test for excess errors)
WARNING: program timed out.
FAIL: gcc.c-torture/compile/20050113-1.c -O2 (test for excess errors)
WARNING: program timed out.
FAIL: gcc.c-torture/compile/20050113-1.c -O3 -fomit-frame-pointer (test for excess errors)
WARNING: program timed out.
FAIL: gcc.c-torture/compile/20050113-1.c -O3 -g (test for excess errors)
WARNING: program timed out.
FAIL: gcc.c-torture/compile/20050113-1.c -Os (test for excess errors)
WARNING: program timed out.
FAIL: gcc.c-torture/compile/simd-5.c -O1 (test for excess errors)
WARNING: program timed out.
FAIL: gcc.c-torture/compile/simd-5.c -O2 (test for excess errors)
WARNING: program timed out.
FAIL: gcc.c-torture/compile/simd-5.c -O3 -fomit-frame-pointer (test for excess errors)
WARNING: program timed out.
FAIL: gcc.c-torture/compile/simd-5.c -O3 -g (test for excess errors)
WARNING: program timed out.
FAIL: gcc.c-torture/compile/simd-5.c -Os (test for excess errors)
FAIL: gcc.c-torture/execute/ieee/compare-fp-1.c execution, -O3 -fomit-frame-pointer FAIL: gcc.c-torture/execute/ieee/compare-fp-1.c execution, -O3 -g FAIL: gcc.c-torture/execute/ieee/compare-fp-4.c execution, -O3 -fomit-frame-pointer FAIL: gcc.c-torture/execute/ieee/compare-fp-4.c execution, -O3 -g FAIL: gcc.c-torture/execute/ieee/copysign1.c execution, -O0 FAIL: gcc.c-torture/execute/ieee/copysign1.c execution, -O1 FAIL: gcc.c-torture/execute/ieee/copysign1.c execution, -O2 FAIL: gcc.c-torture/execute/ieee/copysign1.c execution, -O3 -fomit-frame-pointer FAIL: gcc.c-torture/execute/ieee/copysign1.c execution, -O3 -fomit-frame-pointer -funroll-loops FAIL: gcc.c-torture/execute/ieee/copysign1.c execution, -O3 -fomit-frame-pointer -funroll-all-loops -finline-functions FAIL: gcc.c-torture/execute/ieee/copysign1.c execution, -O3 -g FAIL: gcc.c-torture/execute/ieee/copysign1.c execution, -Os FAIL: gcc.c-torture/execute/ieee/fp-cmp-4f.c execution, -O0 FAIL: gcc.c-torture/execute/ieee/fp-cmp-4f.c execution, -O3 -fomit-frame-pointer FAIL: gcc.c-torture/execute/ieee/fp-cmp-4f.c execution, -O3 -g FAIL: gcc.c-torture/execute/ieee/fp-cmp-8f.c execution, -O0 FAIL: gcc.dg/20021014-1.c (test for excess errors)
FAIL: gcc.dg/20021014-1.c execution test
FAIL: gcc.dg/intmax_t-1.c (test for errors, line )
FAIL: gcc.dg/nest.c (test for excess errors)
FAIL: gcc.dg/nest.c execution test
XPASS: gcc.dg/tree-ssa/20040204-1.c scan-tree-dump-times link_error 0
XPASS: gcc.dg/tree-ssa/sra-2.c scan-tree-dump-times link_error 0


=== gcc Summary for sh64/-m5-compact/-ml ===

# of expected passes		36117
# of unexpected failures	32
# of unexpected successes	2
# of expected failures		74
# of untested testcases		28
# of unsupported tests		555

=== gcc Summary ===

# of expected passes		108376
# of unexpected failures	71
# of unexpected successes	6
# of expected failures		222
# of untested testcases		84
# of unsupported tests		1665
/mnt/scratch/nightly/2005-09-22/sh64-elf/gcc/xgcc  version 4.1.0 20050922 (experimental)

Host is i686-pc-linux-gnu

=== g++ tests ===


Running target sh64 FAIL: g++.dg/abi/bitfield5.C (test for warnings, line 11) FAIL: g++.dg/eh/registers1.C execution test FAIL: g++.dg/init/array15.C (test for excess errors) WARNING: g++.dg/init/array15.C compilation failed to produce executable FAIL: g++.dg/init/array16.C (test for excess errors) WARNING: g++.dg/init/array16.C compilation failed to produce executable XPASS: g++.old-deja/g++.jason/thunk3.C execution test FAIL: g++.old-deja/g++.law/profile1.C (test for excess errors)

=== g++ Summary for sh64 ===

# of expected passes		11251
# of unexpected failures	5
# of unexpected successes	1
# of expected failures		67
# of unsupported tests		119

Running target sh64/-ml
FAIL: g++.dg/abi/bitfield5.C  (test for warnings, line 11)
FAIL: g++.dg/eh/registers1.C execution test
FAIL: g++.dg/init/array15.C (test for excess errors)
WARNING: g++.dg/init/array15.C compilation failed to produce executable
FAIL: g++.dg/init/array16.C (test for excess errors)
WARNING: g++.dg/init/array16.C compilation failed to produce executable
XPASS: g++.old-deja/g++.jason/thunk3.C execution test
FAIL: g++.old-deja/g++.law/profile1.C (test for excess errors)

=== g++ Summary for sh64/-ml ===

# of expected passes		11251
# of unexpected failures	5
# of unexpected successes	1
# of expected failures		67
# of unsupported tests		119

Running target sh64/-m5-compact/-ml
FAIL: g++.dg/compat/eh/unexpected1 cp_compat_x_tst.o-cp_compat_y_tst.o execute FAIL: g++.dg/abi/bitfield5.C (test for warnings, line 11)
FAIL: g++.dg/eh/crossjump1.C execution test
FAIL: g++.dg/eh/registers1.C execution test
FAIL: g++.dg/eh/uncaught1.C execution test
FAIL: g++.dg/eh/unexpected1.C execution test
FAIL: g++.dg/init/array15.C (test for excess errors)
WARNING: g++.dg/init/array15.C compilation failed to produce executable
FAIL: g++.dg/init/array16.C (test for excess errors)
WARNING: g++.dg/init/array16.C compilation failed to produce executable
FAIL: g++.dg/opt/pr23478.C execution test
FAIL: g++.dg/opt/reg-stack2.C (test for excess errors)
FAIL: g++.old-deja/g++.abi/cxa_vec.C execution test
FAIL: g++.old-deja/g++.eh/badalloc1.C execution test
FAIL: g++.old-deja/g++.eh/fntry1.C execution test
FAIL: g++.old-deja/g++.eh/rethrow1.C execution test
FAIL: g++.old-deja/g++.eh/rethrow2.C execution test
FAIL: g++.old-deja/g++.eh/rethrow3.C execution test
FAIL: g++.old-deja/g++.eh/rethrow4.C execution test
FAIL: g++.old-deja/g++.eh/rethrow5.C execution test
FAIL: g++.old-deja/g++.eh/rethrow6.C execution test
FAIL: g++.old-deja/g++.eh/spec2.C execution test
FAIL: g++.old-deja/g++.eh/spec3.C execution test
XPASS: g++.old-deja/g++.jason/thunk3.C execution test
FAIL: g++.old-deja/g++.law/profile1.C (test for excess errors)
FAIL: g++.old-deja/g++.law/profile1.C execution test
FAIL: g++.old-deja/g++.mike/eh33.C execution test
FAIL: g++.old-deja/g++.mike/eh39.C execution test
FAIL: g++.old-deja/g++.mike/eh40.C execution test
FAIL: g++.old-deja/g++.mike/eh50.C execution test
FAIL: g++.old-deja/g++.mike/eh51.C execution test
FAIL: g++.old-deja/g++.robertl/eb31.C execution test


=== g++ Summary for sh64/-m5-compact/-ml ===

# of expected passes		11227
# of unexpected failures	29
# of unexpected successes	1
# of expected failures		67
# of unsupported tests		119

=== g++ Summary ===

# of expected passes		33729
# of unexpected failures	39
# of unexpected successes	3
# of expected failures		201
# of unsupported tests		357
/mnt/scratch/nightly/2005-09-22/sh64-elf/gcc/testsuite/../g++  version 4.1.0 20050922 (experimental)

Host is i686-pc-linux-gnu

=== objc tests ===


Running target sh64 FAIL: objc/execute/bf-10.m execution, -O0 -fgnu-runtime FAIL: objc/execute/bf-10.m execution, -O1 -fgnu-runtime FAIL: objc/execute/bf-10.m execution, -O2 -fgnu-runtime FAIL: objc/execute/bf-10.m execution, -O3 -fomit-frame-pointer -fgnu-runtime FAIL: objc/execute/bf-10.m execution, -O3 -g -fgnu-runtime FAIL: objc/execute/bf-10.m execution, -Os -fgnu-runtime FAIL: objc/execute/bf-11.m execution, -O0 -fgnu-runtime FAIL: objc/execute/bf-11.m execution, -O1 -fgnu-runtime FAIL: objc/execute/bf-11.m execution, -O2 -fgnu-runtime FAIL: objc/execute/bf-11.m execution, -O3 -fomit-frame-pointer -fgnu-runtime FAIL: objc/execute/bf-11.m execution, -O3 -g -fgnu-runtime FAIL: objc/execute/bf-11.m execution, -Os -fgnu-runtime FAIL: objc/execute/bf-12.m execution, -O0 -fgnu-runtime FAIL: objc/execute/bf-12.m execution, -O1 -fgnu-runtime FAIL: objc/execute/bf-12.m execution, -O2 -fgnu-runtime FAIL: objc/execute/bf-12.m execution, -O3 -fomit-frame-pointer -fgnu-runtime FAIL: objc/execute/bf-12.m execution, -O3 -g -fgnu-runtime FAIL: objc/execute/bf-12.m execution, -Os -fgnu-runtime FAIL: objc/execute/bf-5.m execution, -O0 -fgnu-runtime FAIL: objc/execute/bf-5.m execution, -O1 -fgnu-runtime FAIL: objc/execute/bf-5.m execution, -O2 -fgnu-runtime FAIL: objc/execute/bf-5.m execution, -O3 -fomit-frame-pointer -fgnu-runtime FAIL: objc/execute/bf-5.m execution, -O3 -g -fgnu-runtime FAIL: objc/execute/bf-5.m execution, -Os -fgnu-runtime FAIL: objc/execute/bf-6.m execution, -O0 -fgnu-runtime FAIL: objc/execute/bf-6.m execution, -O1 -fgnu-runtime FAIL: objc/execute/bf-6.m execution, -O2 -fgnu-runtime FAIL: objc/execute/bf-6.m execution, -O3 -fomit-frame-pointer -fgnu-runtime FAIL: objc/execute/bf-6.m execution, -O3 -g -fgnu-runtime FAIL: objc/execute/bf-6.m execution, -Os -fgnu-runtime FAIL: objc/execute/bf-7.m execution, -O0 -fgnu-runtime FAIL: objc/execute/bf-7.m execution, -O1 -fgnu-runtime FAIL: objc/execute/bf-7.m execution, -O2 -fgnu-runtime FAIL: objc/execute/bf-7.m execution, -O3 -fomit-frame-pointer -fgnu-runtime FAIL: objc/execute/bf-7.m execution, -O3 -g -fgnu-runtime FAIL: objc/execute/bf-7.m execution, -Os -fgnu-runtime FAIL: objc/execute/bf-8.m execution, -O0 -fgnu-runtime FAIL: objc/execute/bf-8.m execution, -O1 -fgnu-runtime FAIL: objc/execute/bf-8.m execution, -O2 -fgnu-runtime FAIL: objc/execute/bf-8.m execution, -O3 -fomit-frame-pointer -fgnu-runtime FAIL: objc/execute/bf-8.m execution, -O3 -g -fgnu-runtime FAIL: objc/execute/bf-8.m execution, -Os -fgnu-runtime FAIL: objc/execute/bf-9.m execution, -O0 -fgnu-runtime FAIL: objc/execute/bf-9.m execution, -O1 -fgnu-runtime FAIL: objc/execute/bf-9.m execution, -O2 -fgnu-runtime FAIL: objc/execute/bf-9.m execution, -O3 -fomit-frame-pointer -fgnu-runtime FAIL: objc/execute/bf-9.m execution, -O3 -g -fgnu-runtime FAIL: objc/execute/bf-9.m execution, -Os -fgnu-runtime FAIL: objc.dg/bitfield-3.m (test for excess errors) FAIL: objc.dg/bitfield-3.m execution test FAIL: objc.dg/bitfield-5.m (test for excess errors) FAIL: objc.dg/bitfield-5.m execution test FAIL: objc.dg/stabs-1.m scan-assembler (.SUBSPA.*[\$]CODE[\$]|.text"?)\\n\\t.stabs.*100,0,0,(\\\\.)?L?L[\$]?etext[0-9]*\\n(\\\\.)?L?L[\$]?etext

=== objc Summary for sh64 ===

# of expected passes		1619
# of unexpected failures	53
# of unsupported tests		22

Running target sh64/-ml
FAIL: objc/execute/bf-10.m execution, -O0 FAIL: objc/execute/bf-10.m execution, -O1 FAIL: objc/execute/bf-10.m execution, -O2 FAIL: objc/execute/bf-10.m execution, -O3 -fomit-frame-pointer FAIL: objc/execute/bf-10.m execution, -O3 -g FAIL: objc/execute/bf-10.m execution, -Os FAIL: objc/execute/bf-11.m execution, -O0 FAIL: objc/execute/bf-11.m execution, -O1 FAIL: objc/execute/bf-11.m execution, -O2 FAIL: objc/execute/bf-11.m execution, -O3 -fomit-frame-pointer FAIL: objc/execute/bf-11.m execution, -O3 -g FAIL: objc/execute/bf-11.m execution, -Os FAIL: objc/execute/bf-12.m execution, -O0 FAIL: objc/execute/bf-12.m execution, -O1 FAIL: objc/execute/bf-12.m execution, -O2 FAIL: objc/execute/bf-12.m execution, -O3 -fomit-frame-pointer FAIL: objc/execute/bf-12.m execution, -O3 -g FAIL: objc/execute/bf-12.m execution, -Os FAIL: objc/execute/bf-5.m execution, -O0 FAIL: objc/execute/bf-5.m execution, -O1 FAIL: objc/execute/bf-5.m execution, -O2 FAIL: objc/execute/bf-5.m execution, -O3 -fomit-frame-pointer FAIL: objc/execute/bf-5.m execution, -O3 -g FAIL: objc/execute/bf-5.m execution, -Os FAIL: objc/execute/bf-6.m execution, -O0 FAIL: objc/execute/bf-6.m execution, -O1 FAIL: objc/execute/bf-6.m execution, -O2 FAIL: objc/execute/bf-6.m execution, -O3 -fomit-frame-pointer FAIL: objc/execute/bf-6.m execution, -O3 -g FAIL: objc/execute/bf-6.m execution, -Os FAIL: objc/execute/bf-7.m execution, -O0 FAIL: objc/execute/bf-7.m execution, -O1 FAIL: objc/execute/bf-7.m execution, -O2 FAIL: objc/execute/bf-7.m execution, -O3 -fomit-frame-pointer FAIL: objc/execute/bf-7.m execution, -O3 -g FAIL: objc/execute/bf-7.m execution, -Os FAIL: objc/execute/bf-8.m execution, -O0 FAIL: objc/execute/bf-8.m execution, -O1 FAIL: objc/execute/bf-8.m execution, -O2 FAIL: objc/execute/bf-8.m execution, -O3 -fomit-frame-pointer FAIL: objc/execute/bf-8.m execution, -O3 -g FAIL: objc/execute/bf-8.m execution, -Os FAIL: objc/execute/bf-9.m execution, -O0 FAIL: objc/execute/bf-9.m execution, -O1 FAIL: objc/execute/bf-9.m execution, -O2 FAIL: objc/execute/bf-9.m execution, -O3 -fomit-frame-pointer FAIL: objc/execute/bf-9.m execution, -O3 -g FAIL: objc/execute/bf-9.m execution, -Os FAIL: objc.dg/bitfield-3.m (test for excess errors)
FAIL: objc.dg/bitfield-3.m execution test
FAIL: objc.dg/bitfield-5.m (test for excess errors)
FAIL: objc.dg/bitfield-5.m execution test
FAIL: objc.dg/stabs-1.m scan-assembler (.SUBSPA.*[\$]CODE[\$]|.text"?)\\n\\t.stabs.*100,0,0,(\\\\.)?L?L[\$]?etext[0-9]*\\n(\\\\.)?L?L[\$]?etext


=== objc Summary for sh64/-ml ===

# of expected passes		1619
# of unexpected failures	53
# of unsupported tests		22

Running target sh64/-m5-compact/-ml
FAIL: objc/execute/exceptions/foward-1.m execution, -O0 FAIL: objc/execute/exceptions/foward-1.m execution, -O1 FAIL: objc/execute/exceptions/foward-1.m execution, -O2 FAIL: objc/execute/exceptions/foward-1.m execution, -O3 -fomit-frame-pointer FAIL: objc/execute/exceptions/foward-1.m execution, -O3 -fomit-frame-pointer -funroll-loops FAIL: objc/execute/exceptions/foward-1.m execution, -O3 -fomit-frame-pointer -funroll-all-loops -finline-functions FAIL: objc/execute/exceptions/foward-1.m execution, -O3 -g FAIL: objc/execute/exceptions/foward-1.m execution, -Os FAIL: objc/execute/bf-10.m execution, -O0 FAIL: objc/execute/bf-10.m execution, -O1 FAIL: objc/execute/bf-10.m execution, -O2 FAIL: objc/execute/bf-10.m execution, -O3 -fomit-frame-pointer FAIL: objc/execute/bf-10.m execution, -O3 -g FAIL: objc/execute/bf-10.m execution, -Os FAIL: objc/execute/bf-11.m execution, -O0 FAIL: objc/execute/bf-11.m execution, -O1 FAIL: objc/execute/bf-11.m execution, -O2 FAIL: objc/execute/bf-11.m execution, -O3 -fomit-frame-pointer FAIL: objc/execute/bf-11.m execution, -O3 -g FAIL: objc/execute/bf-11.m execution, -Os FAIL: objc/execute/bf-12.m execution, -O0 FAIL: objc/execute/bf-12.m execution, -O1 FAIL: objc/execute/bf-12.m execution, -O2 FAIL: objc/execute/bf-12.m execution, -O3 -fomit-frame-pointer FAIL: objc/execute/bf-12.m execution, -O3 -g FAIL: objc/execute/bf-12.m execution, -Os FAIL: objc/execute/bf-5.m execution, -O0 FAIL: objc/execute/bf-5.m execution, -O1 FAIL: objc/execute/bf-5.m execution, -O2 FAIL: objc/execute/bf-5.m execution, -O3 -fomit-frame-pointer FAIL: objc/execute/bf-5.m execution, -O3 -g FAIL: objc/execute/bf-5.m execution, -Os FAIL: objc/execute/bf-6.m execution, -O0 FAIL: objc/execute/bf-6.m execution, -O1 FAIL: objc/execute/bf-6.m execution, -O2 FAIL: objc/execute/bf-6.m execution, -O3 -fomit-frame-pointer FAIL: objc/execute/bf-6.m execution, -O3 -g FAIL: objc/execute/bf-6.m execution, -Os FAIL: objc/execute/bf-7.m execution, -O0 FAIL: objc/execute/bf-7.m execution, -O1 FAIL: objc/execute/bf-7.m execution, -O2 FAIL: objc/execute/bf-7.m execution, -O3 -fomit-frame-pointer FAIL: objc/execute/bf-7.m execution, -O3 -g FAIL: objc/execute/bf-7.m execution, -Os FAIL: objc/execute/bf-8.m execution, -O0 FAIL: objc/execute/bf-8.m execution, -O1 FAIL: objc/execute/bf-8.m execution, -O2 FAIL: objc/execute/bf-8.m execution, -O3 -fomit-frame-pointer FAIL: objc/execute/bf-8.m execution, -O3 -g FAIL: objc/execute/bf-8.m execution, -Os FAIL: objc/execute/bf-9.m execution, -O0 FAIL: objc/execute/bf-9.m execution, -O1 FAIL: objc/execute/bf-9.m execution, -O2 FAIL: objc/execute/bf-9.m execution, -O3 -fomit-frame-pointer FAIL: objc/execute/bf-9.m execution, -O3 -g FAIL: objc/execute/bf-9.m execution, -Os FAIL: objc.dg/bitfield-3.m (test for excess errors)
FAIL: objc.dg/bitfield-3.m execution test
FAIL: objc.dg/bitfield-5.m (test for excess errors)
FAIL: objc.dg/bitfield-5.m execution test


=== objc Summary for sh64/-m5-compact/-ml ===

# of expected passes		1612
# of unexpected failures	60
# of unsupported tests		22

=== objc Summary ===

# of expected passes		4850
# of unexpected failures	166
# of unsupported tests		66
/mnt/scratch/nightly/2005-09-22/sh64-elf/gcc/xgcc  version 4.1.0 20050922 (experimental)

Host is sh64-unknown-elf

=== libstdc++ tests ===


Running target sh64 FAIL: 23_containers/set/modifiers/16728.cc execution test FAIL: ext/rope/3.cc execution test

=== libstdc++ Summary for sh64 ===

# of expected passes		1404
# of unexpected failures	2
# of expected failures		5
# of unsupported tests		28

Running target sh64/-ml
FAIL: 23_containers/set/modifiers/16728.cc execution test
FAIL: ext/rope/3.cc execution test

=== libstdc++ Summary for sh64/-ml ===

# of expected passes		1404
# of unexpected failures	2
# of expected failures		5
# of unsupported tests		28

Running target sh64/-m5-compact/-ml
FAIL: 18_support/14026.cc execution test
FAIL: 23_containers/bitset/cons/1.cc execution test
FAIL: 23_containers/bitset/cons/6282.cc execution test
FAIL: 23_containers/bitset/test/1.cc execution test
FAIL: 23_containers/bitset/to_ulong/1.cc execution test
FAIL: 23_containers/deque/cons/2.cc execution test
FAIL: 23_containers/list/modifiers/3.cc execution test
FAIL: 23_containers/map/element_access/1.cc execution test
FAIL: 23_containers/set/modifiers/16728.cc execution test
FAIL: 23_containers/vector/capacity/2.cc execution test
FAIL: 23_containers/vector/capacity/8230.cc execution test
FAIL: 23_containers/vector/cons/4.cc execution test
FAIL: 23_containers/vector/element_access/1.cc execution test
FAIL: 23_containers/vector/modifiers/insert/1.cc execution test
FAIL: 23_containers/vector/resize/1.cc execution test
FAIL: 27_io/basic_ios/imbue/14072.cc execution test
FAIL: 27_io/ios_base/storage/2.cc execution test
FAIL: 27_io/objects/char/6.cc execution test
FAIL: ext/array_allocator/1.cc execution test
FAIL: ext/array_allocator/3.cc execution test
FAIL: ext/debug_allocator/check_deallocate_null.cc execution test
FAIL: ext/mt_allocator/check_allocate_max_size.cc execution test
FAIL: ext/pb_assoc/example/hash_illegal_resize.cc execution test
FAIL: ext/pb_assoc/example/tree_join.cc execution test
FAIL: ext/rope/3.cc execution test

=== libstdc++ Summary for sh64/-m5-compact/-ml ===

# of expected passes		1381
# of unexpected failures	25
# of expected failures		5
# of unsupported tests		28

=== libstdc++ Summary ===

# of expected passes		4189
# of unexpected failures	29
# of expected failures		15
# of unsupported tests		84

Compiler version: 4.1.0 20050922 (experimental) Platform: sh64-unknown-elf
configure flags: --target=sh64-elf --with-headers --with-newlib --disable-gdb --enable-languages=c,c++,java,objc



Index Nav: [Date Index] [Subject Index] [Author Index] [Thread Index]
Message Nav: [Date Prev] [Date Next] [Thread Prev] [Thread Next]