This is the mail archive of the gcc-testresults@gcc.gnu.org mailing list for the GCC project.


Index Nav: [Date Index] [Subject Index] [Author Index] [Thread Index]
Message Nav: [Date Prev] [Date Next] [Thread Prev] [Thread Next]
Other format: [Raw text]

Results for 4.0.2 testsuite on hppa64-hp-hpux11.11


LAST_UPDATED: Wed Sep 21 14:27:24 UTC 2005

Native configuration is hppa64-hp-hpux11.11

		=== g++ tests ===


Running target unix

		=== g++ Summary ===

# of expected passes		10575
# of expected failures		69
# of unsupported tests		106
/mnt/gnu/gcc-3.3/objdir/gcc/testsuite/../g++  version 4.0.2

		=== gcc tests ===


Running target unix
XPASS: gcc.dg/funcorder.c scan-assembler-not link_error,%r
FAIL: gcc.dg/torture/asm-subreg-1.c  -O1  (test for excess errors)
FAIL: gcc.dg/torture/asm-subreg-1.c  -O2  (test for excess errors)
FAIL: gcc.dg/torture/asm-subreg-1.c  -O3 -fomit-frame-pointer  (test for excess errors)
FAIL: gcc.dg/torture/asm-subreg-1.c  -O3 -g  (test for excess errors)
FAIL: gcc.dg/torture/asm-subreg-1.c  -Os  (test for excess errors)

		=== gcc Summary ===

# of expected passes		33739
# of unexpected failures	5
# of unexpected successes	1
# of expected failures		71
# of untested testcases		28
# of unsupported tests		529
/mnt/gnu/gcc-3.3/objdir/gcc/xgcc  version 4.0.2

		=== gfortran tests ===


Running target unix
FAIL: gfortran.dg/module_equivalence_1.f90  -O0  (test for excess errors)
WARNING: gfortran.dg/module_equivalence_1.f90  -O0  compilation failed to produce executable
FAIL: gfortran.dg/module_equivalence_1.f90  -O1  (test for excess errors)
WARNING: gfortran.dg/module_equivalence_1.f90  -O1  compilation failed to produce executable
FAIL: gfortran.dg/module_equivalence_1.f90  -O2  (test for excess errors)
WARNING: gfortran.dg/module_equivalence_1.f90  -O2  compilation failed to produce executable
FAIL: gfortran.dg/module_equivalence_1.f90  -O3 -fomit-frame-pointer  (test for excess errors)
WARNING: gfortran.dg/module_equivalence_1.f90  -O3 -fomit-frame-pointer  compilation failed to produce executable
FAIL: gfortran.dg/module_equivalence_1.f90  -O3 -fomit-frame-pointer -funroll-loops  (test for excess errors)
WARNING: gfortran.dg/module_equivalence_1.f90  -O3 -fomit-frame-pointer -funroll-loops  compilation failed to produce executable
FAIL: gfortran.dg/module_equivalence_1.f90  -O3 -fomit-frame-pointer -funroll-all-loops -finline-functions  (test for excess errors)
WARNING: gfortran.dg/module_equivalence_1.f90  -O3 -fomit-frame-pointer -funroll-all-loops -finline-functions  compilation failed to produce executable
FAIL: gfortran.dg/module_equivalence_1.f90  -O3 -g  (test for excess errors)
WARNING: gfortran.dg/module_equivalence_1.f90  -O3 -g  compilation failed to produce executable
FAIL: gfortran.dg/module_equivalence_1.f90  -Os  (test for excess errors)
WARNING: gfortran.dg/module_equivalence_1.f90  -Os  compilation failed to produce executable

		=== gfortran Summary ===

# of expected passes		8172
# of unexpected failures	8
# of expected failures		1
# of unsupported tests		17
/mnt/gnu/gcc-3.3/objdir/gcc/testsuite/../gfortran  version 4.0.2

		=== objc tests ===


Running target unix

		=== objc Summary ===

# of expected passes		1534
# of unsupported tests		11
/mnt/gnu/gcc-3.3/objdir/gcc/xgcc  version 4.0.2

		=== libstdc++ tests ===


Running target unix
FAIL: ext/array_allocator/2.cc execution test

		=== libstdc++ Summary ===

# of expected passes		3630
# of unexpected failures	1
# of expected failures		12
# of unsupported tests		19

Compiler version: 4.0.2 
Platform: hppa64-hp-hpux11.11
configure flags: --with-gnu-as --with-as=/opt/gnu64/bin/as --with-ld=/usr/ccs/bin/ld --enable-shared --disable-nls --with-local-prefix=/opt/gnu64 --prefix=/opt/gnu64/gcc/gcc-4.0.2 --host=hppa64-hp-hpux11.11 --enable-threads=posix --disable-libmudflap --with-gmp=/opt/gnu64/gcc/gcc-4.0.2 --enable-languages=c,c++,f95,java,objc


Index Nav: [Date Index] [Subject Index] [Author Index] [Thread Index]
Message Nav: [Date Prev] [Date Next] [Thread Prev] [Thread Next]