This is the mail archive of the gcc-testresults@gcc.gnu.org mailing list for the GCC project.


Index Nav: [Date Index] [Subject Index] [Author Index] [Thread Index]
Message Nav: [Date Prev] [Date Next] [Thread Prev] [Thread Next]
Other format: [Raw text]

Results for 4.1.0 20050919 (experimental) testsuite on m32r-unknown-linux-gnu


Remote host:  2.6.12-rc2-mm2 m32r
GNU C Library version 2.3.3

LAST_UPDATED: Mon Sep 19 23:08:02 UTC 2005

Target is m32r-unknown-linux-gnu
Host   is i686-pc-linux-gnu

		=== g++ tests ===


Running target unix
WARNING: Assuming target board is the local machine (which is probably wrong).
FAIL: g++.old-deja/g++.jason/thunk3.C (test for excess errors)
WARNING: g++.old-deja/g++.jason/thunk3.C compilation failed to produce executable

		=== g++ Summary ===

# of expected passes		11273
# of unexpected failures	1
# of expected failures		67
# of unsupported tests		108
/exp/mappi2root/dodes/xm32r-gcc-orig/gcc/testsuite/../g++  version 4.1.0 20050919 (experimental)

Host   is i686-pc-linux-gnu

		=== gcc tests ===


Running target unix
WARNING: Assuming target board is the local machine (which is probably wrong).
XPASS: gcc.c-torture/execute/981130-1.c execution,  -O0 
XPASS: gcc.c-torture/execute/981130-1.c execution,  -O1 
XPASS: gcc.c-torture/execute/981130-1.c execution,  -O2 
XPASS: gcc.c-torture/execute/981130-1.c execution,  -Os 
FAIL: gcc.dg/20040123-1.c scan-assembler abort
XPASS: gcc.dg/tree-ssa/20040204-1.c scan-tree-dump-times link_error 0
FAIL: compiler driver --coverage option(s) (assembler options)

		=== gcc Summary ===

# of expected passes		36151
# of unexpected failures	2
# of unexpected successes	5
# of expected failures		76
# of untested testcases		28
# of unsupported tests		551
/exp/mappi2root/dodes/xm32r-gcc-orig/gcc/xgcc  version 4.1.0 20050919 (experimental)

Host   is m32r-unknown-linux-gnu

		=== libmudflap tests ===


Running target unix
WARNING: Assuming target board is the local machine (which is probably wrong).
FAIL: libmudflap.c/heap-scalestress.c execution test
FAIL: libmudflap.c/heap-scalestress.c output pattern test
FAIL: libmudflap.c/pass-stratcliff.c execution test
FAIL: libmudflap.c/pass-stratcliff.c (-static) execution test
FAIL: libmudflap.c/heap-scalestress.c (-O2) execution test
FAIL: libmudflap.c/heap-scalestress.c (-O2) output pattern test
FAIL: libmudflap.c/pass-stratcliff.c (-O2) execution test
FAIL: libmudflap.c/heap-scalestress.c (-O3) execution test
FAIL: libmudflap.c/heap-scalestress.c (-O3) output pattern test
FAIL: libmudflap.c/pass-stratcliff.c (-O3) execution test

		=== libmudflap Summary ===

# of expected passes		1769
# of unexpected failures	10
Host   is m32r-unknown-linux-gnu

		=== libstdc++ tests ===


Running target unix
WARNING: Assuming target board is the local machine (which is probably wrong).
FAIL: 21_strings/basic_string/capacity/wchar_t/18654.cc execution test
FAIL: 21_strings/basic_string/cons/char/1.cc execution test
FAIL: 21_strings/basic_string/cons/wchar_t/1.cc execution test
FAIL: 21_strings/basic_string/insert/char/1.cc execution test
FAIL: 21_strings/basic_string/insert/wchar_t/1.cc execution test
FAIL: 23_containers/set/invalidation/1.cc execution test
FAIL: 23_containers/set/modifiers/16728.cc execution test
FAIL: 25_algorithms/fill/2.cc (test for excess errors)
WARNING: 25_algorithms/fill/2.cc compilation failed to produce executable
FAIL: 25_algorithms/nth_element/1.cc execution test
XPASS: 26_numerics/cmath/c99_classification_macros_c.cc (test for excess errors)
FAIL: 27_io/basic_stringbuf/overflow/char/1.cc execution test
FAIL: 27_io/basic_stringbuf/overflow/wchar_t/1.cc execution test

		=== libstdc++ Summary ===

# of expected passes		3282
# of unexpected failures	11
# of unexpected successes	1
# of expected failures		15
# of unsupported tests		319

Compiler version: 4.1.0 20050919 (experimental) 
Platform: m32r-unknown-linux-gnu
configure flags: --host=i686-pc-linux-gnu --target=m32r-linux --prefix=/usr/local/m32r-linux-3.4 --with-as=/exp/mappi2root/dodes/xm32r-src/gas/as-new --with-ld=/exp/mappi2root/dodes/xm32r-src/ld/ld-new --with-sysroot=/exp/mappi2root --enable-languages=c,
c++


Index Nav: [Date Index] [Subject Index] [Author Index] [Thread Index]
Message Nav: [Date Prev] [Date Next] [Thread Prev] [Thread Next]