This is the mail archive of the
gcc-testresults@gcc.gnu.org
mailing list for the GCC project.
Results for 4.0.2 20050920 (prerelease) testsuite on hppa2.0w-hp-hpux11.00
- From: John David Anglin <dave at hiauly2 dot hia dot nrc dot ca>
- To: dave at hiauly2 dot hia dot nrc dot ca, gcc-testresults at gcc dot gnu dot org
- Date: Tue, 20 Sep 2005 23:38:10 -0400 (EDT)
- Subject: Results for 4.0.2 20050920 (prerelease) testsuite on hppa2.0w-hp-hpux11.00
LAST_UPDATED: Tue Sep 20 02:13:22 UTC 2005
=== acats tests ===
Native configuration is hppa2.0w-hp-hpux11.00
=== g++ tests ===
Running target unix
=== g++ Summary ===
# of expected passes 10766
# of expected failures 69
# of unsupported tests 128
/home/gnu/gcc-3.4/objdir/gcc/testsuite/../g++ version 4.0.2 20050920 (prerelease)
=== gcc tests ===
Running target unix
XPASS: gcc.dg/const-elim-1.c scan-assembler-not L\\\\\$?C[^A-Z]
FAIL: gcc.dg/special/weak-1.c execution test
=== gcc Summary ===
# of expected passes 33863
# of unexpected failures 1
# of unexpected successes 1
# of expected failures 69
# of untested testcases 28
# of unsupported tests 580
/home/gnu/gcc-3.4/objdir/gcc/xgcc version 4.0.2 20050920 (prerelease)
=== gfortran tests ===
Running target unix
FAIL: gfortran.dg/module_equivalence_1.f90 -O0 (test for excess errors)
WARNING: gfortran.dg/module_equivalence_1.f90 -O0 compilation failed to produce executable
FAIL: gfortran.dg/module_equivalence_1.f90 -O1 (test for excess errors)
WARNING: gfortran.dg/module_equivalence_1.f90 -O1 compilation failed to produce executable
FAIL: gfortran.dg/module_equivalence_1.f90 -O2 (test for excess errors)
WARNING: gfortran.dg/module_equivalence_1.f90 -O2 compilation failed to produce executable
FAIL: gfortran.dg/module_equivalence_1.f90 -O3 -fomit-frame-pointer (test for excess errors)
WARNING: gfortran.dg/module_equivalence_1.f90 -O3 -fomit-frame-pointer compilation failed to produce executable
FAIL: gfortran.dg/module_equivalence_1.f90 -O3 -fomit-frame-pointer -funroll-loops (test for excess errors)
WARNING: gfortran.dg/module_equivalence_1.f90 -O3 -fomit-frame-pointer -funroll-loops compilation failed to produce executable
FAIL: gfortran.dg/module_equivalence_1.f90 -O3 -fomit-frame-pointer -funroll-all-loops -finline-functions (test for excess errors)
WARNING: gfortran.dg/module_equivalence_1.f90 -O3 -fomit-frame-pointer -funroll-all-loops -finline-functions compilation failed to produce executable
FAIL: gfortran.dg/module_equivalence_1.f90 -O3 -g (test for excess errors)
WARNING: gfortran.dg/module_equivalence_1.f90 -O3 -g compilation failed to produce executable
FAIL: gfortran.dg/module_equivalence_1.f90 -Os (test for excess errors)
WARNING: gfortran.dg/module_equivalence_1.f90 -Os compilation failed to produce executable
=== gfortran Summary ===
# of expected passes 8172
# of unexpected failures 8
# of expected failures 1
# of unsupported tests 17
/home/gnu/gcc-3.4/objdir/gcc/testsuite/../gfortran version 4.0.2 20050920 (prerelease)
=== objc tests ===
Running target unix
=== objc Summary ===
# of expected passes 1534
# of unsupported tests 11
/home/gnu/gcc-3.4/objdir/gcc/xgcc version 4.0.2 20050920 (prerelease)
=== libstdc++ tests ===
Running target unix
=== libstdc++ Summary ===
# of expected passes 2562
# of expected failures 11
Compiler version: 4.0.2 20050920 (prerelease)
Platform: hppa2.0w-hp-hpux11.00
configure flags: --with-gnu-as --with-as=/opt/gnu/bin/as --enable-shared --with-local-prefix=/opt/gnu --prefix=/opt/gnu/gcc/gcc-4.0.2 --with-gmp=/opt/gnu/gcc/gcc-4.0.1 --enable-debug=no --disable-nls --disable-checking --enable-languages=c,ada,c++,f95,java,objc