This is the mail archive of the
gcc-testresults@gcc.gnu.org
mailing list for the GCC project.
Results for 4.1.0 20050916 (experimental) testsuite on powerpc64-unknown-linux-gnu
- From: Diego Novillo <dnovillo at redhat dot com>
- To: gcc-testresults at gcc dot gnu dot org
- Date: Fri, 16 Sep 2005 06:47:37 -0400
- Subject: Results for 4.1.0 20050916 (experimental) testsuite on powerpc64-unknown-linux-gnu
LAST_UPDATED:
Native configuration is powerpc64-unknown-linux-gnu
=== g++ tests ===
Running target unix
FAIL: g++.dg/init/struct2.C (test for excess errors)
FAIL: g++.dg/init/struct3.C (test for excess errors)
FAIL: g++.old-deja/g++.other/init5.C execution test
=== g++ Summary ===
# of expected passes 11371
# of unexpected failures 3
# of expected failures 66
# of unsupported tests 88
/notnfs/dnovillo/sbox/gcc/bld.torreja/gcc/testsuite/../g++ version 4.1.0 20050916 (experimental)
=== gcc tests ===
Running target unix
XPASS: gcc.dg/tree-ssa/sra-2.c scan-tree-dump-times link_error 0
=== gcc Summary ===
# of expected passes 38092
# of unexpected successes 1
# of expected failures 100
# of untested testcases 28
# of unsupported tests 472
/notnfs/dnovillo/sbox/gcc/bld.torreja/gcc/xgcc version 4.1.0 20050916 (experimental)
=== objc tests ===
Running target unix
FAIL: objc/execute/exceptions/foward-1.m execution, -O3 -fomit-frame-pointer -funroll-loops -fgnu-runtime
FAIL: objc/execute/exceptions/foward-1.m execution, -O3 -fomit-frame-pointer -funroll-all-loops -finline-functions -fgnu-runtime
=== objc Summary ===
# of expected passes 1670
# of unexpected failures 2
# of unsupported tests 22
/notnfs/dnovillo/sbox/gcc/bld.torreja/gcc/xgcc version 4.1.0 20050916 (experimental)
=== libffi tests ===
Running target unix
FAIL: libffi.call/float3.c execution test
=== libffi Summary ===
# of expected passes 227
# of unexpected failures 1
# of unsupported tests 2
=== libjava tests ===
Running target unix
FAIL: Array_3 -O3 execution - bytecode->native test
FAIL: LargeFile execution - source compiled test
FAIL: LargeFile execution - gij test
FAIL: LargeFile execution - bytecode->native test
FAIL: LargeFile -O3 execution - source compiled test
FAIL: LargeFile execution - gij test
FAIL: LargeFile -O3 execution - bytecode->native test
=== libjava Summary ===
# of expected passes 3954
# of unexpected failures 7
# of expected failures 10
# of untested testcases 15
=== libmudflap tests ===
Running target unix
FAIL: libmudflap.c/fail27-frag.c output pattern test
FAIL: libmudflap.c/fail27-frag.c (-static) output pattern test
FAIL: libmudflap.c/fail27-frag.c (-O2) output pattern test
FAIL: libmudflap.c/fail27-frag.c (-O3) output pattern test
=== libmudflap Summary ===
# of expected passes 1775
# of unexpected failures 4
=== libstdc++ tests ===
Running target unix
XPASS: 26_numerics/cmath/c99_classification_macros_c.cc (test for excess errors)
XPASS: 27_io/fpos/14320-1.cc execution test
XPASS: ext/array_allocator/2.cc execution test
=== libstdc++ Summary ===
# of expected passes 3923
# of unexpected successes 3
# of expected failures 14
# of unsupported tests 4
Compiler version: 4.1.0 20050916 (experimental)
Platform: powerpc64-unknown-linux-gnu
configure flags: --prefix=/home/cygnus/dnovillo/perf/sbox/gcc/local.ppc64/inst.torreja --srcdir=/home/cygnus/dnovillo/perf/sbox/gcc/local.ppc64/src --enable-mpfr --with-gmp=/home/cygnus/dnovillo/ppc64 --disable-checking --enable-languages=c,c++,fortran,java,objc