This is the mail archive of the gcc-testresults@gcc.gnu.org mailing list for the GCC project.


Index Nav: [Date Index] [Subject Index] [Author Index] [Thread Index]
Message Nav: [Date Prev] [Date Next] [Thread Prev] [Thread Next]
Other format: [Raw text]

Results for 4.0.2 20050917 (prerelease) testsuite on sparc-sun-solaris2.10


LAST_UPDATED: Obtained from CVS: -rgcc-4_0-branch 

Native configuration is sparc-sun-solaris2.10

		=== g++ tests ===


Running target unix/-m64

		=== g++ Summary for unix/-m64 ===

# of expected passes		10969
# of expected failures		69
# of unsupported tests		119

Running target unix

		=== g++ Summary for unix ===

# of expected passes		11001
# of expected failures		69
# of unsupported tests		117

		=== g++ Summary ===

# of expected passes		21970
# of expected failures		138
# of unsupported tests		236
/home/andreast/gcc-src/gcc-rel/objdir/gcc/testsuite/../g++  version 4.0.2 20050917 (prerelease)

		=== gcc tests ===


Running target unix/-m64

		=== gcc Summary for unix/-m64 ===

# of expected passes		34670
# of expected failures		95
# of untested testcases		28
# of unsupported tests		552

Running target unix

		=== gcc Summary for unix ===

# of expected passes		34675
# of expected failures		95
# of untested testcases		28
# of unsupported tests		550

		=== gcc Summary ===

# of expected passes		69345
# of expected failures		190
# of untested testcases		56
# of unsupported tests		1102
/home/andreast/gcc-src/gcc-rel/objdir/gcc/xgcc  version 4.0.2 20050917 (prerelease)

		=== libffi tests ===


Running target unix/-m64

		=== libffi Summary for unix/-m64 ===

# of expected passes		219
# of unsupported tests		2

Running target unix

		=== libffi Summary for unix ===

# of expected passes		219
# of unsupported tests		2

		=== libffi Summary ===

# of expected passes		438
# of unsupported tests		4
		=== libjava tests ===


Running target unix/-m64
FAIL: Array_3 execution - gij test
FAIL: Array_3 execution - gij test
FAIL: FileHandleGcTest execution - source compiled test
FAIL: FileHandleGcTest execution - gij test
FAIL: FileHandleGcTest execution - bytecode->native test
FAIL: FileHandleGcTest -O3 execution - source compiled test
FAIL: FileHandleGcTest execution - gij test
FAIL: FileHandleGcTest -O3 execution - bytecode->native test
FAIL: Throw_2 execution - gij test
FAIL: Throw_2 execution - gij test

		=== libjava Summary for unix/-m64 ===

# of expected passes		3794
# of unexpected failures	10
# of expected failures		14
# of untested testcases		26

Running target unix
FAIL: Array_3 execution - gij test
FAIL: Array_3 execution - gij test
FAIL: FileHandleGcTest execution - source compiled test
FAIL: FileHandleGcTest execution - gij test
FAIL: FileHandleGcTest execution - bytecode->native test
FAIL: FileHandleGcTest -O3 execution - source compiled test
FAIL: FileHandleGcTest execution - gij test
FAIL: FileHandleGcTest -O3 execution - bytecode->native test
FAIL: /home/andreast/gcc-src/gcc-rel/objdir/sparc-sun-solaris2.10/libjava/testsuite/TestLeak.exe execution - /home/andreast/gcc-src/gcc-rel/objdir/sparc-sun-solaris2.10/libjava/testsuite/TestLeak.exe

		=== libjava Summary for unix ===

# of expected passes		3796
# of unexpected failures	9
# of expected failures		14
# of untested testcases		25

		=== libjava Summary ===

# of expected passes		7590
# of unexpected failures	19
# of expected failures		28
# of untested testcases		51
		=== libstdc++ tests ===


Running target unix/-m64
XPASS: 27_io/basic_istream/extractors_arithmetic/char/12.cc execution test
XPASS: 27_io/basic_istream/extractors_arithmetic/wchar_t/12.cc execution test
XPASS: 27_io/fpos/14320-1.cc execution test
FAIL: ext/array_allocator/2.cc execution test

		=== libstdc++ Summary for unix/-m64 ===

# of expected passes		3666
# of unexpected failures	1
# of unexpected successes	3
# of expected failures		11

Running target unix
WARNING: program timed out.
FAIL: 21_strings/basic_string/cons/char/1.cc execution test
WARNING: program timed out.
FAIL: 21_strings/basic_string/cons/wchar_t/1.cc execution test
XPASS: 27_io/basic_istream/extractors_arithmetic/char/12.cc execution test
XPASS: 27_io/basic_istream/extractors_arithmetic/wchar_t/12.cc execution test

		=== libstdc++ Summary for unix ===

# of expected passes		3665
# of unexpected failures	2
# of unexpected successes	2
# of expected failures		12

		=== libstdc++ Summary ===

# of expected passes		7331
# of unexpected failures	3
# of unexpected successes	5
# of expected failures		23

Compiler version: 4.0.2 20050917 (prerelease) 
Platform: sparc-sun-solaris2.10
configure flags: --prefix=/usr/local/gcc4 --with-as=/usr/ccs/bin/as --with-ld=/usr/ccs/bin/ld --enable-languages=c,c++,java

Index Nav: [Date Index] [Subject Index] [Author Index] [Thread Index]
Message Nav: [Date Prev] [Date Next] [Thread Prev] [Thread Next]