This is the mail archive of the
gcc-testresults@gcc.gnu.org
mailing list for the GCC project.
Results for 4.1.0-sh-elf 20050913 (experimental) testsuite on sh-unknown-elf w/ patch PR20211
- From: Joern RENNECKE <joern dot rennecke at st dot com>
- To: gcc-testresults at gcc dot gnu dot org
- Date: Mon, 19 Sep 2005 18:25:33 +0100
- Subject: Results for 4.1.0-sh-elf 20050913 (experimental) testsuite on sh-unknown-elf w/ patch PR20211
-------- Original Message --------
Subject: Results for 4.1.0-sh-elf 20050913 (experimental) testsuite on
sh-unknown-elf
Date: Mon, 19 Sep 2005 14:04:27 +0100
From: Joern Rennecke <renneckej@bristol.st.com>
To: joern.rennecke@st.com
LAST_UPDATED:
Target is sh-unknown-elf
Host is i686-pc-linux-gnu
=== gcc tests ===
Running target sh-hms-sim
=== gcc Summary for sh-hms-sim ===
# of expected passes 36166
# of expected failures 77
# of untested testcases 28
# of unsupported tests 553
Running target sh-hms-sim/-m4/-ml
WARNING: program timed out.
FAIL: gcc.c-torture/compile/20001226-1.c -O3 -g (test for excess errors)
=== gcc Summary for sh-hms-sim/-m4/-ml ===
# of expected passes 36165
# of unexpected failures 1
# of expected failures 77
# of untested testcases 28
# of unsupported tests 553
=== gcc Summary ===
# of expected passes 72331
# of unexpected failures 1
# of expected failures 154
# of untested testcases 56
# of unsupported tests 1106
/mnt/scratch/nightly/sh-elf-4-1-20050913-orv/sh-elf/gcc/xgcc version 4.1.0-sh-elf 20050913 (experimental)
Host is i686-pc-linux-gnu
=== g++ tests ===
Running target sh-hms-sim
XPASS: g++.dg/other/packed1.C execution test
XPASS: g++.old-deja/g++.jason/thunk3.C execution test
=== g++ Summary for sh-hms-sim ===
# of expected passes 11249
# of unexpected successes 2
# of expected failures 67
# of unsupported tests 119
Running target sh-hms-sim/-m4/-ml
XPASS: g++.dg/other/packed1.C execution test
XPASS: g++.old-deja/g++.jason/thunk3.C execution test
=== g++ Summary for sh-hms-sim/-m4/-ml ===
# of expected passes 11249
# of unexpected successes 2
# of expected failures 67
# of unsupported tests 119
=== g++ Summary ===
# of expected passes 22498
# of unexpected successes 4
# of expected failures 134
# of unsupported tests 238
/mnt/scratch/nightly/sh-elf-4-1-20050913-orv/sh-elf/gcc/testsuite/../g++ version 4.1.0-sh-elf 20050913 (experimental)
Host is i686-pc-linux-gnu
=== objc tests ===
Running target sh-hms-sim
FAIL: objc/execute/exceptions/foward-1.m execution, -O3 -fomit-frame-pointer -fgnu-runtime
FAIL: objc/execute/exceptions/foward-1.m execution, -O3 -fomit-frame-pointer -funroll-loops -fgnu-runtime
FAIL: objc/execute/exceptions/foward-1.m execution, -O3 -fomit-frame-pointer -funroll-all-loops -finline-functions -fgnu-runtime
=== objc Summary for sh-hms-sim ===
# of expected passes 1669
# of unexpected failures 3
# of unsupported tests 22
Running target sh-hms-sim/-m4/-ml
=== objc Summary for sh-hms-sim/-m4/-ml ===
# of expected passes 1672
# of unsupported tests 22
=== objc Summary ===
# of expected passes 3341
# of unexpected failures 3
# of unsupported tests 44
/mnt/scratch/nightly/sh-elf-4-1-20050913-orv/sh-elf/gcc/xgcc version 4.1.0-sh-elf 20050913 (experimental)
Host is sh-unknown-elf
=== libstdc++ tests ===
Running target sh-hms-sim
=== libstdc++ Summary for sh-hms-sim ===
# of expected passes 1406
# of expected failures 5
# of unsupported tests 28
Running target sh-hms-sim/-m4/-ml
=== libstdc++ Summary for sh-hms-sim/-m4/-ml ===
# of expected passes 1406
# of expected failures 5
# of unsupported tests 28
=== libstdc++ Summary ===
# of expected passes 2812
# of expected failures 10
# of unsupported tests 56
Compiler version: 4.1.0-sh-elf 20050913 (experimental)
Platform: sh-unknown-elf
configure flags: --target=sh-elf --with-headers --with-newlib --enable-languages=c,c++,java,objc