This is the mail archive of the gcc-testresults@gcc.gnu.org mailing list for the GCC project.


Index Nav: [Date Index] [Subject Index] [Author Index] [Thread Index]
Message Nav: [Date Prev] [Date Next] [Thread Prev] [Thread Next]
Other format: [Raw text]

Results for 4.1.0 20050918 (experimental) testsuite on hppa-unknown-linux-gnu


LAST_UPDATED: Sun Sep 18 16:07:22 UTC 2005

		=== acats tests ===
FAIL:	a87b59a
FAIL:	c32001e
FAIL:	c32111a
FAIL:	c32111b
FAIL:	c32112b
FAIL:	c32113a
FAIL:	c32115a
FAIL:	c32115b
FAIL:	c330001
FAIL:	c330002
FAIL:	c34001c
FAIL:	c34001f
FAIL:	c34002c
FAIL:	c34003c
FAIL:	c34005c
FAIL:	c34005f
FAIL:	c34005i
FAIL:	c34005l
FAIL:	c34005o
FAIL:	c34005r
FAIL:	c34005u
FAIL:	c34006f
FAIL:	c34006l
FAIL:	c34007a
FAIL:	c34007d
FAIL:	c34007f
FAIL:	c34007g
FAIL:	c34007i
FAIL:	c34007j
FAIL:	c34007m
FAIL:	c34007p
FAIL:	c34007r
FAIL:	c34007s
FAIL:	c34007u
FAIL:	c34009f
FAIL:	c34009l
FAIL:	c34011b
FAIL:	c34018a
FAIL:	c35003a
FAIL:	c35003b
FAIL:	c35003d
FAIL:	c354002
FAIL:	c354003
FAIL:	c35502c
FAIL:	c35502e
FAIL:	c35502k
FAIL:	c35502l
FAIL:	c35502m
FAIL:	c35502n
FAIL:	c35503c
FAIL:	c35503e
FAIL:	c35505c
FAIL:	c35505e
FAIL:	c35505f
FAIL:	c35507c
FAIL:	c35507e
FAIL:	c35507k
FAIL:	c35507l
FAIL:	c35507m
FAIL:	c35507n
FAIL:	c35508c
FAIL:	c35508e
FAIL:	c35508g
FAIL:	c35508h
FAIL:	c35508k
FAIL:	c35508l
FAIL:	c35904a
FAIL:	c35904b
FAIL:	c36104a
FAIL:	c36104b
FAIL:	c36172a
FAIL:	c36172b
FAIL:	c36204c
FAIL:	c36301a
FAIL:	c36305a
FAIL:	c37005a
FAIL:	c37008a
FAIL:	c371001
FAIL:	c371002
FAIL:	c371003
FAIL:	c37108b
FAIL:	c37207a
FAIL:	c37208a
FAIL:	c37208b
FAIL:	c37209b
FAIL:	c37211a
FAIL:	c37211b
FAIL:	c37211c
FAIL:	c37211d
FAIL:	c37211e
FAIL:	c37213b
FAIL:	c37213d
FAIL:	c37213f
FAIL:	c37213h
FAIL:	c37213j
FAIL:	c37213k
FAIL:	c37213l
FAIL:	c37215b
FAIL:	c37215d
FAIL:	c37215f
FAIL:	c37215h
FAIL:	c37217a
FAIL:	c37217b
FAIL:	c37217c
FAIL:	c380001
FAIL:	c380003
FAIL:	c38002a
FAIL:	c38002b
FAIL:	c38107a
FAIL:	c38107b
FAIL:	c38202a
FAIL:	c390002
FAIL:	c390010
FAIL:	c39006a
FAIL:	c39006b
FAIL:	c39006c
FAIL:	c39006d
FAIL:	c39006g
FAIL:	c39007a
FAIL:	c39007b
FAIL:	c39008a
FAIL:	c39008b
FAIL:	c39008c
FAIL:	c391001
FAIL:	c393a06
FAIL:	c3a0014
FAIL:	c3a2002
FAIL:	c3a2003
FAIL:	c3a2a01
FAIL:	c3a2a02
FAIL:	c410001
FAIL:	c41104a
FAIL:	c41105a
FAIL:	c41204a
FAIL:	c41205a
FAIL:	c41304a
FAIL:	c41304b
FAIL:	c41401a
FAIL:	c420001
FAIL:	c42006a
FAIL:	c43004a
FAIL:	c43004c
FAIL:	c43104a
FAIL:	c432002
FAIL:	c432003
FAIL:	c43206a
FAIL:	c43207b
FAIL:	c43211a
FAIL:	c43212a
FAIL:	c43212c
FAIL:	c43214a
FAIL:	c43215a
FAIL:	c43215b
FAIL:	c433001
FAIL:	c45113a
FAIL:	c45282b
FAIL:	c45304a
FAIL:	c45304b
FAIL:	c45304c
FAIL:	c45504a
FAIL:	c45504b
FAIL:	c45504c
FAIL:	c45504d
FAIL:	c45504e
FAIL:	c45504f
FAIL:	c45534b
FAIL:	c45613a
FAIL:	c45613b
FAIL:	c45613c
FAIL:	c45614a
FAIL:	c45614b
FAIL:	c45614c
FAIL:	c45632a
FAIL:	c45632b
FAIL:	c45632c
FAIL:	c45651a
FAIL:	c460001
FAIL:	c460002
FAIL:	c460004
FAIL:	c460005
FAIL:	c460008
FAIL:	c460009
FAIL:	c460011
FAIL:	c460012
FAIL:	c46014a
FAIL:	c46043b
FAIL:	c46044b
FAIL:	c46052a
FAIL:	c46053a
FAIL:	c46054a
FAIL:	c460a01
FAIL:	c460a02
FAIL:	c47003a
FAIL:	c47004a
FAIL:	c47005a
FAIL:	c47006a
FAIL:	c47007a
FAIL:	c47008a
FAIL:	c47009a
FAIL:	c48006b
FAIL:	c48007a
FAIL:	c48007b
FAIL:	c48007c
FAIL:	c48008a
FAIL:	c48008c
FAIL:	c48009a
FAIL:	c48009b
FAIL:	c48009c
FAIL:	c48009d
FAIL:	c48009e
FAIL:	c48009f
FAIL:	c48009g
FAIL:	c48009h
FAIL:	c48009i
FAIL:	c48009j
FAIL:	c4a005b
FAIL:	c4a006a
FAIL:	c52005a
FAIL:	c52005b
FAIL:	c52005c
FAIL:	c52005d
FAIL:	c52005e
FAIL:	c52005f
FAIL:	c52008a
FAIL:	c52008b
FAIL:	c52009a
FAIL:	c52009b
FAIL:	c52011a
FAIL:	c52011b
FAIL:	c52101a
FAIL:	c52103x
FAIL:	c52104a
FAIL:	c52104b
FAIL:	c52104c
FAIL:	c52104f
FAIL:	c52104g
FAIL:	c52104h
FAIL:	c52104k
FAIL:	c52104l
FAIL:	c52104m
FAIL:	c52104p
FAIL:	c52104q
FAIL:	c52104r
FAIL:	c52104x
FAIL:	c52104y
FAIL:	c55b15a
FAIL:	c58005a
FAIL:	c58005b
FAIL:	c58005h
FAIL:	c58006a
FAIL:	c58006b
FAIL:	c59002a
FAIL:	c61008a
FAIL:	c62003a
FAIL:	c62003b
FAIL:	c641001
FAIL:	c64103b
FAIL:	c64103c
FAIL:	c64103d
FAIL:	c64103e
FAIL:	c64103f
FAIL:	c64104a
FAIL:	c64104b
FAIL:	c64104c
FAIL:	c64104d
FAIL:	c64104e
FAIL:	c64104f
FAIL:	c64104g
FAIL:	c64104h
FAIL:	c64104i
FAIL:	c64104j
FAIL:	c64104k
FAIL:	c64104l
FAIL:	c64104m
FAIL:	c64104n
FAIL:	c64104o
FAIL:	c64105b
FAIL:	c64106a
FAIL:	c64106b
FAIL:	c64106c
FAIL:	c64201b
FAIL:	c650001
FAIL:	c65003a
FAIL:	c65003b
Native configuration is hppa-unknown-linux-gnu

		=== g++ tests ===


Running target unix
FAIL: g++.dg/opt/inline4.C (test for excess errors)
XPASS: g++.old-deja/g++.other/init5.C execution test

		=== g++ Summary ===

# of expected passes		11288
# of unexpected failures	1
# of unexpected successes	1
# of expected failures		66
# of unsupported tests		101
/home/dave/gnu/gcc-4.0/objdir/gcc/testsuite/../g++  version 4.1.0 20050918 (experimental)

		=== gcc tests ===


Running target unix
XPASS: gcc.dg/tree-ssa/loop-1.c scan-assembler-times foo 5

		=== gcc Summary ===

# of expected passes		36192
# of unexpected successes	1
# of expected failures		75
# of untested testcases		28
# of unsupported tests		534
/home/dave/gnu/gcc-4.0/objdir/gcc/xgcc  version 4.1.0 20050918 (experimental)

		=== objc tests ===


Running target unix
FAIL: objc.dg/comp-types-4.m  (test for warnings, line 70)
FAIL: objc.dg/comp-types-4.m (test for excess errors)

		=== objc Summary ===

# of expected passes		1670
# of unexpected failures	2
# of unsupported tests		22
/home/dave/gnu/gcc-4.0/objdir/gcc/xgcc  version 4.1.0 20050918 (experimental)

		=== libffi tests ===


Running target unix

		=== libffi Summary ===

# of expected passes		228
# of unsupported tests		2
		=== libjava tests ===


Running target unix
FAIL: Serialization output - gij test
FAIL: Serialization output - gij test
FAIL: negzero output - gij test
FAIL: negzero output - gij test

		=== libjava Summary ===

# of expected passes		3964
# of unexpected failures	4
# of expected failures		10
# of untested testcases		8
		=== libmudflap tests ===


Running target unix

		=== libmudflap Summary ===

# of expected passes		1779
		=== libstdc++ tests ===


Running target unix
XPASS: 26_numerics/cmath/c99_classification_macros_c.cc (test for excess errors)

		=== libstdc++ Summary ===

# of expected passes		3303
# of unexpected successes	1
# of expected failures		15
# of unsupported tests		315

Compiler version: 4.1.0 20050918 (experimental) 
Platform: hppa-unknown-linux-gnu
configure flags: --with-gnu-as --with-as=/home/dave/opt/gnu/bin/as --with-gnu-ld --with-ld=/home/dave/opt/gnu/bin/ld --enable-shared --prefix=/home/dave/opt/gnu/gcc/gcc-4.1.0 --with-local-prefix=/home/dave/opt/gnu --enable-threads=posix --enable-__cxa_atexit --host=hppa-linux --enable-clocale=gnu --enable-java-gc=boehm --enable-java-awt=xlib --enable-languages=c,ada,c++,fortran,java,objc


Index Nav: [Date Index] [Subject Index] [Author Index] [Thread Index]
Message Nav: [Date Prev] [Date Next] [Thread Prev] [Thread Next]