This is the mail archive of the gcc-testresults@gcc.gnu.org mailing list for the GCC project.


Index Nav: [Date Index] [Subject Index] [Author Index] [Thread Index]
Message Nav: [Date Prev] [Date Next] [Thread Prev] [Thread Next]
Other format: [Raw text]

Results for 4.1.0 20050917 (experimental) testsuite on x86_64-unknown-linux-gnu


LAST_UPDATED: Sat Sep 17 14:34:34 UTC 2005

Native configuration is x86_64-unknown-linux-gnu

		=== gcc tests ===


Running target unix/-m32
FAIL: gcc.dg/tree-ssa/loop-9.c scan-assembler-times lea 0

		=== gcc Summary for unix/-m32 ===

# of expected passes		37261
# of unexpected failures	1
# of expected failures		100
# of untested testcases		28
# of unsupported tests		365

Running target unix
FAIL: gcc.dg/tree-ssa/loop-3.c scan-tree-dump-times step: 1

		=== gcc Summary for unix ===

# of expected passes		37213
# of unexpected failures	1
# of expected failures		100
# of untested testcases		28
# of unsupported tests		457

		=== gcc Summary ===

# of expected passes		74474
# of unexpected failures	2
# of expected failures		200
# of untested testcases		56
# of unsupported tests		822
/export/build/gnu/gcc/build-x86_64-linux/gcc/xgcc  version 4.1.0 20050917 (experimental)

		=== g++ tests ===


Running target unix/-m32

		=== g++ Summary for unix/-m32 ===

# of expected passes		11377
# of expected failures		67
# of unsupported tests		69

Running target unix
FAIL: g++.dg/init/struct3.C (test for excess errors)

		=== g++ Summary for unix ===

# of expected passes		11301
# of unexpected failures	1
# of expected failures		67
# of unsupported tests		92

		=== g++ Summary ===

# of expected passes		22678
# of unexpected failures	1
# of expected failures		134
# of unsupported tests		161
/export/build/gnu/gcc/build-x86_64-linux/gcc/testsuite/../g++  version 4.1.0 20050917 (experimental)

		=== objc tests ===


Running target unix/-m32

		=== objc Summary for unix/-m32 ===

# of expected passes		1672
# of unsupported tests		22

Running target unix
FAIL: objc/execute/exceptions/catchall-1.m execution,  -Os 
FAIL: objc/execute/exceptions/local-variables-1.m execution,  -Os 

		=== objc Summary for unix ===

# of expected passes		1670
# of unexpected failures	2
# of unsupported tests		22

		=== objc Summary ===

# of expected passes		3342
# of unexpected failures	2
# of unsupported tests		44
/export/build/gnu/gcc/build-x86_64-linux/gcc/xgcc  version 4.1.0 20050917 (experimental)

		=== libffi tests ===


Running target unix/-m32

		=== libffi Summary for unix/-m32 ===

# of expected passes		228
# of unsupported tests		2

Running target unix

		=== libffi Summary for unix ===

# of expected passes		228
# of unsupported tests		2

		=== libffi Summary ===

# of expected passes		456
# of unsupported tests		4
		=== libjava tests ===


Running target unix/-m32

		=== libjava Summary for unix/-m32 ===

# of expected passes		3968
# of expected failures		10
# of untested testcases		8

Running target unix

		=== libjava Summary for unix ===

# of expected passes		3968
# of expected failures		10
# of untested testcases		8

		=== libjava Summary ===

# of expected passes		7936
# of expected failures		20
# of untested testcases		16
		=== libmudflap tests ===


Running target unix/-m32

		=== libmudflap Summary for unix/-m32 ===

# of expected passes		1779

Running target unix

		=== libmudflap Summary for unix ===

# of expected passes		1779

		=== libmudflap Summary ===

# of expected passes		3558
		=== libstdc++ tests ===


Running target unix/-m32
FAIL: 22_locale/messages_byname/named_equivalence.cc execution test
XPASS: 26_numerics/cmath/c99_classification_macros_c.cc (test for excess errors)

		=== libstdc++ Summary for unix/-m32 ===

# of expected passes		1545
# of unexpected failures	1
# of unexpected successes	1
# of expected failures		6
# of unsupported tests		4

Running target unix
XPASS: 26_numerics/cmath/c99_classification_macros_c.cc (test for excess errors)
XPASS: 27_io/fpos/14320-1.cc execution test

		=== libstdc++ Summary for unix ===

# of expected passes		1546
# of unexpected successes	2
# of expected failures		5
# of unsupported tests		4

		=== libstdc++ Summary ===

# of expected passes		3091
# of unexpected failures	1
# of unexpected successes	3
# of expected failures		11
# of unsupported tests		8

Compiler version: 4.1.0 20050917 (experimental) 
Platform: x86_64-unknown-linux-gnu
configure flags: --enable-clocale=gnu --with-system-zlib --with-demangler-in-ld --enable-shared --enable-threads=posix --enable-haifa --disable-checking --prefix=/usr/gcc-4.1 --with-local-prefix=/usr/local --enable-languages=c,c++,fortran,java,objc


Index Nav: [Date Index] [Subject Index] [Author Index] [Thread Index]
Message Nav: [Date Prev] [Date Next] [Thread Prev] [Thread Next]