This is the mail archive of the gcc-testresults@gcc.gnu.org mailing list for the GCC project.


Index Nav: [Date Index] [Subject Index] [Author Index] [Thread Index]
Message Nav: [Date Prev] [Date Next] [Thread Prev] [Thread Next]
Other format: [Raw text]

Results for 4.1.0 20050916 (experimental) testsuite on sparc64-unknown-linux-gnu


Aurora SPARC Linux release 2.0 (Kashmir FC3) UltraSparc IIi (Sabre) sun4u:

(auroralinux corona + rathann's and rzm's FC3 updates)

binutils-2.16.91.0.2-4.sparc
bison-1.875c-2.sparc
dejagnu-1.4.4-2.noarch
expect-5.42.1-1.sparc
gcc-3.4.3-22.sparc.sparc
gcc4-4.0.0-0.41.sparc.sparc
glibc-2.3.5-0.fc3.1.sparcv9
glibc-2.3.5-0.fc3.1.sparc64
glibc-devel-2.3.5-0.fc3.1.sparc64
glibc-devel-2.3.5-0.fc3.1.sparc
glibc-headers-2.3.5-0.fc3.1.sparc
glibc-kernheaders-2.6-20sparc.sparc
gmp-4.1.4-3sparc.sparc
gmp-4.1.4-3sparc.sparc64
gmp-devel-4.1.4-3sparc.sparc
gmp-devel-4.1.4-3sparc.sparc64
kernel-2.6.12-1.1505sp1.sparc64
package kernel-devel is not installed
package kernel-smp is not installed
libgcc-3.4.3-22.sparc.sparc
libgcc-3.4.3-22.sparc.sparc64
libstdc++-3.4.3-22.sparc.sparc
libstdc++-3.4.3-22.sparc.sparc64
libstdc++-devel-3.4.3-22.sparc.sparc64
libstdc++-devel-3.4.3-22.sparc.sparc
make-3.80-5.sparc
nptl-devel-2.3.5-0.fc3.1.sparcv9
tcl-8.4.7-2.sparc

LAST_UPDATED: Fri Sep 16 15:58:00 UTC 2005

		=== acats tests ===
FAIL:	c32001e
FAIL:	c34007p
FAIL:	c34007r
FAIL:	c45282b
FAIL:	c45651a
FAIL:	c52103x
FAIL:	c52104x
FAIL:	c52104y
FAIL:	c64105b
FAIL:	c95086b
FAIL:	ca11c01
FAIL:	ce3810b

		=== acats Summary ===
# of expected passes		2307
# of unexpected failures	12
Native configuration is sparc64-unknown-linux-gnu

		=== gcc tests ===


Running target unix/-m64
WARNING: program timed out.
FAIL: gcc.dg/c99-intconst-1.c (test for excess errors)
ERROR: gcc.dg/pr15784-4.c: error executing dg-final: couldn't open "pr15784-4.c.t83.optimized pr15784-4.c.t91.optimized": no such file or directory
UNRESOLVED: gcc.dg/pr15784-4.c: error executing dg-final: couldn't open "pr15784-4.c.t83.optimized pr15784-4.c.t91.optimized": no such file or directory
ERROR: gcc.dg/tree-ssa/20040514-2.c: error executing dg-final: couldn't open "20040514-2.c.t40.phiopt1 20040514-2.c.t32.phiopt1": no such file or directory
UNRESOLVED: gcc.dg/tree-ssa/20040514-2.c: error executing dg-final: couldn't open "20040514-2.c.t40.phiopt1 20040514-2.c.t32.phiopt1": no such file or directory
ERROR: gcc.dg/tree-ssa/builtin-fprintf-1.c: error executing dg-final: couldn't open "builtin-fprintf-1.c.t52.fab builtin-fprintf-1.c.t60.fab": no such file or directory
UNRESOLVED: gcc.dg/tree-ssa/builtin-fprintf-1.c: error executing dg-final: couldn't open "builtin-fprintf-1.c.t52.fab builtin-fprintf-1.c.t60.fab": no such file or directory
ERROR: gcc.dg/tree-ssa/builtin-fprintf-chk-1.c: error executing dg-final: couldn't open "builtin-fprintf-chk-1.c.t52.fab builtin-fprintf-chk-1.c.t60.fab": no such file or directory
UNRESOLVED: gcc.dg/tree-ssa/builtin-fprintf-chk-1.c: error executing dg-final: couldn't open "builtin-fprintf-chk-1.c.t52.fab builtin-fprintf-chk-1.c.t60.fab": no such file or directory
ERROR: gcc.dg/tree-ssa/builtin-printf-1.c: error executing dg-final: couldn't open "builtin-printf-1.c.t52.fab builtin-printf-1.c.t60.fab": no such file or directory
UNRESOLVED: gcc.dg/tree-ssa/builtin-printf-1.c: error executing dg-final: couldn't open "builtin-printf-1.c.t52.fab builtin-printf-1.c.t60.fab": no such file or directory
ERROR: gcc.dg/tree-ssa/builtin-printf-chk-1.c: error executing dg-final: couldn't open "builtin-printf-chk-1.c.t52.fab builtin-printf-chk-1.c.t60.fab": no such file or directory
UNRESOLVED: gcc.dg/tree-ssa/builtin-printf-chk-1.c: error executing dg-final: couldn't open "builtin-printf-chk-1.c.t52.fab builtin-printf-chk-1.c.t60.fab": no such file or directory
ERROR: gcc.dg/tree-ssa/builtin-vfprintf-1.c: error executing dg-final: couldn't open "builtin-vfprintf-1.c.t52.fab builtin-vfprintf-1.c.t60.fab": no such file or directory
UNRESOLVED: gcc.dg/tree-ssa/builtin-vfprintf-1.c: error executing dg-final: couldn't open "builtin-vfprintf-1.c.t52.fab builtin-vfprintf-1.c.t60.fab": no such file or directory
ERROR: gcc.dg/tree-ssa/builtin-vfprintf-chk-1.c: error executing dg-final: couldn't open "builtin-vfprintf-chk-1.c.t52.fab builtin-vfprintf-chk-1.c.t60.fab": no such file or directory
UNRESOLVED: gcc.dg/tree-ssa/builtin-vfprintf-chk-1.c: error executing dg-final: couldn't open "builtin-vfprintf-chk-1.c.t52.fab builtin-vfprintf-chk-1.c.t60.fab": no such file or directory
ERROR: gcc.dg/tree-ssa/builtin-vprintf-1.c: error executing dg-final: couldn't open "builtin-vprintf-1.c.t52.fab builtin-vprintf-1.c.t60.fab": no such file or directory
UNRESOLVED: gcc.dg/tree-ssa/builtin-vprintf-1.c: error executing dg-final: couldn't open "builtin-vprintf-1.c.t52.fab builtin-vprintf-1.c.t60.fab": no such file or directory
ERROR: gcc.dg/tree-ssa/builtin-vprintf-chk-1.c: error executing dg-final: couldn't open "builtin-vprintf-chk-1.c.t52.fab builtin-vprintf-chk-1.c.t60.fab": no such file or directory
UNRESOLVED: gcc.dg/tree-ssa/builtin-vprintf-chk-1.c: error executing dg-final: couldn't open "builtin-vprintf-chk-1.c.t52.fab builtin-vprintf-chk-1.c.t60.fab": no such file or directory
FAIL: gcc.dg/tree-ssa/gen-vect-11c.c scan-tree-dump-times vectorized 0 loops 1
FAIL: gcc.dg/tree-ssa/gen-vect-25.c execution test
ERROR: gcc.dg/tree-ssa/ltrans-8.c: error executing dg-final: couldn't open "ltrans-8.c.t74.ltrans ltrans-8.c.t66.ltrans": no such file or directory
UNRESOLVED: gcc.dg/tree-ssa/ltrans-8.c: error executing dg-final: couldn't open "ltrans-8.c.t74.ltrans ltrans-8.c.t66.ltrans": no such file or directory
ERROR: gcc.dg/tree-ssa/pr21985.c: error executing dg-final: couldn't open "pr21985.c.t93.vars pr21985.c.t85.vars": no such file or directory
UNRESOLVED: gcc.dg/tree-ssa/pr21985.c: error executing dg-final: couldn't open "pr21985.c.t93.vars pr21985.c.t85.vars": no such file or directory
XPASS: gcc.dg/vect/vect-105.c scan-tree-dump-times vectorized 1 loops 1
FAIL: gcc.dg/vect/vect-22.c scan-tree-dump-times vectorized 4 loops 1
FAIL: gcc.dg/vect/vect-reduc-1char.c scan-tree-dump-times vectorized 3 loops 1
FAIL: gcc.dg/vect/vect-reduc-1short.c scan-tree-dump-times vectorized 3 loops 1
FAIL: gcc.dg/vect/vect-reduc-2char.c scan-tree-dump-times vectorized 3 loops 1
FAIL: gcc.dg/vect/vect-reduc-2short.c scan-tree-dump-times vectorized 3 loops 1
ERROR: gcc.dg/vect/trapv-vect-reduc-4.c: error executing dg-final: couldn't open "trapv-vect-reduc-4.c.t77.vect trapv-vect-reduc-4.c.t69.vect": no such file or directory
UNRESOLVED: gcc.dg/vect/trapv-vect-reduc-4.c: error executing dg-final: couldn't open "trapv-vect-reduc-4.c.t77.vect trapv-vect-reduc-4.c.t69.vect": no such file or directory
FAIL: gcc.misc-tests/linkage.c link
ERROR: gcc.target/sparc/fexpand-2.c: error executing dg-final: couldn't open "fexpand-2.c.t95.final_cleanup fexpand-2.c.t87.final_cleanup": no such file or directory
UNRESOLVED: gcc.target/sparc/fexpand-2.c: error executing dg-final: couldn't open "fexpand-2.c.t95.final_cleanup fexpand-2.c.t87.final_cleanup": no such file or directory
ERROR: gcc.target/sparc/fpmerge-2.c: error executing dg-final: couldn't open "fpmerge-2.c.t87.final_cleanup fpmerge-2.c.t95.final_cleanup": no such file or directory
UNRESOLVED: gcc.target/sparc/fpmerge-2.c: error executing dg-final: couldn't open "fpmerge-2.c.t87.final_cleanup fpmerge-2.c.t95.final_cleanup": no such file or directory
ERROR: gcc.target/sparc/fpmul-2.c: error executing dg-final: couldn't open "fpmul-2.c.t87.final_cleanup fpmul-2.c.t95.final_cleanup": no such file or directory
UNRESOLVED: gcc.target/sparc/fpmul-2.c: error executing dg-final: couldn't open "fpmul-2.c.t87.final_cleanup fpmul-2.c.t95.final_cleanup": no such file or directory
ERROR: gcc.target/sparc/pdist-2.c: error executing dg-final: couldn't open "pdist-2.c.t87.final_cleanup pdist-2.c.t95.final_cleanup": no such file or directory
UNRESOLVED: gcc.target/sparc/pdist-2.c: error executing dg-final: couldn't open "pdist-2.c.t87.final_cleanup pdist-2.c.t95.final_cleanup": no such file or directory

		=== gcc Summary for unix/-m64 ===

# of expected passes		36562
# of unexpected failures	9
# of unexpected successes	1
# of expected failures		100
# of unresolved testcases	17
# of untested testcases		28
# of unsupported tests		585

Running target unix
ERROR: gcc.dg/pr15784-4.c: error executing dg-final: couldn't open "pr15784-4.c.t83.optimized pr15784-4.c.t91.optimized": no such file or directory
UNRESOLVED: gcc.dg/pr15784-4.c: error executing dg-final: couldn't open "pr15784-4.c.t83.optimized pr15784-4.c.t91.optimized": no such file or directory
ERROR: gcc.dg/tree-ssa/20040514-2.c: error executing dg-final: couldn't open "20040514-2.c.t40.phiopt1 20040514-2.c.t32.phiopt1": no such file or directory
UNRESOLVED: gcc.dg/tree-ssa/20040514-2.c: error executing dg-final: couldn't open "20040514-2.c.t40.phiopt1 20040514-2.c.t32.phiopt1": no such file or directory
ERROR: gcc.dg/tree-ssa/builtin-fprintf-1.c: error executing dg-final: couldn't open "builtin-fprintf-1.c.t52.fab builtin-fprintf-1.c.t60.fab": no such file or directory
UNRESOLVED: gcc.dg/tree-ssa/builtin-fprintf-1.c: error executing dg-final: couldn't open "builtin-fprintf-1.c.t52.fab builtin-fprintf-1.c.t60.fab": no such file or directory
ERROR: gcc.dg/tree-ssa/builtin-fprintf-chk-1.c: error executing dg-final: couldn't open "builtin-fprintf-chk-1.c.t52.fab builtin-fprintf-chk-1.c.t60.fab": no such file or directory
UNRESOLVED: gcc.dg/tree-ssa/builtin-fprintf-chk-1.c: error executing dg-final: couldn't open "builtin-fprintf-chk-1.c.t52.fab builtin-fprintf-chk-1.c.t60.fab": no such file or directory
ERROR: gcc.dg/tree-ssa/builtin-printf-1.c: error executing dg-final: couldn't open "builtin-printf-1.c.t52.fab builtin-printf-1.c.t60.fab": no such file or directory
UNRESOLVED: gcc.dg/tree-ssa/builtin-printf-1.c: error executing dg-final: couldn't open "builtin-printf-1.c.t52.fab builtin-printf-1.c.t60.fab": no such file or directory
ERROR: gcc.dg/tree-ssa/builtin-printf-chk-1.c: error executing dg-final: couldn't open "builtin-printf-chk-1.c.t52.fab builtin-printf-chk-1.c.t60.fab": no such file or directory
UNRESOLVED: gcc.dg/tree-ssa/builtin-printf-chk-1.c: error executing dg-final: couldn't open "builtin-printf-chk-1.c.t52.fab builtin-printf-chk-1.c.t60.fab": no such file or directory
ERROR: gcc.dg/tree-ssa/builtin-vfprintf-1.c: error executing dg-final: couldn't open "builtin-vfprintf-1.c.t52.fab builtin-vfprintf-1.c.t60.fab": no such file or directory
UNRESOLVED: gcc.dg/tree-ssa/builtin-vfprintf-1.c: error executing dg-final: couldn't open "builtin-vfprintf-1.c.t52.fab builtin-vfprintf-1.c.t60.fab": no such file or directory
ERROR: gcc.dg/tree-ssa/builtin-vfprintf-chk-1.c: error executing dg-final: couldn't open "builtin-vfprintf-chk-1.c.t52.fab builtin-vfprintf-chk-1.c.t60.fab": no such file or directory
UNRESOLVED: gcc.dg/tree-ssa/builtin-vfprintf-chk-1.c: error executing dg-final: couldn't open "builtin-vfprintf-chk-1.c.t52.fab builtin-vfprintf-chk-1.c.t60.fab": no such file or directory
ERROR: gcc.dg/tree-ssa/builtin-vprintf-1.c: error executing dg-final: couldn't open "builtin-vprintf-1.c.t52.fab builtin-vprintf-1.c.t60.fab": no such file or directory
UNRESOLVED: gcc.dg/tree-ssa/builtin-vprintf-1.c: error executing dg-final: couldn't open "builtin-vprintf-1.c.t52.fab builtin-vprintf-1.c.t60.fab": no such file or directory
ERROR: gcc.dg/tree-ssa/builtin-vprintf-chk-1.c: error executing dg-final: couldn't open "builtin-vprintf-chk-1.c.t52.fab builtin-vprintf-chk-1.c.t60.fab": no such file or directory
UNRESOLVED: gcc.dg/tree-ssa/builtin-vprintf-chk-1.c: error executing dg-final: couldn't open "builtin-vprintf-chk-1.c.t52.fab builtin-vprintf-chk-1.c.t60.fab": no such file or directory
FAIL: gcc.dg/tree-ssa/gen-vect-25.c execution test
ERROR: gcc.dg/tree-ssa/ltrans-8.c: error executing dg-final: couldn't open "ltrans-8.c.t74.ltrans ltrans-8.c.t66.ltrans": no such file or directory
UNRESOLVED: gcc.dg/tree-ssa/ltrans-8.c: error executing dg-final: couldn't open "ltrans-8.c.t74.ltrans ltrans-8.c.t66.ltrans": no such file or directory
ERROR: gcc.dg/tree-ssa/pr21985.c: error executing dg-final: couldn't open "pr21985.c.t93.vars pr21985.c.t85.vars": no such file or directory
UNRESOLVED: gcc.dg/tree-ssa/pr21985.c: error executing dg-final: couldn't open "pr21985.c.t93.vars pr21985.c.t85.vars": no such file or directory
XPASS: gcc.dg/vect/vect-105.c scan-tree-dump-times vectorized 1 loops 1
FAIL: gcc.dg/vect/vect-22.c scan-tree-dump-times vectorized 4 loops 1
FAIL: gcc.dg/vect/vect-reduc-1char.c scan-tree-dump-times vectorized 3 loops 1
FAIL: gcc.dg/vect/vect-reduc-1short.c scan-tree-dump-times vectorized 3 loops 1
FAIL: gcc.dg/vect/vect-reduc-2char.c scan-tree-dump-times vectorized 3 loops 1
FAIL: gcc.dg/vect/vect-reduc-2short.c scan-tree-dump-times vectorized 3 loops 1
ERROR: gcc.dg/vect/trapv-vect-reduc-4.c: error executing dg-final: couldn't open "trapv-vect-reduc-4.c.t77.vect trapv-vect-reduc-4.c.t69.vect": no such file or directory
UNRESOLVED: gcc.dg/vect/trapv-vect-reduc-4.c: error executing dg-final: couldn't open "trapv-vect-reduc-4.c.t77.vect trapv-vect-reduc-4.c.t69.vect": no such file or directory
ERROR: gcc.target/sparc/fexpand-2.c: error executing dg-final: couldn't open "fexpand-2.c.t95.final_cleanup fexpand-2.c.t87.final_cleanup": no such file or directory
UNRESOLVED: gcc.target/sparc/fexpand-2.c: error executing dg-final: couldn't open "fexpand-2.c.t95.final_cleanup fexpand-2.c.t87.final_cleanup": no such file or directory
ERROR: gcc.target/sparc/fpmerge-2.c: error executing dg-final: couldn't open "fpmerge-2.c.t87.final_cleanup fpmerge-2.c.t95.final_cleanup": no such file or directory
UNRESOLVED: gcc.target/sparc/fpmerge-2.c: error executing dg-final: couldn't open "fpmerge-2.c.t87.final_cleanup fpmerge-2.c.t95.final_cleanup": no such file or directory
ERROR: gcc.target/sparc/fpmul-2.c: error executing dg-final: couldn't open "fpmul-2.c.t87.final_cleanup fpmul-2.c.t95.final_cleanup": no such file or directory
UNRESOLVED: gcc.target/sparc/fpmul-2.c: error executing dg-final: couldn't open "fpmul-2.c.t87.final_cleanup fpmul-2.c.t95.final_cleanup": no such file or directory
ERROR: gcc.target/sparc/pdist-2.c: error executing dg-final: couldn't open "pdist-2.c.t87.final_cleanup pdist-2.c.t95.final_cleanup": no such file or directory
UNRESOLVED: gcc.target/sparc/pdist-2.c: error executing dg-final: couldn't open "pdist-2.c.t87.final_cleanup pdist-2.c.t95.final_cleanup": no such file or directory

		=== gcc Summary for unix ===

# of expected passes		36568
# of unexpected failures	6
# of unexpected successes	1
# of expected failures		100
# of unresolved testcases	17
# of untested testcases		28
# of unsupported tests		583

		=== gcc Summary ===

# of expected passes		73130
# of unexpected failures	15
# of unexpected successes	2
# of expected failures		200
# of unresolved testcases	34
# of untested testcases		56
# of unsupported tests		1168
/usr/local/src/trunk/objdir/gcc/xgcc  version 4.1.0 20050916 (experimental)

		=== g++ tests ===


Running target unix/-m64
FAIL: g++.dg/init/struct3.C (test for excess errors)
XPASS: g++.old-deja/g++.other/init5.C execution test

		=== g++ Summary for unix/-m64 ===

# of expected passes		11283
# of unexpected failures	1
# of unexpected successes	1
# of expected failures		66
# of unsupported tests		101

Running target unix
XPASS: g++.old-deja/g++.other/init5.C execution test

		=== g++ Summary for unix ===

# of expected passes		11316
# of unexpected successes	1
# of expected failures		66
# of unsupported tests		99

		=== g++ Summary ===

# of expected passes		22599
# of unexpected failures	1
# of unexpected successes	2
# of expected failures		132
# of unsupported tests		200
/usr/local/src/trunk/objdir/gcc/testsuite/../g++  version 4.1.0 20050916 (experimental)

		=== obj-c++ tests ===


Running target unix/-m64
FAIL: obj-c++.dg/bitfield-1.mm (test for excess errors)
FAIL: obj-c++.dg/bitfield-4.mm (test for excess errors)
FAIL: obj-c++.dg/comp-types-10.mm (test for excess errors)
FAIL: obj-c++.dg/cxx-ivars-2.mm execution test
FAIL: obj-c++.dg/encode-3.mm execution test
FAIL: obj-c++.dg/encode-4.mm (test for excess errors)
WARNING: obj-c++.dg/encode-4.mm compilation failed to produce executable
FAIL: obj-c++.dg/encode-5.mm (test for excess errors)
WARNING: obj-c++.dg/encode-5.mm compilation failed to produce executable
FAIL: obj-c++.dg/encode-6.mm (test for excess errors)
WARNING: obj-c++.dg/encode-6.mm compilation failed to produce executable
FAIL: obj-c++.dg/encode-8.mm execution test
FAIL: obj-c++.dg/isa-field-1.mm (test for excess errors)
FAIL: obj-c++.dg/layout-1.mm (test for excess errors)
FAIL: obj-c++.dg/lookup-2.mm (test for excess errors)
WARNING: obj-c++.dg/lookup-2.mm compilation failed to produce executable
FAIL: obj-c++.dg/method-19.mm (test for excess errors)
WARNING: obj-c++.dg/method-19.mm compilation failed to produce executable
FAIL: obj-c++.dg/try-catch-2.mm (test for excess errors)
WARNING: obj-c++.dg/try-catch-2.mm compilation failed to produce executable
FAIL: obj-c++.dg/try-catch-9.mm (test for excess errors)
WARNING: obj-c++.dg/try-catch-9.mm compilation failed to produce executable

		=== obj-c++ Summary for unix/-m64 ===

# of expected passes		408
# of unexpected failures	15
# of unsupported tests		13

Running target unix
FAIL: obj-c++.dg/comp-types-10.mm (test for excess errors)
FAIL: obj-c++.dg/cxx-ivars-2.mm execution test
FAIL: obj-c++.dg/encode-4.mm (test for excess errors)
WARNING: obj-c++.dg/encode-4.mm compilation failed to produce executable
FAIL: obj-c++.dg/encode-5.mm (test for excess errors)
WARNING: obj-c++.dg/encode-5.mm compilation failed to produce executable
FAIL: obj-c++.dg/encode-6.mm (test for excess errors)
WARNING: obj-c++.dg/encode-6.mm compilation failed to produce executable
FAIL: obj-c++.dg/encode-8.mm execution test
FAIL: obj-c++.dg/isa-field-1.mm (test for excess errors)
FAIL: obj-c++.dg/lookup-2.mm (test for excess errors)
WARNING: obj-c++.dg/lookup-2.mm compilation failed to produce executable
FAIL: obj-c++.dg/method-19.mm (test for excess errors)
WARNING: obj-c++.dg/method-19.mm compilation failed to produce executable
FAIL: obj-c++.dg/try-catch-2.mm (test for excess errors)
WARNING: obj-c++.dg/try-catch-2.mm compilation failed to produce executable
FAIL: obj-c++.dg/try-catch-9.mm (test for excess errors)
WARNING: obj-c++.dg/try-catch-9.mm compilation failed to produce executable

		=== obj-c++ Summary for unix ===

# of expected passes		412
# of unexpected failures	11
# of unsupported tests		13

		=== obj-c++ Summary ===

# of expected passes		820
# of unexpected failures	26
# of unsupported tests		26
/usr/local/src/trunk/objdir/gcc/testsuite/../g++  version 4.1.0 20050916 (experimental)

		=== objc tests ===


Running target unix/-m64

		=== objc Summary for unix/-m64 ===

# of expected passes		1672
# of unsupported tests		22

Running target unix

		=== objc Summary for unix ===

# of expected passes		1672
# of unsupported tests		22

		=== objc Summary ===

# of expected passes		3344
# of unsupported tests		44
/usr/local/src/trunk/objdir/gcc/xgcc  version 4.1.0 20050916 (experimental)

		=== treelang tests ===


Running target unix/-m64

		=== treelang Summary for unix/-m64 ===

# of expected passes		50

Running target unix

		=== treelang Summary for unix ===

# of expected passes		50

		=== treelang Summary ===

# of expected passes		100
		=== libffi tests ===


Running target unix/-m64

		=== libffi Summary for unix/-m64 ===

# of expected passes		228
# of unsupported tests		2

Running target unix

		=== libffi Summary for unix ===

# of expected passes		228
# of unsupported tests		2

		=== libffi Summary ===

# of expected passes		456
# of unsupported tests		4
		=== libjava tests ===


Running target unix/-m64
FAIL: PR16923.c compilation
FAIL: Array_3 execution - source compiled test
FAIL: Array_3 execution - gij test
FAIL: Array_3 execution - bytecode->native test
FAIL: Array_3 -O3 execution - source compiled test
FAIL: Array_3 execution - gij test
FAIL: Array_3 -O3 execution - bytecode->native test
FAIL: Invoke_1 execution - source compiled test
FAIL: Invoke_1 execution - bytecode->native test
FAIL: Invoke_1 -O3 execution - source compiled test
FAIL: Invoke_1 -O3 execution - bytecode->native test
FAIL: PR218 execution - gij test
FAIL: PR218 execution - gij test
FAIL: /usr/local/src/trunk/objdir/sparc64-unknown-linux-gnu/libjava/testsuite/TestLeak.exe output - /usr/local/src/trunk/objdir/sparc64-unknown-linux-gnu/libjava/testsuite/TestLeak.exe

		=== libjava Summary for unix/-m64 ===

# of expected passes		3941
# of unexpected failures	14
# of expected failures		10
# of untested testcases		20

Running target unix

		=== libjava Summary for unix ===

# of expected passes		3968
# of expected failures		10
# of untested testcases		8

		=== libjava Summary ===

# of expected passes		7909
# of unexpected failures	14
# of expected failures		20
# of untested testcases		28
		=== libmudflap tests ===


Running target unix/-m64
FAIL: libmudflap.c/pass54-frag.c execution test
FAIL: libmudflap.c/pass54-frag.c execution test
FAIL: libmudflap.c/pass54-frag.c (-static) execution test
FAIL: libmudflap.c/pass54-frag.c (-static) execution test

		=== libmudflap Summary for unix/-m64 ===

# of expected passes		1775
# of unexpected failures	4

Running target unix
FAIL: libmudflap.c/pass54-frag.c execution test
FAIL: libmudflap.c/pass54-frag.c execution test
FAIL: libmudflap.c/pass54-frag.c (-static) execution test
FAIL: libmudflap.c/pass54-frag.c (-static) execution test

		=== libmudflap Summary for unix ===

# of expected passes		1775
# of unexpected failures	4

		=== libmudflap Summary ===

# of expected passes		3550
# of unexpected failures	8
		=== libstdc++ tests ===


Running target unix/-m64
FAIL: 22_locale/messages/members/char/1.cc execution test
FAIL: 22_locale/messages/members/char/2.cc execution test
FAIL: 22_locale/messages/members/char/wrapped_env.cc execution test
FAIL: 22_locale/messages/members/char/wrapped_locale.cc execution test
FAIL: 22_locale/messages_byname/named_equivalence.cc execution test
XPASS: 26_numerics/cmath/c99_classification_macros_c.cc (test for excess errors)
FAIL: 27_io/basic_filebuf/close/char/4879.cc execution test
FAIL: 27_io/basic_filebuf/close/char/9964.cc execution test
FAIL: 27_io/basic_filebuf/imbue/char/13171-2.cc execution test
FAIL: 27_io/basic_filebuf/imbue/wchar_t/14975-2.cc execution test
FAIL: 27_io/basic_filebuf/underflow/char/10097.cc execution test
XPASS: 27_io/fpos/14320-1.cc execution test
FAIL: 27_io/objects/char/7.cc execution test
FAIL: 27_io/objects/char/9661-1.cc execution test
FAIL: 27_io/objects/wchar_t/7.cc execution test
FAIL: 27_io/objects/wchar_t/9661-1.cc execution test

		=== libstdc++ Summary for unix/-m64 ===

# of expected passes		3918
# of unexpected failures	14
# of unexpected successes	2
# of expected failures		14

Running target unix
FAIL: 23_containers/set/explicit_instantiation/2.cc (test for excess errors)
FAIL: 23_containers/set/explicit_instantiation/3.cc (test for excess errors)
XPASS: 26_numerics/cmath/c99_classification_macros_c.cc (test for excess errors)

		=== libstdc++ Summary for unix ===

# of expected passes		3930
# of unexpected failures	2
# of unexpected successes	1
# of expected failures		15

		=== libstdc++ Summary ===

# of expected passes		7848
# of unexpected failures	16
# of unexpected successes	3
# of expected failures		29

Compiler version: 4.1.0 20050916 (experimental) 
Platform: sparc64-unknown-linux-gnu
configure flags: --enable-__cxa_atexit --enable-shared --with-cpu=v7 --enable-languages=c,ada,c++,fortran,java,objc,obj-c++,treelang


Index Nav: [Date Index] [Subject Index] [Author Index] [Thread Index]
Message Nav: [Date Prev] [Date Next] [Thread Prev] [Thread Next]