This is the mail archive of the gcc-testresults@gcc.gnu.org mailing list for the GCC project.


Index Nav: [Date Index] [Subject Index] [Author Index] [Thread Index]
Message Nav: [Date Prev] [Date Next] [Thread Prev] [Thread Next]
Other format: [Raw text]

Results for 4.0.2 20050916 (prerelease) testsuite on i686-pc-linux-gnu


LAST_UPDATED: Fri Sep 16 14:30:51 UTC 2005

Native configuration is i686-pc-linux-gnu

		=== gcc tests ===


Running target unix
ERROR: gcc.dg/charset/asm4.c: error executing dg-final: couldn't open "asm4.s": no such file or directory
UNRESOLVED: gcc.dg/charset/asm4.c: error executing dg-final: couldn't open "asm4.s": no such file or directory
XPASS: gcc.dg/vect/vect-22.c scan-tree-dump-times vectorized 3 loops 1

		=== gcc Summary ===

# of expected passes		35246
# of unexpected successes	1
# of expected failures		94
# of unresolved testcases	1
# of untested testcases		28
# of unsupported tests		329
/export/build/gnu/gcc-4.0/build-i686-linux/gcc/xgcc  version 4.0.2 20050916 (prerelease)

		=== gfortran tests ===


Running target unix

		=== gfortran Summary ===

# of expected passes		8225
# of expected failures		1
/export/build/gnu/gcc-4.0/build-i686-linux/gcc/testsuite/../gfortran  version 4.0.2 20050916 (prerelease)

		=== g++ tests ===


Running target unix

		=== g++ Summary ===

# of expected passes		11131
# of expected failures		69
# of unsupported tests		56
/export/build/gnu/gcc-4.0/build-i686-linux/gcc/testsuite/../g++  version 4.0.2 20050916 (prerelease)

		=== objc tests ===


Running target unix

		=== objc Summary ===

# of expected passes		1536
# of unsupported tests		10
/export/build/gnu/gcc-4.0/build-i686-linux/gcc/xgcc  version 4.0.2 20050916 (prerelease)

		=== libffi tests ===


Running target unix

		=== libffi Summary ===

# of expected passes		219
# of unsupported tests		2
		=== libjava tests ===


Running target unix

		=== libjava Summary ===

# of expected passes		3814
# of expected failures		14
# of untested testcases		16
		=== libmudflap tests ===


Running target unix
WARNING: program timed out.
FAIL: libmudflap.cth/pass39-frag.c (rerun 12) execution test
FAIL: libmudflap.cth/pass39-frag.c (rerun 12) output pattern test
WARNING: program timed out.
FAIL: libmudflap.cth/pass39-frag.c (rerun 13) execution test
WARNING: program timed out.
FAIL: libmudflap.cth/pass39-frag.c (rerun 14) execution test
FAIL: libmudflap.cth/pass39-frag.c (rerun 14) output pattern test
WARNING: program timed out.
FAIL: libmudflap.cth/pass39-frag.c (rerun 15) execution test
FAIL: libmudflap.cth/pass39-frag.c (rerun 15) output pattern test
WARNING: program timed out.
FAIL: libmudflap.cth/pass39-frag.c (-O3) (rerun 7) execution test

		=== libmudflap Summary ===

# of expected passes		1280
# of unexpected failures	8
		=== libstdc++ tests ===


Running target unix
XPASS: 22_locale/locale/cons/12658_thread-1.cc execution test
XPASS: 26_numerics/cmath/c99_classification_macros_c.cc (test for excess errors)

		=== libstdc++ Summary ===

# of expected passes		3663
# of unexpected successes	2
# of expected failures		12

Compiler version: 4.0.2 20050916 (prerelease) 
Platform: i686-pc-linux-gnu
configure flags: --enable-clocale=gnu --with-system-zlib --disable-libunwind-exceptions --with-demangler-in-ld --enable-shared --enable-threads=posix --enable-haifa --disable-checking --prefix=/usr/gcc-4.0 --with-local-prefix=/usr/local --enable-languages=c,c++,f95,java,objc


Index Nav: [Date Index] [Subject Index] [Author Index] [Thread Index]
Message Nav: [Date Prev] [Date Next] [Thread Prev] [Thread Next]