This is the mail archive of the gcc-testresults@gcc.gnu.org mailing list for the GCC project.


Index Nav: [Date Index] [Subject Index] [Author Index] [Thread Index]
Message Nav: [Date Prev] [Date Next] [Thread Prev] [Thread Next]
Other format: [Raw text]

Results for 4.1.0 20050917 (experimental) testsuite on powerpc64-unknown-linux-gnu


Linux 2.4.21-17.EL ppc64
GNU C Library stable release version 2.3.2
GNU ld version 2.16
GNU assembler 2.16
GNU Make version 3.79.1

DejaGnu:
	Expect version is	5.40.0
	Tcl version is		8.4
	Framework version is	1.4.4

32-bit biarch default32

CVS branch:  mainline

This hardware does not support VMX instructions.

LAST_UPDATED: Sat Sep 17 01:14:08 UTC 2005

Native configuration is powerpc64-unknown-linux-gnu

		=== g++ tests ===


Running target unix/-m32

		=== g++ Summary for unix/-m32 ===

# of expected passes		11412
# of expected failures		66
# of unsupported tests		85

Running target unix/-m64
FAIL: g++.dg/init/struct2.C (test for excess errors)
FAIL: g++.dg/init/struct3.C (test for excess errors)

		=== g++ Summary for unix/-m64 ===

# of expected passes		11372
# of unexpected failures	2
# of expected failures		66
# of unsupported tests		88

		=== g++ Summary ===

# of expected passes		22784
# of unexpected failures	2
# of expected failures		132
# of unsupported tests		173
/home/gccbuild/build/nightly/build-gcc-mline/gcc/testsuite/../g++  version 4.1.0 20050917 (experimental)

		=== gcc tests ===


Running target unix/-m32

		=== gcc Summary for unix/-m32 ===

# of expected passes		38416
# of expected failures		99
# of untested testcases		28
# of unsupported tests		475

Running target unix/-m64
FAIL: gcc.dg/rs6000-fpint.c scan-assembler-not stfiwx
XPASS: gcc.dg/tree-ssa/sra-2.c scan-tree-dump-times link_error 0

		=== gcc Summary for unix/-m64 ===

# of expected passes		38424
# of unexpected failures	1
# of unexpected successes	1
# of expected failures		100
# of untested testcases		28
# of unsupported tests		472

		=== gcc Summary ===

# of expected passes		76840
# of unexpected failures	1
# of unexpected successes	1
# of expected failures		199
# of untested testcases		56
# of unsupported tests		947
/home/gccbuild/build/nightly/build-gcc-mline/gcc/xgcc  version 4.1.0 20050917 (experimental)

		=== objc tests ===


Running target unix/-m32

		=== objc Summary for unix/-m32 ===

# of expected passes		1672
# of unsupported tests		22

Running target unix/-m64
FAIL: objc/execute/exceptions/foward-1.m execution,  -O3 -fomit-frame-pointer -funroll-loops 
FAIL: objc/execute/exceptions/foward-1.m execution,  -O3 -fomit-frame-pointer -funroll-all-loops -finline-functions 

		=== objc Summary for unix/-m64 ===

# of expected passes		1670
# of unexpected failures	2
# of unsupported tests		22

		=== objc Summary ===

# of expected passes		3342
# of unexpected failures	2
# of unsupported tests		44
/home/gccbuild/build/nightly/build-gcc-mline/gcc/xgcc  version 4.1.0 20050917 (experimental)

		=== libmudflap tests ===


Running target unix/-m32

		=== libmudflap Summary for unix/-m32 ===

# of expected passes		1779

Running target unix/-m64
FAIL: libmudflap.c/fail27-frag.c output pattern test
FAIL: libmudflap.c/fail27-frag.c (-O2) output pattern test
FAIL: libmudflap.c/fail27-frag.c (-O3) output pattern test

		=== libmudflap Summary for unix/-m64 ===

# of expected passes		1776
# of unexpected failures	3

		=== libmudflap Summary ===

# of expected passes		3555
# of unexpected failures	3
		=== libstdc++ tests ===


Running target unix/-m32
FAIL: abi_check
XPASS: 26_numerics/cmath/c99_classification_macros_c.cc (test for excess errors)
XPASS: ext/array_allocator/2.cc execution test

		=== libstdc++ Summary for unix/-m32 ===

# of expected passes		3931
# of unexpected failures	1
# of unexpected successes	2
# of expected failures		15

Running target unix/-m64
FAIL: abi_check
FAIL: 22_locale/messages/members/char/1.cc execution test
FAIL: 22_locale/messages/members/char/2.cc execution test
FAIL: 22_locale/messages/members/char/wrapped_env.cc execution test
FAIL: 22_locale/messages/members/char/wrapped_locale.cc execution test
FAIL: 22_locale/messages_byname/named_equivalence.cc execution test
FAIL: 23_containers/set/explicit_instantiation/3.cc (test for excess errors)
XPASS: 26_numerics/cmath/c99_classification_macros_c.cc (test for excess errors)
XPASS: 27_io/fpos/14320-1.cc execution test
XPASS: ext/array_allocator/2.cc execution test

		=== libstdc++ Summary for unix/-m64 ===

# of expected passes		3922
# of unexpected failures	7
# of unexpected successes	3
# of expected failures		17

		=== libstdc++ Summary ===

# of expected passes		7853
# of unexpected failures	8
# of unexpected successes	5
# of expected failures		32

Compiler version: 4.1.0 20050917 (experimental) 
Platform: powerpc64-unknown-linux-gnu
configure flags: --prefix=/opt/gcc-nightly/mline-20050917 --build=powerpc64-linux --host=powerpc64-linux --target=powerpc64-linux --with-cpu=default32 --with-as=/opt/gcc-nightly/mline-20050917/bin/as --with-ld=/opt/gcc-nightly/mline-20050917/bin/ld --enable-threads=posix --enable-shared --enable-__cxa_atexit --enable-checking --with-mpfr=/opt/gcc-nightly/mline-20050917 --enable-languages=c,c++,fortran,objc

		=== Test Framework Summary ===

# of expected passes		2486


Index Nav: [Date Index] [Subject Index] [Author Index] [Thread Index]
Message Nav: [Date Prev] [Date Next] [Thread Prev] [Thread Next]