This is the mail archive of the gcc-testresults@gcc.gnu.org mailing list for the GCC project.


Index Nav: [Date Index] [Subject Index] [Author Index] [Thread Index]
Message Nav: [Date Prev] [Date Next] [Thread Prev] [Thread Next]
Other format: [Raw text]

Results for 4.0.2 20050915 (prerelease) testsuite on sparc-sun-solaris2.8


LAST_UPDATED: Thu Sep 15 05:07:05 UTC 2005

		=== acats tests ===
FAIL:	ce3810b
Native configuration is sparc-sun-solaris2.8

		=== g++ tests ===


Running target unix

		=== g++ Summary ===

# of expected passes		10978
# of expected failures		69
# of unsupported tests		117
/opt/build/eric/gcc-4_0-branch/gcc/testsuite/../g++  version 4.0.2 20050915 (prerelease)

		=== gcc tests ===


Running target unix

		=== gcc Summary ===

# of expected passes		34623
# of expected failures		94
# of untested testcases		28
# of unsupported tests		550
/opt/build/eric/gcc-4_0-branch/gcc/xgcc  version 4.0.2 20050915 (prerelease)

		=== gfortran tests ===


Running target unix

		=== gfortran Summary ===

# of expected passes		8188
# of expected failures		1
# of unsupported tests		17
/opt/build/eric/gcc-4_0-branch/gcc/testsuite/../gfortran  version 4.0.2 20050915 (prerelease)

		=== objc tests ===


Running target unix

		=== objc Summary ===

# of expected passes		1536
# of unsupported tests		10
/opt/build/eric/gcc-4_0-branch/gcc/xgcc  version 4.0.2 20050915 (prerelease)

		=== libffi tests ===


Running target unix

		=== libffi Summary ===

# of expected passes		219
# of unsupported tests		2
		=== libjava tests ===


Running target unix
FAIL: Array_3 execution - gij test
FAIL: Array_3 execution - gij test
FAIL: FileHandleGcTest execution - source compiled test
FAIL: FileHandleGcTest execution - gij test
FAIL: FileHandleGcTest execution - bytecode->native test
FAIL: FileHandleGcTest -O3 execution - source compiled test
FAIL: FileHandleGcTest execution - gij test
FAIL: FileHandleGcTest -O3 execution - bytecode->native test

		=== libjava Summary ===

# of expected passes		3798
# of unexpected failures	8
# of expected failures		14
# of untested testcases		24
		=== libstdc++ tests ===


Running target unix

		=== libstdc++ Summary ===

# of expected passes		3662
# of expected failures		14

Compiler version: 4.0.2 20050915 (prerelease) 
Platform: sparc-sun-solaris2.8
configure flags: --prefix=/opt/build/eric/local/gcc-4_0-branch --with-gmp=/opt/build/eric/local --with-mpfr=/opt/build/eric/local --with-local-prefix=/opt/build/eric/local --enable-checking=release --disable-multilib --enable-languages=c,ada,c++,f95,java,objc
BOOT_CFLAGS=-g -O2


Index Nav: [Date Index] [Subject Index] [Author Index] [Thread Index]
Message Nav: [Date Prev] [Date Next] [Thread Prev] [Thread Next]