This is the mail archive of the gcc-testresults@gcc.gnu.org mailing list for the GCC project.


Index Nav: [Date Index] [Subject Index] [Author Index] [Thread Index]
Message Nav: [Date Prev] [Date Next] [Thread Prev] [Thread Next]
Other format: [Raw text]

Results for 4.1.0-dfp-branch 20050914 (merged 20050902) testsuite on powerpc64-unknown-linux-gnu


Linux 2.4.21-17.EL ppc64
GNU C Library stable release version 2.3.2
GNU ld version 2.16
GNU assembler 2.16
GNU Make version 3.79.1

DejaGnu:
	Expect version is	5.40.0
	Tcl version is		8.4
	Framework version is	1.4.4

32-bit biarch default32

LAST_UPDATED: Wed Sep 14 12:02:51 UTC 2005

Native configuration is powerpc64-unknown-linux-gnu

		=== g++ tests ===


Running target unix/-m32

		=== g++ Summary for unix/-m32 ===

# of expected passes		11369
# of expected failures		66
# of unsupported tests		85

Running target unix/-m64

		=== g++ Summary for unix/-m64 ===

# of expected passes		11331
# of expected failures		66
# of unsupported tests		88

		=== g++ Summary ===

# of expected passes		22700
# of expected failures		132
# of unsupported tests		173
/home/gccbuild/build/nightly/build-gcc-dfp/gcc/testsuite/../g++  version 4.1.0-dfp-branch 20050914 (merged 20050902)

		=== gcc tests ===


Running target unix/-m32
FAIL: gcc.dg/compat/scalar-by-value-dfp c_compat_x_tst.o-c_compat_y_tst.o execute 
FAIL: gcc.dg/compat/scalar-return-dfp c_compat_x_tst.o-c_compat_y_tst.o execute 
FAIL: gcc.dg/debug/dwarf2/dwarf-char1.c scan-assembler 0x[68][ \\t]# DW_AT_encoding
FAIL: gcc.dg/debug/dwarf2/dwarf-char2.c scan-assembler 0x[68][ \\t]# DW_AT_encoding
FAIL: gcc.dg/debug/dwarf2/dwarf-char3.c scan-assembler 0x[68][ \\t]# DW_AT_encoding
FAIL: gcc.dg/dfp/varargs-1.c execution test
FAIL: gcc.dg/dfp/varargs-2.c execution test
FAIL: gcc.dg/nonnull-3.c null pointer check (test for warnings, line 80)
FAIL: gcc.dg/nonnull-3.c (test for excess errors)

		=== gcc Summary for unix/-m32 ===

# of expected passes		38951
# of unexpected failures	9
# of expected failures		99
# of untested testcases		28
# of unsupported tests		476

Running target unix/-m64
FAIL: gcc.c-torture/execute/frame-address.c execution,  -O2 
FAIL: gcc.c-torture/execute/frame-address.c execution,  -O3 -fomit-frame-pointer 
FAIL: gcc.c-torture/execute/frame-address.c execution,  -O3 -g 
FAIL: gcc.c-torture/execute/frame-address.c execution,  -Os 
FAIL: gcc.dg/debug/dwarf2/dwarf-char1.c scan-assembler 0x[68][ \\t]# DW_AT_encoding
FAIL: gcc.dg/debug/dwarf2/dwarf-char2.c scan-assembler 0x[68][ \\t]# DW_AT_encoding
FAIL: gcc.dg/debug/dwarf2/dwarf-char3.c scan-assembler 0x[68][ \\t]# DW_AT_encoding
FAIL: gcc.dg/dfp/typespec.c _Decimal128 _Complex (test for errors, line 296)
FAIL: gcc.dg/dfp/typespec.c unsigned _Decimal32 (test for errors, line 298)
FAIL: gcc.dg/dfp/typespec.c unsigned _Decimal64 (test for errors, line 299)
FAIL: gcc.dg/dfp/typespec.c unsigned _Decimal128 (test for errors, line 300)
FAIL: gcc.dg/dfp/typespec.c signed _Decimal32 (test for errors, line 301)
FAIL: gcc.dg/dfp/typespec.c signed _Decimal64 (test for errors, line 302)
FAIL: gcc.dg/dfp/typespec.c signed _Decimal128 (test for errors, line 303)
FAIL: gcc.dg/c99-typespec-1.c unsigned long int long _Bool (test for errors, line 1152)
FAIL: gcc.dg/c99-typespec-1.c unsigned long int long _Complex (test for errors, line 1153)
FAIL: gcc.dg/c99-typespec-1.c unsigned long long int void (test for errors, line 1154)
FAIL: gcc.dg/c99-typespec-1.c unsigned long long int char (test for errors, line 1155)
FAIL: gcc.dg/c99-typespec-1.c unsigned long long int short (test for errors, line 1156)
FAIL: gcc.dg/c99-typespec-1.c unsigned long long int int (test for errors, line 1157)
FAIL: gcc.dg/c99-typespec-1.c unsigned long long int long (test for errors, line 1158)
FAIL: gcc.dg/c99-typespec-1.c unsigned long long int float (test for errors, line 1159)
FAIL: gcc.dg/c99-typespec-1.c unsigned long long int double (test for errors, line 1160)
FAIL: gcc.dg/c99-typespec-1.c unsigned long long int signed (test for errors, line 1161)
FAIL: gcc.dg/c99-typespec-1.c unsigned long long int unsigned (test for errors, line 1162)
FAIL: gcc.dg/c99-typespec-1.c unsigned long long int _Bool (test for errors, line 1163)
FAIL: gcc.dg/c99-typespec-1.c unsigned long long int _Complex (test for errors, line 1164)
FAIL: gcc.dg/c99-typespec-1.c (test for excess errors)
FAIL: gcc.dg/c99-vla-jump-2.c  (test for errors, line 302)
FAIL: gcc.dg/c99-vla-jump-2.c (test for excess errors)
FAIL: gcc.dg/nonnull-3.c null pointer check (test for warnings, line 80)
FAIL: gcc.dg/nonnull-3.c (test for excess errors)
FAIL: gcc.dg/rs6000-fpint.c scan-assembler-not stfiwx
FAIL: gcc.dg/typespec-1.c unsigned long int long short (test for errors, line 920)
FAIL: gcc.dg/typespec-1.c unsigned long int long int (test for errors, line 921)
FAIL: gcc.dg/typespec-1.c unsigned long int long long (test for errors, line 922)
FAIL: gcc.dg/typespec-1.c unsigned long int long float (test for errors, line 923)
FAIL: gcc.dg/typespec-1.c unsigned long int long double (test for errors, line 924)
FAIL: gcc.dg/typespec-1.c unsigned long int long signed (test for errors, line 925)
FAIL: gcc.dg/typespec-1.c unsigned long int long unsigned (test for errors, line 926)
FAIL: gcc.dg/typespec-1.c unsigned long int long _Bool (test for errors, line 927)
FAIL: gcc.dg/typespec-1.c unsigned long long int void (test for errors, line 928)
FAIL: gcc.dg/typespec-1.c unsigned long long int char (test for errors, line 929)
FAIL: gcc.dg/typespec-1.c unsigned long long int short (test for errors, line 930)
FAIL: gcc.dg/typespec-1.c unsigned long long int int (test for errors, line 931)
FAIL: gcc.dg/typespec-1.c unsigned long long int long (test for errors, line 932)
FAIL: gcc.dg/typespec-1.c unsigned long long int float (test for errors, line 933)
FAIL: gcc.dg/typespec-1.c unsigned long long int double (test for errors, line 934)
FAIL: gcc.dg/typespec-1.c unsigned long long int signed (test for errors, line 935)
FAIL: gcc.dg/typespec-1.c unsigned long long int unsigned (test for errors, line 936)
FAIL: gcc.dg/typespec-1.c unsigned long long int _Bool (test for errors, line 937)
XPASS: gcc.dg/tree-ssa/sra-2.c scan-tree-dump-times link_error 0

		=== gcc Summary for unix/-m64 ===

# of expected passes		38918
# of unexpected failures	51
# of unexpected successes	1
# of expected failures		100
# of untested testcases		28
# of unsupported tests		473

		=== gcc Summary ===

# of expected passes		77869
# of unexpected failures	60
# of unexpected successes	1
# of expected failures		199
# of untested testcases		56
# of unsupported tests		949
/home/gccbuild/build/nightly/build-gcc-dfp/gcc/xgcc  version 4.1.0-dfp-branch 20050914 (merged 20050902)

		=== gfortran tests ===


Running target unix/-m32

		=== gfortran Summary for unix/-m32 ===

# of expected passes		8392
# of expected failures		2
# of unsupported tests		34

Running target unix/-m64
FAIL: gfortran.dg/f2c_2.f90  -O0  execution test
FAIL: gfortran.dg/f2c_2.f90  -O1  execution test
FAIL: gfortran.dg/f2c_2.f90  -O2  execution test
FAIL: gfortran.dg/f2c_2.f90  -O3 -fomit-frame-pointer  execution test
FAIL: gfortran.dg/f2c_2.f90  -O3 -fomit-frame-pointer -funroll-loops  execution test
FAIL: gfortran.dg/f2c_2.f90  -O3 -fomit-frame-pointer -funroll-all-loops -finline-functions  execution test
FAIL: gfortran.dg/f2c_2.f90  -O3 -g  execution test
FAIL: gfortran.dg/f2c_2.f90  -Os  execution test
FAIL: gfortran.dg/namelist_14.f90  -O0  (test for excess errors)
WARNING: gfortran.dg/namelist_14.f90  -O0  compilation failed to produce executable
FAIL: gfortran.dg/g77/cabs.f  -O0  execution test
FAIL: gfortran.dg/g77/cabs.f  -O1  execution test
FAIL: gfortran.dg/g77/cabs.f  -O2  execution test
FAIL: gfortran.dg/g77/cabs.f  -O3 -fomit-frame-pointer  execution test
FAIL: gfortran.dg/g77/cabs.f  -O3 -fomit-frame-pointer -funroll-loops  execution test
FAIL: gfortran.dg/g77/cabs.f  -O3 -fomit-frame-pointer -funroll-all-loops -finline-functions  execution test
FAIL: gfortran.dg/g77/cabs.f  -O3 -g  execution test
FAIL: gfortran.dg/g77/cabs.f  -Os  execution test
FAIL: gfortran.fortran-torture/execute/intrinsic_abs.f90 execution,  -O0 
FAIL: gfortran.fortran-torture/execute/intrinsic_abs.f90 execution,  -O1 
FAIL: gfortran.fortran-torture/execute/intrinsic_abs.f90 execution,  -O2 
FAIL: gfortran.fortran-torture/execute/intrinsic_abs.f90 execution,  -O3 -fomit-frame-pointer 
FAIL: gfortran.fortran-torture/execute/intrinsic_abs.f90 execution,  -O3 -fomit-frame-pointer -funroll-loops 
FAIL: gfortran.fortran-torture/execute/intrinsic_abs.f90 execution,  -O3 -fomit-frame-pointer -funroll-all-loops -finline-functions 
FAIL: gfortran.fortran-torture/execute/intrinsic_abs.f90 execution,  -O3 -g 
FAIL: gfortran.fortran-torture/execute/intrinsic_abs.f90 execution,  -Os 
FAIL: gfortran.fortran-torture/execute/power.f90 execution,  -O0 
FAIL: gfortran.fortran-torture/execute/power.f90 execution,  -O1 
FAIL: gfortran.fortran-torture/execute/power.f90 execution,  -O2 
FAIL: gfortran.fortran-torture/execute/power.f90 execution,  -O3 -fomit-frame-pointer 
FAIL: gfortran.fortran-torture/execute/power.f90 execution,  -O3 -fomit-frame-pointer -funroll-loops 
FAIL: gfortran.fortran-torture/execute/power.f90 execution,  -O3 -fomit-frame-pointer -funroll-all-loops -finline-functions 
FAIL: gfortran.fortran-torture/execute/power.f90 execution,  -O3 -g 
FAIL: gfortran.fortran-torture/execute/power.f90 execution,  -Os 

		=== gfortran Summary for unix/-m64 ===

# of expected passes		8358
# of unexpected failures	33
# of expected failures		2
# of unsupported tests		34

		=== gfortran Summary ===

# of expected passes		16750
# of unexpected failures	33
# of expected failures		4
# of unsupported tests		68
/home/gccbuild/build/nightly/build-gcc-dfp/gcc/testsuite/../gfortran  version 4.1.0-dfp-branch 20050914 (merged 20050902)

		=== objc tests ===


Running target unix/-m32

		=== objc Summary for unix/-m32 ===

# of expected passes		1668
# of unsupported tests		22

Running target unix/-m64
FAIL: objc/execute/exceptions/foward-1.m execution,  -O3 -fomit-frame-pointer -funroll-loops 
FAIL: objc/execute/exceptions/foward-1.m execution,  -O3 -fomit-frame-pointer -funroll-all-loops -finline-functions 

		=== objc Summary for unix/-m64 ===

# of expected passes		1666
# of unexpected failures	2
# of unsupported tests		22

		=== objc Summary ===

# of expected passes		3334
# of unexpected failures	2
# of unsupported tests		44
/home/gccbuild/build/nightly/build-gcc-dfp/gcc/xgcc  version 4.1.0-dfp-branch 20050914 (merged 20050902)

		=== libffi tests ===


Running target unix/-m32

		=== libffi Summary for unix/-m32 ===

# of expected passes		228
# of unsupported tests		2

Running target unix/-m64
FAIL: libffi.call/float3.c execution test

		=== libffi Summary for unix/-m64 ===

# of expected passes		227
# of unexpected failures	1
# of unsupported tests		2

		=== libffi Summary ===

# of expected passes		455
# of unexpected failures	1
# of unsupported tests		4
		=== libjava tests ===


Running target unix/-m32

		=== libjava Summary for unix/-m32 ===

# of expected passes		3953
# of expected failures		10
# of untested testcases		8

Running target unix/-m64
FAIL: PR16923.c compilation
FAIL: Array_3 -O3 execution - bytecode->native test

		=== libjava Summary for unix/-m64 ===

# of expected passes		3949
# of unexpected failures	2
# of expected failures		10
# of untested testcases		9

		=== libjava Summary ===

# of expected passes		7902
# of unexpected failures	2
# of expected failures		20
# of untested testcases		17
		=== libmudflap tests ===


Running target unix/-m32

		=== libmudflap Summary for unix/-m32 ===

# of expected passes		1779

Running target unix/-m64
FAIL: libmudflap.c/fail27-frag.c output pattern test
FAIL: libmudflap.c/fail27-frag.c (-O2) output pattern test
FAIL: libmudflap.c/fail27-frag.c (-O3) output pattern test

		=== libmudflap Summary for unix/-m64 ===

# of expected passes		1776
# of unexpected failures	3

		=== libmudflap Summary ===

# of expected passes		3555
# of unexpected failures	3
		=== libstdc++ tests ===


Running target unix/-m32
FAIL: abi_check
XPASS: 26_numerics/cmath/c99_classification_macros_c.cc (test for excess errors)
XPASS: ext/array_allocator/2.cc execution test

		=== libstdc++ Summary for unix/-m32 ===

# of expected passes		3894
# of unexpected failures	1
# of unexpected successes	2
# of expected failures		13

Running target unix/-m64
FAIL: abi_check
FAIL: 22_locale/messages/members/char/1.cc execution test
FAIL: 22_locale/messages/members/char/2.cc execution test
FAIL: 22_locale/messages/members/char/wrapped_env.cc execution test
FAIL: 22_locale/messages/members/char/wrapped_locale.cc execution test
FAIL: 22_locale/messages_byname/named_equivalence.cc execution test
XPASS: 26_numerics/cmath/c99_classification_macros_c.cc (test for excess errors)
XPASS: 27_io/fpos/14320-1.cc execution test
XPASS: ext/array_allocator/2.cc execution test

		=== libstdc++ Summary for unix/-m64 ===

# of expected passes		3886
# of unexpected failures	6
# of unexpected successes	3
# of expected failures		15

		=== libstdc++ Summary ===

# of expected passes		7780
# of unexpected failures	7
# of unexpected successes	5
# of expected failures		28

Compiler version: 4.1.0-dfp-branch 20050914 (merged 20050902) 
Platform: powerpc64-unknown-linux-gnu
configure flags: --prefix=/opt/gcc-nightly/dfp-20050914 --build=powerpc64-linux --host=powerpc64-linux --target=powerpc64-linux --with-cpu=default32 --with-as=/opt/gcc-nightly/dfp-20050914/bin/as --with-ld=/opt/gcc-nightly/dfp-20050914/bin/ld --enable-threads=posix --enable-shared --enable-__cxa_atexit --enable-checking --with-mpfr=/opt/gcc-nightly/dfp-20050914 --enable-languages=c,c++,f95,java,objc


Index Nav: [Date Index] [Subject Index] [Author Index] [Thread Index]
Message Nav: [Date Prev] [Date Next] [Thread Prev] [Thread Next]