This is the mail archive of the gcc-testresults@gcc.gnu.org mailing list for the GCC project.


Index Nav: [Date Index] [Subject Index] [Author Index] [Thread Index]
Message Nav: [Date Prev] [Date Next] [Thread Prev] [Thread Next]
Other format: [Raw text]

[Fwd: Results for 4.1.0 20050913 (experimental) testsuite on i686-pc-linux-gnu]




-------- Original Message --------
Subject: Results for 4.1.0 20050913 (experimental) testsuite on i686-pc-linux-gnu
Date: Wed, 14 Sep 2005 14:09:29 +0100
From: Joern Rennecke <renneckej@bristol.st.com>
To: joern.rennecke@st.com




LAST_UPDATED: 2005-09-13 15:00 UTC

Native configuration is i686-pc-linux-gnu

=== gcc tests ===


Running target unix


=== gcc Summary ===

# of expected passes		37352
# of expected failures		100
# of untested testcases		28
# of unsupported tests		343
/mnt/scratch/nightly/2005-09-13/i686/gcc/xgcc  version 4.1.0 20050913 (experimental)

=== g++ tests ===


Running target unix FAIL: g++.dg/other/i386-1.C execution test

=== g++ Summary ===

# of expected passes		11367
# of unexpected failures	1
# of expected failures		67
# of unsupported tests		62
/mnt/scratch/nightly/2005-09-13/i686/gcc/testsuite/../g++  version 4.1.0 20050913 (experimental)

=== objc tests ===


Running target unix


=== objc Summary ===

# of expected passes		1672
# of unsupported tests		22
/mnt/scratch/nightly/2005-09-13/i686/gcc/xgcc  version 4.1.0 20050913 (experimental)

=== libjava tests ===


Running target unix


=== libjava Summary ===

# of expected passes		3968
# of expected failures		10
# of untested testcases		8
		=== libstdc++ tests ===


Running target unix XPASS: 26_numerics/cmath/c99_classification_macros_c.cc (test for excess errors)

=== libstdc++ Summary ===

# of expected passes		1586
# of unexpected successes	1
# of expected failures		6
# of unsupported tests		4

Compiler version: 4.1.0 20050913 (experimental) Platform: i686-pc-linux-gnu
configure flags: --with-arch=i686 --enable-languages=c,c++,java,objc



Index Nav: [Date Index] [Subject Index] [Author Index] [Thread Index]
Message Nav: [Date Prev] [Date Next] [Thread Prev] [Thread Next]