This is the mail archive of the gcc-testresults@gcc.gnu.org mailing list for the GCC project.


Index Nav: [Date Index] [Subject Index] [Author Index] [Thread Index]
Message Nav: [Date Prev] [Date Next] [Thread Prev] [Thread Next]
Other format: [Raw text]

[Fwd: Results for 4.1.0 20050913 (experimental) testsuite on sh-unknown-elf]


These tests were run using the simulator patch here:
http://sources.redhat.com/ml/gdb-patches/2005-09/msg00100.html
and settings in $DEJAGNU to use 256 MB of memory for the simulator.

-------- Original Message --------
Subject: Results for 4.1.0 20050913 (experimental) testsuite on sh-unknown-elf
Date: Wed, 14 Sep 2005 14:08:29 +0100
From: Joern Rennecke <renneckej@bristol.st.com>
To: joern.rennecke@st.com




LAST_UPDATED: 2005-09-13 15:00 UTC

Target is sh-unknown-elf
Host   is i686-pc-linux-gnu

=== gcc tests ===


Running target sh-hms-sim FAIL: gcc.dg/builtin-apply4.c execution test

=== gcc Summary for sh-hms-sim ===

# of expected passes		36165
# of unexpected failures	1
# of expected failures		77
# of untested testcases		28
# of unsupported tests		553

Running target sh-hms-sim/-m4/-ml

=== gcc Summary for sh-hms-sim/-m4/-ml ===

# of expected passes		36166
# of expected failures		77
# of untested testcases		28
# of unsupported tests		553

=== gcc Summary ===

# of expected passes		72331
# of unexpected failures	1
# of expected failures		154
# of untested testcases		56
# of unsupported tests		1106
/mnt/scratch/nightly/2005-09-13/sh-elf/gcc/xgcc  version 4.1.0 20050913 (experimental)

Host is i686-pc-linux-gnu

=== g++ tests ===


Running target sh-hms-sim XPASS: g++.dg/other/packed1.C execution test XPASS: g++.old-deja/g++.jason/thunk3.C execution test

=== g++ Summary for sh-hms-sim ===

# of expected passes		11249
# of unexpected successes	2
# of expected failures		67
# of unsupported tests		119

Running target sh-hms-sim/-m4/-ml
XPASS: g++.dg/other/packed1.C execution test
XPASS: g++.old-deja/g++.jason/thunk3.C execution test

=== g++ Summary for sh-hms-sim/-m4/-ml ===

# of expected passes		11249
# of unexpected successes	2
# of expected failures		67
# of unsupported tests		119

=== g++ Summary ===

# of expected passes		22498
# of unexpected successes	4
# of expected failures		134
# of unsupported tests		238
/mnt/scratch/nightly/2005-09-13/sh-elf/gcc/testsuite/../g++  version 4.1.0 20050913 (experimental)

Host is i686-pc-linux-gnu

=== objc tests ===


Running target sh-hms-sim FAIL: objc/execute/exceptions/foward-1.m execution, -O3 -fomit-frame-pointer -fgnu-runtime FAIL: objc/execute/exceptions/foward-1.m execution, -O3 -fomit-frame-pointer -funroll-loops -fgnu-runtime FAIL: objc/execute/exceptions/foward-1.m execution, -O3 -fomit-frame-pointer -funroll-all-loops -finline-functions -fgnu-runtime

=== objc Summary for sh-hms-sim ===

# of expected passes		1669
# of unexpected failures	3
# of unsupported tests		22

Running target sh-hms-sim/-m4/-ml

=== objc Summary for sh-hms-sim/-m4/-ml ===

# of expected passes		1672
# of unsupported tests		22

=== objc Summary ===

# of expected passes		3341
# of unexpected failures	3
# of unsupported tests		44
/mnt/scratch/nightly/2005-09-13/sh-elf/gcc/xgcc  version 4.1.0 20050913 (experimental)

Host is sh-unknown-elf

=== libstdc++ tests ===


Running target sh-hms-sim


=== libstdc++ Summary for sh-hms-sim ===

# of expected passes		1406
# of expected failures		5
# of unsupported tests		28

Running target sh-hms-sim/-m4/-ml

=== libstdc++ Summary for sh-hms-sim/-m4/-ml ===

# of expected passes		1406
# of expected failures		5
# of unsupported tests		28

=== libstdc++ Summary ===

# of expected passes		2812
# of expected failures		10
# of unsupported tests		56

Compiler version: 4.1.0 20050913 (experimental) Platform: sh-unknown-elf
configure flags: --target=sh-elf --with-headers --with-newlib --enable-languages=c,c++,java,objc



Index Nav: [Date Index] [Subject Index] [Author Index] [Thread Index]
Message Nav: [Date Prev] [Date Next] [Thread Prev] [Thread Next]