This is the mail archive of the gcc-testresults@gcc.gnu.org mailing list for the GCC project.


Index Nav: [Date Index] [Subject Index] [Author Index] [Thread Index]
Message Nav: [Date Prev] [Date Next] [Thread Prev] [Thread Next]
Other format: [Raw text]

Results for 4.0.2 20050913 (prerelease) testsuite on sparc-sun-solaris2.8


OS: Solaris 8 (or 2.8, or SunOS 5.8, you pick)
System: 4-way 400 MHz SUNW,UltraSPARC-II, 4GB RAM, 6.4GB swap
GNU as and GNU ld used (version 2.16.1)
+ patch at http://sourceware.org/ml/binutils-cvs/2005-01/msg00019.html )
gcc 2.95.2 used for bootstrapping


Only C, C++, ObjC are tested (no Java).
LAST_UPDATED: Tue Sep 13 07:54:31 UTC 2005

Native configuration is sparc-sun-solaris2.8

		=== g++ tests ===


Running target unix
XPASS: g++.dg/special/conpr-2.C execution test
XPASS: g++.dg/special/initp1.C execution test

		=== g++ Summary for unix ===

# of expected passes		11040
# of unexpected successes	2
# of expected failures		69
# of unsupported tests		97

Running target unix/-m64
XPASS: g++.dg/special/conpr-2.C execution test
XPASS: g++.dg/special/initp1.C execution test

		=== g++ Summary for unix/-m64 ===

# of expected passes		11008
# of unexpected successes	2
# of expected failures		69
# of unsupported tests		99

		=== g++ Summary ===

# of expected passes		22048
# of unexpected successes	4
# of expected failures		138
# of unsupported tests		196
/remote/atg2/jbuck/solaris.tmp/4_0_branch/gcc/testsuite/../g++  version 4.0.2 20050913 (prerelease)

		=== gcc tests ===


Running target unix

		=== gcc Summary for unix ===

# of expected passes		34695
# of expected failures		95
# of untested testcases		28
# of unsupported tests		540

Running target unix/-m64
FAIL: gcc.dg/special/gcsec-1.c (test for excess errors)
WARNING: gcc.dg/special/gcsec-1.c compilation failed to produce executable
FAIL: gcc.dg/tls/alias-1.c (test for excess errors)
FAIL: gcc.dg/tls/opt-2.c (test for excess errors)

		=== gcc Summary for unix/-m64 ===

# of expected passes		34686
# of unexpected failures	3
# of expected failures		95
# of untested testcases		28
# of unsupported tests		542

		=== gcc Summary ===

# of expected passes		69381
# of unexpected failures	3
# of expected failures		190
# of untested testcases		56
# of unsupported tests		1082
/remote/atg2/jbuck/solaris.tmp/4_0_branch/gcc/xgcc  version 4.0.2 20050913 (prerelease)

		=== objc tests ===


Running target unix

		=== objc Summary for unix ===

# of expected passes		1536
# of unsupported tests		10

Running target unix/-m64

		=== objc Summary for unix/-m64 ===

# of expected passes		1536
# of unsupported tests		10

		=== objc Summary ===

# of expected passes		3072
# of unsupported tests		20
/remote/atg2/jbuck/solaris.tmp/4_0_branch/gcc/xgcc  version 4.0.2 20050913 (prerelease)

		=== libstdc++ tests ===


Running target unix

		=== libstdc++ Summary for unix ===

# of expected passes		3644
# of expected failures		14
# of unsupported tests		9

Running target unix/-m64
FAIL: ext/array_allocator/2.cc execution test

		=== libstdc++ Summary for unix/-m64 ===

# of expected passes		3643
# of unexpected failures	1
# of expected failures		14
# of unsupported tests		9

		=== libstdc++ Summary ===

# of expected passes		7287
# of unexpected failures	1
# of expected failures		28
# of unsupported tests		18

Compiler version: 4.0.2 20050913 (prerelease) 
Platform: sparc-sun-solaris2.8
configure flags: --prefix=/u/jbuck/cvs.sol2/4_0_branch --with-gnu-as --with-as=/u/jbuck/gnu.sol2/bin/as --with-gnu-ld --with-ld=/u/jbuck/gnu.sol2/bin/ld --with-libiconv-prefix=/depot/libiconv --enable-languages=c,c++,objc


Index Nav: [Date Index] [Subject Index] [Author Index] [Thread Index]
Message Nav: [Date Prev] [Date Next] [Thread Prev] [Thread Next]