This is the mail archive of the gcc-testresults@gcc.gnu.org mailing list for the GCC project.


Index Nav: [Date Index] [Subject Index] [Author Index] [Thread Index]
Message Nav: [Date Prev] [Date Next] [Thread Prev] [Thread Next]
Other format: [Raw text]

Results for 4.1.0 20050912 (experimental) testsuite on ia64-unknown-linux-gnu


LAST_UPDATED: Mon Sep 12 19:38:38 UTC 2005

Native configuration is ia64-unknown-linux-gnu

		=== gcc tests ===


Running target unix
FAIL: tmpdir-gcc.dg-struct-layout-1/t027 c_compat_x_tst.o compile
FAIL: tmpdir-gcc.dg-struct-layout-1/t027 c_compat_y_tst.o compile
UNRESOLVED: tmpdir-gcc.dg-struct-layout-1/t027 c_compat_x_tst.o-c_compat_y_tst.o link 
UNRESOLVED: tmpdir-gcc.dg-struct-layout-1/t027 c_compat_x_tst.o-c_compat_y_tst.o execute 
FAIL: gcc.dg/builtin-apply4.c execution test
XPASS: gcc.dg/tree-ssa/loop-1.c scan-assembler-times foo 5
XPASS: gcc.dg/vect/vect-105.c scan-tree-dump-times vectorized 1 loops 1
XPASS: gcc.dg/vect/vect-30.c scan-tree-dump-times vectorized 1 loops 2
XPASS: gcc.dg/vect/vect-8.c scan-tree-dump-times vectorized 1 loops 1

		=== gcc Summary ===

# of expected passes		36248
# of unexpected failures	3
# of unexpected successes	4
# of expected failures		126
# of unresolved testcases	2
# of untested testcases		28
# of unsupported tests		525
/export/build/gnu/gcc/build-ia64-linux/gcc/xgcc  version 4.1.0 20050912 (experimental)

		=== gfortran tests ===


Running target unix
FAIL: gfortran.dg/vect/vect-4.f90  -O  scan-tree-dump-times Alignment of access forced using peeling 1
FAIL: gfortran.dg/vect/vect-4.f90  -O  scan-tree-dump-times Vectorizing an unaligned access 1
FAIL: gfortran.dg/vect/vect-5.f90  -O  scan-tree-dump-times Alignment of access forced using versioning. 3

		=== gfortran Summary ===

# of expected passes		9092
# of unexpected failures	3
# of expected failures		9
# of unsupported tests		18
/export/build/gnu/gcc/build-ia64-linux/gcc/testsuite/../gfortran  version 4.1.0 20050912 (experimental)

		=== g++ tests ===


Running target unix
FAIL: g++.dg/template/array3.C (test for excess errors)

		=== g++ Summary ===

# of expected passes		10841
# of unexpected failures	1
# of expected failures		67
# of unsupported tests		96
/export/build/gnu/gcc/build-ia64-linux/gcc/testsuite/../g++  version 4.1.0 20050912 (experimental)

		=== objc tests ===


Running target unix

		=== objc Summary ===

# of expected passes		1670
# of unsupported tests		23
/export/build/gnu/gcc/build-ia64-linux/gcc/xgcc  version 4.1.0 20050912 (experimental)

		=== libffi tests ===


Running target unix

		=== libffi Summary ===

# of expected passes		228
# of unsupported tests		2
		=== libjava tests ===


Running target unix

		=== libjava Summary ===

# of expected passes		3968
# of expected failures		10
# of untested testcases		8
		=== libmudflap tests ===


Running target unix

		=== libmudflap Summary ===

# of expected passes		1779
		=== libstdc++ tests ===


Running target unix
ERROR: tcl error sourcing /net/gnu-13/export/gnu/src/gcc/gcc/libstdc++-v3/testsuite/libstdc++-abi/abi.exp.
ERROR: could not compile testsuite_shared.cc
ERROR: tcl error sourcing /net/gnu-13/export/gnu/src/gcc/gcc/libstdc++-v3/testsuite/libstdc++-dg/normal.exp.
ERROR: could not compile testsuite_shared.cc

		=== libstdc++ Summary ===


Compiler version: 4.1.0 20050912 (experimental) 
Platform: ia64-unknown-linux-gnu
configure flags: --enable-clocale=gnu --with-system-zlib --with-demangler-in-ld --enable-threads=posix --enable-haifa --disable-checking --prefix=/usr/gcc-4.1 --with-local-prefix=/usr/local --enable-languages=c,c++,f95,java,objc


Index Nav: [Date Index] [Subject Index] [Author Index] [Thread Index]
Message Nav: [Date Prev] [Date Next] [Thread Prev] [Thread Next]