This is the mail archive of the gcc-testresults@gcc.gnu.org mailing list for the GCC project.


Index Nav: [Date Index] [Subject Index] [Author Index] [Thread Index]
Message Nav: [Date Prev] [Date Next] [Thread Prev] [Thread Next]
Other format: [Raw text]

[Fwd: Results for 4.1.0 20050912 (experimental) testsuite on sh-unknown-elf]




-------- Original Message --------
Subject: Results for 4.1.0 20050912 (experimental) testsuite on sh-unknown-elf
Date: Tue, 13 Sep 2005 15:58:24 +0100
From: Joern Rennecke <renneckej@bristol.st.com>
To: joern.rennecke@st.com




LAST_UPDATED: 2005-09-12 19:00 UTC

Target is sh-unknown-elf
Host   is i686-pc-linux-gnu

=== gcc tests ===


Running target sh-hms-sim WARNING: program timed out. FAIL: gcc.c-torture/compile/20001226-1.c -O3 -g (test for excess errors) FAIL: gcc.dg/builtin-apply4.c execution test

=== gcc Summary for sh-hms-sim ===

# of expected passes		36164
# of unexpected failures	2
# of expected failures		77
# of untested testcases		28
# of unsupported tests		553

Running target sh-hms-sim/-m4/-ml
WARNING: program timed out.
FAIL: gcc.c-torture/compile/20001226-1.c  -O3 -g  (test for excess errors)

=== gcc Summary for sh-hms-sim/-m4/-ml ===

# of expected passes		36165
# of unexpected failures	1
# of expected failures		77
# of untested testcases		28
# of unsupported tests		553

=== gcc Summary ===

# of expected passes		72329
# of unexpected failures	3
# of expected failures		154
# of untested testcases		56
# of unsupported tests		1106
/mnt/scratch/nightly/2005-09-12/sh-elf/gcc/xgcc  version 4.1.0 20050912 (experimental)

Host is i686-pc-linux-gnu

=== g++ tests ===


Running target sh-hms-sim FAIL: g++.dg/init/array15.C (test for excess errors) WARNING: g++.dg/init/array15.C compilation failed to produce executable FAIL: g++.dg/init/array16.C (test for excess errors) WARNING: g++.dg/init/array16.C compilation failed to produce executable XPASS: g++.dg/other/packed1.C execution test FAIL: g++.dg/template/array3.C (test for excess errors) XPASS: g++.old-deja/g++.jason/thunk3.C execution test

=== g++ Summary for sh-hms-sim ===

# of expected passes		11237
# of unexpected failures	3
# of unexpected successes	2
# of expected failures		67
# of unsupported tests		119

Running target sh-hms-sim/-m4/-ml
FAIL: g++.dg/init/array15.C (test for excess errors)
WARNING: g++.dg/init/array15.C compilation failed to produce executable
FAIL: g++.dg/init/array16.C (test for excess errors)
WARNING: g++.dg/init/array16.C compilation failed to produce executable
XPASS: g++.dg/other/packed1.C execution test
FAIL: g++.dg/template/array3.C (test for excess errors)
XPASS: g++.old-deja/g++.jason/thunk3.C execution test

=== g++ Summary for sh-hms-sim/-m4/-ml ===

# of expected passes		11237
# of unexpected failures	3
# of unexpected successes	2
# of expected failures		67
# of unsupported tests		119

=== g++ Summary ===

# of expected passes		22474
# of unexpected failures	6
# of unexpected successes	4
# of expected failures		134
# of unsupported tests		238
/mnt/scratch/nightly/2005-09-12/sh-elf/gcc/testsuite/../g++  version 4.1.0 20050912 (experimental)

Host is i686-pc-linux-gnu

=== objc tests ===


Running target sh-hms-sim FAIL: objc/execute/exceptions/foward-1.m execution, -O3 -fomit-frame-pointer -fgnu-runtime FAIL: objc/execute/exceptions/foward-1.m execution, -O3 -fomit-frame-pointer -funroll-loops -fgnu-runtime FAIL: objc/execute/exceptions/foward-1.m execution, -O3 -fomit-frame-pointer -funroll-all-loops -finline-functions -fgnu-runtime

=== objc Summary for sh-hms-sim ===

# of expected passes		1669
# of unexpected failures	3
# of unsupported tests		22

Running target sh-hms-sim/-m4/-ml

=== objc Summary for sh-hms-sim/-m4/-ml ===

# of expected passes		1672
# of unsupported tests		22

=== objc Summary ===

# of expected passes		3341
# of unexpected failures	3
# of unsupported tests		44
/mnt/scratch/nightly/2005-09-12/sh-elf/gcc/xgcc  version 4.1.0 20050912 (experimental)

Host is sh-unknown-elf

=== libstdc++ tests ===


Running target sh-hms-sim FAIL: 23_containers/set/modifiers/16728.cc execution test FAIL: ext/rope/3.cc execution test

=== libstdc++ Summary for sh-hms-sim ===

# of expected passes		1404
# of unexpected failures	2
# of expected failures		5
# of unsupported tests		28

Running target sh-hms-sim/-m4/-ml
WARNING: program timed out.
FAIL: 23_containers/set/modifiers/16728.cc execution test
FAIL: ext/rope/3.cc execution test

=== libstdc++ Summary for sh-hms-sim/-m4/-ml ===

# of expected passes		1404
# of unexpected failures	2
# of expected failures		5
# of unsupported tests		28

=== libstdc++ Summary ===

# of expected passes		2808
# of unexpected failures	4
# of expected failures		10
# of unsupported tests		56

Compiler version: 4.1.0 20050912 (experimental) Platform: sh-unknown-elf
configure flags: --target=sh-elf --with-headers --with-newlib --enable-languages=c,c++,java,objc



Index Nav: [Date Index] [Subject Index] [Author Index] [Thread Index]
Message Nav: [Date Prev] [Date Next] [Thread Prev] [Thread Next]