This is the mail archive of the gcc-testresults@gcc.gnu.org mailing list for the GCC project.


Index Nav: [Date Index] [Subject Index] [Author Index] [Thread Index]
Message Nav: [Date Prev] [Date Next] [Thread Prev] [Thread Next]
Other format: [Raw text]

Results for 4.1.0 20050913 (experimental) testsuite on i686-pc-linux-gnu


LAST_UPDATED: Tue Sep 13 09:17:51 UTC 2005

Native configuration is i686-pc-linux-gnu

		=== g++ tests ===


Running target unix

		=== g++ Summary ===

# of expected passes		11366
# of expected failures		67
# of unsupported tests		62
/scratch/gcc/nightly-2005-09-13-mainline/i686-pc-linux-gnu/build_gcc/install/bin/c++  version 4.1.0 20050913 (experimental)

		=== gcc tests ===


Running target unix

		=== gcc Summary ===

# of expected passes		37352
# of expected failures		100
# of untested testcases		28
# of unsupported tests		343
/scratch/gcc/nightly-2005-09-13-mainline/i686-pc-linux-gnu/build_gcc/install/bin/gcc  version 4.1.0 20050913 (experimental)

		=== libstdc++ tests ===


Running target unix
FAIL: 22_locale/messages/members/char/1.cc execution test
FAIL: 22_locale/messages/members/char/2.cc execution test
FAIL: 22_locale/messages/members/char/wrapped_env.cc execution test
FAIL: 22_locale/messages/members/char/wrapped_locale.cc execution test
FAIL: 22_locale/messages_byname/named_equivalence.cc execution test
XPASS: 26_numerics/cmath/c99_classification_macros_c.cc (test for excess errors)
FAIL: ext/mt_allocator/22309_thread.cc execution test

		=== libstdc++ Summary ===

# of expected passes		3913
# of unexpected failures	6
# of unexpected successes	1
# of expected failures		13
# of unsupported tests		4

Compiler version: 4.1.0 20050913 (experimental) 
Platform: i686-pc-linux-gnu
configure flags: --disable-nls --build=i686-pc-linux-gnu --host=i686-pc-linux-gnu --target=i686-pc-linux-gnu --enable-threads=posix --disable-libmudflap --disable-libssp --with-gnu-as --with-as=/scratch/gcc/nightly-2005-09-13-mainline/i686-pc-linux-gnu/build_gcc/install/bin/as --with-gnu-ld --with-ld=/scratch/gcc/nightly-2005-09-13-mainline/i686-pc-linux-gnu/build_gcc/install/bin/ld --prefix=/scratch/gcc/nightly-2005-09-13-mainline/i686-pc-linux-gnu/build_gcc/install --enable-languages=c,c++


Index Nav: [Date Index] [Subject Index] [Author Index] [Thread Index]
Message Nav: [Date Prev] [Date Next] [Thread Prev] [Thread Next]