This is the mail archive of the gcc-testresults@gcc.gnu.org mailing list for the GCC project.


Index Nav: [Date Index] [Subject Index] [Author Index] [Thread Index]
Message Nav: [Date Prev] [Date Next] [Thread Prev] [Thread Next]
Other format: [Raw text]

Results for 4.1.0 20050913 (experimental) testsuite on ia64-suse-linux-gnu


LAST_UPDATED: Tue Sep 13 08:03:14 UTC 2005

		=== acats tests ===
FAIL:	c32001b
FAIL:	c32001e
FAIL:	c32107a
FAIL:	c32113a
FAIL:	c32115a
FAIL:	c32115b
FAIL:	c34002a
FAIL:	c34005a
FAIL:	c34005d
FAIL:	c34005g
FAIL:	c34005j
FAIL:	c34005m
FAIL:	c34005p
FAIL:	c34005r
FAIL:	c34005s
FAIL:	c34005u
FAIL:	c34006d
FAIL:	c34006j
FAIL:	c34007d
FAIL:	c34007g
FAIL:	c34007p
FAIL:	c34007r
FAIL:	c34007s
FAIL:	c34011b
FAIL:	c354002
FAIL:	c35502c
FAIL:	c35503c
FAIL:	c35503e
FAIL:	c35503f
FAIL:	c35507c
FAIL:	c35508c
FAIL:	c36104b
FAIL:	c371002
FAIL:	c371003
FAIL:	c37211b
FAIL:	c37213h
FAIL:	c37213l
FAIL:	c38005a
FAIL:	c391001
FAIL:	c391002
FAIL:	c392c07
FAIL:	c41203b
FAIL:	c432002
FAIL:	c432003
FAIL:	c43204c
FAIL:	c43204e
FAIL:	c43206a
FAIL:	c43208b
FAIL:	c45112a
FAIL:	c45112b
FAIL:	c45262a
FAIL:	c45262b
FAIL:	c45262c
FAIL:	c45282b
FAIL:	c45331a
FAIL:	c45504d
FAIL:	c45504e
FAIL:	c45504f
FAIL:	c45651a
FAIL:	c460009
FAIL:	c46014a
FAIL:	c46044b
FAIL:	c48006b
FAIL:	c48008a
FAIL:	c48009e
FAIL:	c52102a
FAIL:	c52102b
FAIL:	c52102c
FAIL:	c52102d
FAIL:	c52103x
FAIL:	c52104f
FAIL:	c52104h
FAIL:	c52104x
FAIL:	c52104y
FAIL:	c61010a
FAIL:	c64105b
FAIL:	c64106a
FAIL:	c64108a
FAIL:	c74004a
FAIL:	c761011
FAIL:	c83030a
FAIL:	c83030c
FAIL:	c85005a
FAIL:	c85005d
FAIL:	c85005e
FAIL:	c85005g
FAIL:	c85006a
FAIL:	c85006b
FAIL:	c85006c
FAIL:	c85006d
FAIL:	c85006e
FAIL:	c940013
FAIL:	c95065a
FAIL:	c95065b
FAIL:	c95065c
FAIL:	c95065d
FAIL:	c95065e
FAIL:	c95065f
FAIL:	c95067a
FAIL:	c95085c
FAIL:	c95085d
FAIL:	c95085e
FAIL:	c95085f
FAIL:	c95085g
FAIL:	c95086b
FAIL:	c95087a
FAIL:	c954018
FAIL:	c954019
FAIL:	c954023
FAIL:	c954024
FAIL:	c96006a
FAIL:	c974011
FAIL:	c9a009a
FAIL:	c9a009c
FAIL:	c9a009h
FAIL:	c9a010a
FAIL:	ca11c01
FAIL:	cc1220a
FAIL:	cc3019c
FAIL:	cc3601a
FAIL:	cd10002
FAIL:	cd2a21a
FAIL:	cd2a22a
FAIL:	cd2a22e
FAIL:	cd2a23a
FAIL:	cd2a24a
FAIL:	cd2a24e
FAIL:	cd2a31a
FAIL:	cd2a32a
FAIL:	cdd2a01
FAIL:	cdd2a02
FAIL:	ce2102k
FAIL:	ce2401a
FAIL:	ce2401b
FAIL:	ce2401c
FAIL:	ce2411a
FAIL:	ce3102b
FAIL:	ce3103a
FAIL:	ce3104a
FAIL:	ce3603a
FAIL:	ce3704f
FAIL:	ce3809a
FAIL:	ce3809b
FAIL:	ce3905l
FAIL:	cxa3001
FAIL:	cxa3002
FAIL:	cxa4004
FAIL:	cxa4005
FAIL:	cxa4008
FAIL:	cxa4009
FAIL:	cxa4011
FAIL:	cxa4014
FAIL:	cxa4015
FAIL:	cxa4016
FAIL:	cxa4019
FAIL:	cxa4020
FAIL:	cxa4022
FAIL:	cxa4023
FAIL:	cxa4025
FAIL:	cxa4026
FAIL:	cxa4027
FAIL:	cxa4028
FAIL:	cxa4029
FAIL:	cxa4030
FAIL:	cxa4031
FAIL:	cxa4032
FAIL:	cxa4033
FAIL:	cxa4034
FAIL:	cxa5012
FAIL:	cxaa016
FAIL:	cxac003
FAIL:	cxac004
FAIL:	cxaca01
FAIL:	cxb3005
FAIL:	cxb3007
FAIL:	cxb3010
FAIL:	cxb3012
FAIL:	cxb4002
FAIL:	cxb4003
FAIL:	cxb4005
FAIL:	cxb5002
FAIL:	cxb5003
FAIL:	cxf3003
FAIL:	cxf3a01
FAIL:	cxf3a02
FAIL:	cxg1003
FAIL:	cxg2015
FAIL:	cz1102a
FAIL:	cz1103a

		=== acats Summary ===
# of expected passes		2127
# of unexpected failures	189
Native configuration is ia64-suse-linux-gnu

		=== g++ tests ===


Running target unix
XPASS: g++.old-deja/g++.other/init5.C execution test

		=== g++ Summary ===

# of expected passes		10846
# of unexpected successes	1
# of expected failures		66
# of unsupported tests		96
/tmp/cvs/gcc-20050913/Build/gcc/testsuite/../g++  version 4.1.0 20050913 (experimental)

		=== gcc tests ===


Running target unix
FAIL: tmpdir-gcc.dg-struct-layout-1/t027 c_compat_x_tst.o compile
FAIL: tmpdir-gcc.dg-struct-layout-1/t027 c_compat_y_tst.o compile
UNRESOLVED: tmpdir-gcc.dg-struct-layout-1/t027 c_compat_x_tst.o-c_compat_y_tst.o link 
UNRESOLVED: tmpdir-gcc.dg-struct-layout-1/t027 c_compat_x_tst.o-c_compat_y_tst.o execute 
FAIL: gcc.dg/builtin-apply4.c execution test
XPASS: gcc.dg/tree-ssa/loop-1.c scan-assembler-times foo 5
XPASS: gcc.dg/vect/vect-105.c scan-tree-dump-times vectorized 1 loops 1
XPASS: gcc.dg/vect/vect-30.c scan-tree-dump-times vectorized 1 loops 2
XPASS: gcc.dg/vect/vect-8.c scan-tree-dump-times vectorized 1 loops 1

		=== gcc Summary ===

# of expected passes		36244
# of unexpected failures	3
# of unexpected successes	4
# of expected failures		126
# of unresolved testcases	2
# of untested testcases		28
# of unsupported tests		524
/tmp/cvs/gcc-20050913/Build/gcc/xgcc  version 4.1.0 20050913 (experimental)

		=== objc tests ===


Running target unix

		=== objc Summary ===

# of expected passes		1670
# of unsupported tests		23
/tmp/cvs/gcc-20050913/Build/gcc/xgcc  version 4.1.0 20050913 (experimental)

		=== libffi tests ===


Running target unix

		=== libffi Summary ===

# of expected passes		228
# of unsupported tests		2
		=== libjava tests ===


Running target unix

		=== libjava Summary ===

# of expected passes		3968
# of expected failures		10
# of untested testcases		8
		=== libmudflap tests ===


Running target unix
FAIL: libmudflap.c++/pass41-frag.cxx (test for excess errors)
WARNING: libmudflap.c++/pass41-frag.cxx compilation failed to produce executable
FAIL: libmudflap.c++/pass41-frag.cxx (-O) (test for excess errors)
WARNING: libmudflap.c++/pass41-frag.cxx (-O) compilation failed to produce executable
FAIL: libmudflap.c++/pass41-frag.cxx (-O2) (test for excess errors)
WARNING: libmudflap.c++/pass41-frag.cxx (-O2) compilation failed to produce executable
FAIL: libmudflap.c++/pass41-frag.cxx (-O3) (test for excess errors)
WARNING: libmudflap.c++/pass41-frag.cxx (-O3) compilation failed to produce executable
FAIL: ctors-12 linkage 
FAIL: ctors-21 linkage 
WARNING: program timed out.
FAIL: ctors-12 execution 
WARNING: program timed out.
FAIL: ctors-21 execution 
FAIL: ctors-12 linkage -static
FAIL: ctors-21 linkage -static
WARNING: program timed out.
FAIL: ctors-12 execution -static
WARNING: program timed out.
FAIL: ctors-21 execution -static
FAIL: ctors-12 linkage -O2
FAIL: ctors-21 linkage -O2
WARNING: program timed out.
FAIL: ctors-12 execution -O2
WARNING: program timed out.
FAIL: ctors-21 execution -O2
FAIL: ctors-12 linkage -O3
FAIL: ctors-21 linkage -O3
WARNING: program timed out.
FAIL: ctors-12 execution -O3
WARNING: program timed out.
FAIL: ctors-21 execution -O3

		=== libmudflap Summary ===

# of expected passes		1755
# of unexpected failures	20
		=== libstdc++ tests ===


Running target unix
FAIL: 22_locale/locale/cons/12658_thread-1.cc execution test
XPASS: 26_numerics/cmath/c99_classification_macros_c.cc (test for excess errors)
XPASS: 27_io/fpos/14320-1.cc execution test

		=== libstdc++ Summary ===

# of expected passes		3927
# of unexpected failures	1
# of unexpected successes	2
# of expected failures		12

Compiler version: 4.1.0 20050913 (experimental) 
Platform: ia64-suse-linux-gnu
configure flags: --host=ia64-suse-linux --enable-shared --enable-threads --enable-__cxa_atexit --with-system-zlib --with-system-libunwind --enable-languages=c,ada,c++,fortran,java,objc


Index Nav: [Date Index] [Subject Index] [Author Index] [Thread Index]
Message Nav: [Date Prev] [Date Next] [Thread Prev] [Thread Next]