This is the mail archive of the
gcc-testresults@gcc.gnu.org
mailing list for the GCC project.
Results for 4.1.0 20050912 (experimental) testsuite on s390x-ibm-linux-gnu
- From: Andreas Krebbel <krebbel1 at de dot ibm dot com>
- To: gcc-testresults at gcc dot gnu dot org
- Date: Mon, 12 Sep 2005 17:05:18 +0200
- Subject: Results for 4.1.0 20050912 (experimental) testsuite on s390x-ibm-linux-gnu
LAST_UPDATED: Mon Sep 12 13:09:49 UTC 2005
Native configuration is s390x-ibm-linux-gnu
=== g++ tests ===
Running target unix
FAIL: g++.dg/abi/empty6.C (test for warnings, line 6)
FAIL: g++.dg/template/array3.C (test for excess errors)
XPASS: g++.old-deja/g++.other/init5.C execution test
=== g++ Summary ===
# of expected passes 11248
# of unexpected failures 2
# of unexpected successes 1
# of expected failures 66
# of unsupported tests 102
/build/gcc-4.1-build/gcc/testsuite/../g++ version 4.1.0 20050912 (experimental)
=== gcc tests ===
Running target unix
FAIL: gcc.c-torture/compile/920501-4.c -O3 -fomit-frame-pointer -funroll-loops (test for excess errors)
FAIL: gcc.c-torture/compile/920501-4.c -O3 -fomit-frame-pointer -funroll-all-loops -finline-functions (test for excess errors)
XPASS: gcc.dg/cpp/cmdlne-dI-M.c scan-file (^|\\\\n)cmdlne-dI-M.*:[^\\\\n]*cmdlne-dI-M.c
XPASS: gcc.dg/cpp/cmdlne-dM-M.c scan-file (^|\\\\n)cmdlne-dM-M[^\\\\n]*:[^\\\\n]*cmdlne-dM-M.c
XPASS: gcc.dg/tree-ssa/20040204-1.c scan-tree-dump-times link_error 0
XPASS: gcc.dg/tree-ssa/sra-2.c scan-tree-dump-times link_error 0
=== gcc Summary ===
# of expected passes 36275
# of unexpected failures 2
# of unexpected successes 4
# of expected failures 72
# of untested testcases 28
# of unsupported tests 523
/build/gcc-4.1-build/gcc/xgcc version 4.1.0 20050912 (experimental)
=== gfortran tests ===
Running target unix
FAIL: gfortran.dg/namelist_14.f90 -O0 (test for excess errors)
WARNING: gfortran.dg/namelist_14.f90 -O0 compilation failed to produce executable
=== gfortran Summary ===
# of expected passes 9059
# of unexpected failures 1
# of expected failures 1
# of unsupported tests 26
/build/gcc-4.1-build/gcc/testsuite/../gfortran version 4.1.0 20050912 (experimental)
=== objc tests ===
Running target unix
=== objc Summary ===
# of expected passes 1672
# of unsupported tests 22
/build/gcc-4.1-build/gcc/xgcc version 4.1.0 20050912 (experimental)
=== libffi tests ===
Running target unix
=== libffi Summary ===
# of expected passes 228
# of unsupported tests 2
=== libjava tests ===
Running target unix
=== libjava Summary ===
# of expected passes 3968
# of expected failures 10
# of untested testcases 8
=== libmudflap tests ===
Running target unix
=== libmudflap Summary ===
# of expected passes 1779
=== libstdc++ tests ===
Running target unix
FAIL: 23_containers/set/explicit_instantiation/2.cc (test for excess errors)
XPASS: 26_numerics/cmath/c99_classification_macros_c.cc (test for excess errors)
XPASS: 27_io/fpos/14320-1.cc execution test
FAIL: ext/mt_allocator/22309_thread.cc execution test
=== libstdc++ Summary ===
# of expected passes 3926
# of unexpected failures 2
# of unexpected successes 2
# of expected failures 12
Compiler version: 4.1.0 20050912 (experimental)
Platform: s390x-ibm-linux-gnu
configure flags: --prefix=/build/gcc-4.1-install --enable-shared --with-system-zlib --enable-threads=posix --enable-__cxa_atexit --enable-checking=release --program-suffix=-4.1 --disable-multilib --enable-languages=c,c++,f95,java,objc