This is the mail archive of the gcc-testresults@gcc.gnu.org mailing list for the GCC project.


Index Nav: [Date Index] [Subject Index] [Author Index] [Thread Index]
Message Nav: [Date Prev] [Date Next] [Thread Prev] [Thread Next]
Other format: [Raw text]

Results for 4.1.0 20050912 (experimental) testsuite on x86_64-unknown-linux-gnu


LAST_UPDATED: Mon Sep 12 06:39:04 UTC 2005

Native configuration is x86_64-unknown-linux-gnu

		=== libmudflap tests ===


Running target unix

		=== libmudflap Summary ===

# of expected passes		1779
		=== libstdc++ tests ===


Running target unix
ERROR: tcl error sourcing /tmp/gcc/gcc-main/libstdc++-v3/testsuite/libstdc++-abi/abi.exp.
ERROR: could not compile testsuite_shared.cc
ERROR: tcl error sourcing /tmp/gcc/gcc-main/libstdc++-v3/testsuite/libstdc++-dg/normal.exp.
ERROR: could not compile testsuite_shared.cc

		=== libstdc++ Summary ===

		=== gcc tests ===


Running target unix
XPASS: gcc.dg/cpp/cmdlne-dI-M.c scan-file (^|\\\\n)cmdlne-dI-M.*:[^\\\\n]*cmdlne-dI-M.c
XPASS: gcc.dg/cpp/cmdlne-dM-M.c scan-file (^|\\\\n)cmdlne-dM-M[^\\\\n]*:[^\\\\n]*cmdlne-dM-M.c
FAIL: gcc.dg/tree-ssa/loop-3.c scan-tree-dump-times step: 1

		=== gcc Summary ===

# of expected passes		37193
# of unexpected failures	1
# of unexpected successes	2
# of expected failures		98
# of untested testcases		28
# of unsupported tests		457
/tmp/gcc/obj/gcc/xgcc  version 4.1.0 20050912 (experimental)

		=== g++ tests ===


Running target unix
FAIL: g++.dg/template/array3.C (test for excess errors)
XPASS: g++.old-deja/g++.other/init5.C execution test

		=== g++ Summary ===

# of expected passes		11273
# of unexpected failures	1
# of unexpected successes	1
# of expected failures		66
# of unsupported tests		92
/tmp/gcc/obj/gcc/testsuite/../g++  version 4.1.0 20050912 (experimental)


Compiler version: 4.1.0 20050912 (experimental) 
Platform: x86_64-unknown-linux-gnu
configure flags: --prefix=/home/karel/usr/local//gcc-main-20050912 --enable-shared --enable-threads --disable-checking --enable-__cxa_atexit --disable-multilib amd64-unknown-linux-gnu --enable-languages=c,c++


Index Nav: [Date Index] [Subject Index] [Author Index] [Thread Index]
Message Nav: [Date Prev] [Date Next] [Thread Prev] [Thread Next]