This is the mail archive of the
gcc-testresults@gcc.gnu.org
mailing list for the GCC project.
Results for 4.1.0 20050911 (experimental) testsuite on hppa2.0w-hp-hpux11.11
- From: CodeSourcery Automatic Testing System <gcc at codesourcery dot com>
- To: gcc-testresults at gcc dot gnu dot org
- Date: Sun, 11 Sep 2005 10:33:36 -0700
- Subject: Results for 4.1.0 20050911 (experimental) testsuite on hppa2.0w-hp-hpux11.11
LAST_UPDATED: Sun Sep 11 09:19:52 UTC 2005
Native configuration is hppa2.0w-hp-hpux11.11
=== g++ tests ===
Running target unix
FAIL: g++.dg/opt/inline4.C (test for excess errors)
FAIL: g++.dg/other/error8.C (test for errors, line 8)
FAIL: g++.dg/other/error8.C (test for errors, line 9)
FAIL: g++.dg/other/error8.C duplicate error messages (test for bogus messages, line 8)
FAIL: g++.dg/other/error8.C duplicate error messages (test for bogus messages, line 9)
FAIL: g++.dg/other/pr22003.C (test for excess errors)
FAIL: g++.dg/template/array3.C (test for excess errors)
FAIL: g++.dg/template/union1.C (test for excess errors)
WARNING: g++.dg/template/union1.C compilation failed to produce executable
FAIL: g++.old-deja/g++.other/anon2.C (test for excess errors)
WARNING: g++.old-deja/g++.other/anon2.C compilation failed to produce executable
=== g++ Summary ===
# of expected passes 10940
# of unexpected failures 9
# of expected failures 67
# of unsupported tests 138
/scratch/gcc/nightly-2005-09-11-mainline/hppa2.0w-hp-hpux11.11/build_gcc/install/bin/c++ version 4.1.0 20050911 (experimental)
=== gcc tests ===
Running target unix
=== gcc Summary ===
# of expected passes 35617
# of expected failures 77
# of untested testcases 28
# of unsupported tests 609
/scratch/gcc/nightly-2005-09-11-mainline/hppa2.0w-hp-hpux11.11/build_gcc/install/bin/gcc version 4.1.0 20050911 (experimental)
=== libstdc++ tests ===
Running target unix
=== libstdc++ Summary ===
# of expected passes 2496
# of expected failures 12
# of unsupported tests 157
Compiler version: 4.1.0 20050911 (experimental)
Platform: hppa2.0w-hp-hpux11.11
configure flags: --disable-nls --build=hppa2.0w-hp-hpux11.11 --host=hppa2.0w-hp-hpux11.11 --target=hppa2.0w-hp-hpux11.11 --enable-threads=posix --disable-libmudflap --disable-libssp --with-gnu-as --with-as=/scratch/gcc/nightly-2005-09-11-mainline/hppa2.0w-hp-hpux11.11/build_gcc/install/bin/as --without-gnu-ld --with-ld=/usr/ccs/bin/ld --prefix=/scratch/gcc/nightly-2005-09-11-mainline/hppa2.0w-hp-hpux11.11/build_gcc/install --enable-languages=c,c++