This is the mail archive of the gcc-testresults@gcc.gnu.org mailing list for the GCC project.


Index Nav: [Date Index] [Subject Index] [Author Index] [Thread Index]
Message Nav: [Date Prev] [Date Next] [Thread Prev] [Thread Next]
Other format: [Raw text]

Results for 4.0.2 20050911 (prerelease) testsuite on ia64-unknown-linux-gnu


LAST_UPDATED: Wed Jul 27 06:57:23 UTC 2005

Native configuration is ia64-unknown-linux-gnu

		=== g++ tests ===


Running target unix
FAIL: g++.dg/other/error8.C  (test for errors, line 8)
FAIL: g++.dg/other/error8.C  (test for errors, line 9)
FAIL: g++.dg/other/error8.C duplicate error messages (test for bogus messages, line 8)
FAIL: g++.dg/other/error8.C duplicate error messages (test for bogus messages, line 9)
FAIL: g++.dg/other/stdarg3.C (test for excess errors)
FAIL: g++.dg/template/union1.C (test for excess errors)
WARNING: g++.dg/template/union1.C compilation failed to produce executable

		=== g++ Summary ===

# of expected passes		10622
# of unexpected failures	6
# of expected failures		69
# of unsupported tests		90
/home/builder/nightly-build/build/ia64/obj/upstream/gcc-4.0/gcc/testsuite/../g++  version 4.0.2 20050911 (prerelease)

		=== gcc tests ===


Running target unix
FAIL: gcc.dg/builtin-apply4.c execution test
XPASS: gcc.dg/tree-ssa/loop-1.c scan-assembler-times foo 5
XPASS: gcc.dg/vect/vect-22.c scan-tree-dump-times vectorized 3 loops 1
XPASS: gcc.dg/vect/vect-44.c scan-tree-dump-times Alignment of access forced using peeling 1
XPASS: gcc.dg/vect/vect-50.c scan-tree-dump-times Alignment of access forced using peeling 1
XPASS: gcc.dg/vect/vect-54.c scan-tree-dump-times Alignment of access forced using peeling 1
XPASS: gcc.dg/vect/vect-58.c scan-tree-dump-times Alignment of access forced using peeling 1

		=== gcc Summary ===

# of expected passes		34214
# of unexpected failures	1
# of unexpected successes	6
# of expected failures		125
# of untested testcases		28
# of unsupported tests		483
/home/builder/nightly-build/build/ia64/obj/upstream/gcc-4.0/gcc/xgcc  version 4.0.2 20050911 (prerelease)

		=== libstdc++ tests ===


Running target unix
FAIL: abi_check
XPASS: 22_locale/locale/cons/12658_thread-1.cc execution test
XPASS: 26_numerics/cmath/c99_classification_macros_c.cc (test for excess errors)
XPASS: 27_io/fpos/14320-1.cc execution test

		=== libstdc++ Summary ===

# of expected passes		3656
# of unexpected failures	1
# of unexpected successes	3
# of expected failures		11

Compiler version: 4.0.2 20050911 (prerelease) 
Platform: ia64-unknown-linux-gnu
configure flags: --prefix=/opt/toolchain/tot-20050911 --program-suffix=-4.0 --with-system-zlib --enable-nls --without-included-gettext --enable-languages=c,c++
Counting all warnings,
there are 0 warnings in stage3 of this bootstrap.

Number of warnings per file:

Number of warning types:


Index Nav: [Date Index] [Subject Index] [Author Index] [Thread Index]
Message Nav: [Date Prev] [Date Next] [Thread Prev] [Thread Next]