This is the mail archive of the
gcc-testresults@gcc.gnu.org
mailing list for the GCC project.
Results for 4.1.0 20050910 (experimental) testsuite on x86_64-suse-linux-gnu
- From: Andreas Jaeger <aj at suse dot de>
- To: gcc-testresults at gcc dot gnu dot org
- Date: Sun, 11 Sep 2005 00:48:55 UT
- Subject: Results for 4.1.0 20050910 (experimental) testsuite on x86_64-suse-linux-gnu
Bootstrap and regtesting on x86_64-suse-linux-gnu.
CVS sources: mainline.
LAST_UPDATED: Sat Sep 10 17:55:11 UTC 2005
=== acats tests ===
FAIL: c34007p
FAIL: c34007r
FAIL: c45282b
FAIL: c45651a
FAIL: c48009e
FAIL: c52104f
FAIL: c52104h
FAIL: ca11c01
FAIL: cd10002
FAIL: cdd2a02
=== acats Summary ===
# of expected passes 2309
# of unexpected failures 10
Native configuration is x86_64-suse-linux-gnu
=== gcc tests ===
Running target unix/-m32
XPASS: gcc.dg/cpp/cmdlne-dI-M.c scan-file (^|\\\\n)cmdlne-dI-M.*:[^\\\\n]*cmdlne-dI-M.c
XPASS: gcc.dg/cpp/cmdlne-dM-M.c scan-file (^|\\\\n)cmdlne-dM-M[^\\\\n]*:[^\\\\n]*cmdlne-dM-M.c
FAIL: gcc.dg/debug/20020104-2.c -gstabs1 (test for excess errors)
FAIL: gcc.dg/debug/20020104-2.c -gstabs1 -O (test for excess errors)
FAIL: gcc.dg/debug/20020104-2.c -gstabs1 -O3 (test for excess errors)
FAIL: gcc.dg/debug/20020104-2.c -gstabs (test for excess errors)
FAIL: gcc.dg/debug/20020104-2.c -gstabs -O (test for excess errors)
FAIL: gcc.dg/debug/20020104-2.c -gstabs -O3 (test for excess errors)
FAIL: gcc.dg/debug/20020104-2.c -gstabs3 (test for excess errors)
FAIL: gcc.dg/debug/20020104-2.c -gstabs3 -O (test for excess errors)
FAIL: gcc.dg/debug/20020104-2.c -gstabs3 -O3 (test for excess errors)
FAIL: gcc.dg/debug/20020104-2.c -gstabs+1 (test for excess errors)
FAIL: gcc.dg/debug/20020104-2.c -gstabs+1 -O (test for excess errors)
FAIL: gcc.dg/debug/20020104-2.c -gstabs+1 -O3 (test for excess errors)
FAIL: gcc.dg/debug/20020104-2.c -gstabs+ (test for excess errors)
FAIL: gcc.dg/debug/20020104-2.c -gstabs+ -O (test for excess errors)
FAIL: gcc.dg/debug/20020104-2.c -gstabs+ -O3 (test for excess errors)
FAIL: gcc.dg/debug/20020104-2.c -gstabs+3 (test for excess errors)
FAIL: gcc.dg/debug/20020104-2.c -gstabs+3 -O (test for excess errors)
FAIL: gcc.dg/debug/20020104-2.c -gstabs+3 -O3 (test for excess errors)
FAIL: gcc.dg/debug/20041023-1.c -gstabs1 (test for excess errors)
FAIL: gcc.dg/debug/20041023-1.c -gstabs1 -O (test for excess errors)
FAIL: gcc.dg/debug/20041023-1.c -gstabs1 -O3 (test for excess errors)
FAIL: gcc.dg/debug/20041023-1.c -gstabs (test for excess errors)
FAIL: gcc.dg/debug/20041023-1.c -gstabs -O (test for excess errors)
FAIL: gcc.dg/debug/20041023-1.c -gstabs -O3 (test for excess errors)
FAIL: gcc.dg/debug/20041023-1.c -gstabs3 (test for excess errors)
FAIL: gcc.dg/debug/20041023-1.c -gstabs3 -O (test for excess errors)
FAIL: gcc.dg/debug/20041023-1.c -gstabs3 -O3 (test for excess errors)
FAIL: gcc.dg/debug/20041023-1.c -gstabs+1 (test for excess errors)
FAIL: gcc.dg/debug/20041023-1.c -gstabs+1 -O (test for excess errors)
FAIL: gcc.dg/debug/20041023-1.c -gstabs+1 -O3 (test for excess errors)
FAIL: gcc.dg/debug/20041023-1.c -gstabs+ (test for excess errors)
FAIL: gcc.dg/debug/20041023-1.c -gstabs+ -O (test for excess errors)
FAIL: gcc.dg/debug/20041023-1.c -gstabs+ -O3 (test for excess errors)
FAIL: gcc.dg/debug/20041023-1.c -gstabs+3 (test for excess errors)
FAIL: gcc.dg/debug/20041023-1.c -gstabs+3 -O (test for excess errors)
FAIL: gcc.dg/debug/20041023-1.c -gstabs+3 -O3 (test for excess errors)
FAIL: gcc.dg/debug/20041219-1.c -gstabs1 (test for excess errors)
FAIL: gcc.dg/debug/20041219-1.c -gstabs1 -O (test for excess errors)
FAIL: gcc.dg/debug/20041219-1.c -gstabs1 -O3 (test for excess errors)
FAIL: gcc.dg/debug/20041219-1.c -gstabs (test for excess errors)
FAIL: gcc.dg/debug/20041219-1.c -gstabs -O (test for excess errors)
FAIL: gcc.dg/debug/20041219-1.c -gstabs -O3 (test for excess errors)
FAIL: gcc.dg/debug/20041219-1.c -gstabs3 (test for excess errors)
FAIL: gcc.dg/debug/20041219-1.c -gstabs3 -O (test for excess errors)
FAIL: gcc.dg/debug/20041219-1.c -gstabs3 -O3 (test for excess errors)
FAIL: gcc.dg/debug/20041219-1.c -gstabs+1 (test for excess errors)
FAIL: gcc.dg/debug/20041219-1.c -gstabs+1 -O (test for excess errors)
FAIL: gcc.dg/debug/20041219-1.c -gstabs+1 -O3 (test for excess errors)
FAIL: gcc.dg/debug/20041219-1.c -gstabs+ (test for excess errors)
FAIL: gcc.dg/debug/20041219-1.c -gstabs+ -O (test for excess errors)
FAIL: gcc.dg/debug/20041219-1.c -gstabs+ -O3 (test for excess errors)
FAIL: gcc.dg/debug/20041219-1.c -gstabs+3 (test for excess errors)
FAIL: gcc.dg/debug/20041219-1.c -gstabs+3 -O (test for excess errors)
FAIL: gcc.dg/debug/20041219-1.c -gstabs+3 -O3 (test for excess errors)
FAIL: gcc.dg/debug/crash1.c -gstabs1 (test for excess errors)
FAIL: gcc.dg/debug/crash1.c -gstabs1 -O (test for excess errors)
FAIL: gcc.dg/debug/crash1.c -gstabs1 -O3 (test for excess errors)
FAIL: gcc.dg/debug/crash1.c -gstabs (test for excess errors)
FAIL: gcc.dg/debug/crash1.c -gstabs -O (test for excess errors)
FAIL: gcc.dg/debug/crash1.c -gstabs -O3 (test for excess errors)
FAIL: gcc.dg/debug/crash1.c -gstabs3 (test for excess errors)
FAIL: gcc.dg/debug/crash1.c -gstabs3 -O (test for excess errors)
FAIL: gcc.dg/debug/crash1.c -gstabs3 -O3 (test for excess errors)
FAIL: gcc.dg/debug/crash1.c -gstabs+1 (test for excess errors)
FAIL: gcc.dg/debug/crash1.c -gstabs+1 -O (test for excess errors)
FAIL: gcc.dg/debug/crash1.c -gstabs+1 -O3 (test for excess errors)
FAIL: gcc.dg/debug/crash1.c -gstabs+ (test for excess errors)
FAIL: gcc.dg/debug/crash1.c -gstabs+ -O (test for excess errors)
FAIL: gcc.dg/debug/crash1.c -gstabs+ -O3 (test for excess errors)
FAIL: gcc.dg/debug/crash1.c -gstabs+3 (test for excess errors)
FAIL: gcc.dg/debug/crash1.c -gstabs+3 -O (test for excess errors)
FAIL: gcc.dg/debug/crash1.c -gstabs+3 -O3 (test for excess errors)
FAIL: gcc.dg/debug/debug-7.c -gstabs1 (test for excess errors)
FAIL: gcc.dg/debug/debug-7.c -gstabs1 -O (test for excess errors)
FAIL: gcc.dg/debug/debug-7.c -gstabs1 -O3 (test for excess errors)
FAIL: gcc.dg/debug/debug-7.c -gstabs (test for excess errors)
FAIL: gcc.dg/debug/debug-7.c -gstabs -O (test for excess errors)
FAIL: gcc.dg/debug/debug-7.c -gstabs -O3 (test for excess errors)
FAIL: gcc.dg/debug/debug-7.c -gstabs3 (test for excess errors)
FAIL: gcc.dg/debug/debug-7.c -gstabs3 -O (test for excess errors)
FAIL: gcc.dg/debug/debug-7.c -gstabs3 -O3 (test for excess errors)
FAIL: gcc.dg/debug/debug-7.c -gstabs+1 (test for excess errors)
FAIL: gcc.dg/debug/debug-7.c -gstabs+1 -O (test for excess errors)
FAIL: gcc.dg/debug/debug-7.c -gstabs+1 -O3 (test for excess errors)
FAIL: gcc.dg/debug/debug-7.c -gstabs+ (test for excess errors)
FAIL: gcc.dg/debug/debug-7.c -gstabs+ -O (test for excess errors)
FAIL: gcc.dg/debug/debug-7.c -gstabs+ -O3 (test for excess errors)
FAIL: gcc.dg/debug/debug-7.c -gstabs+3 (test for excess errors)
FAIL: gcc.dg/debug/debug-7.c -gstabs+3 -O (test for excess errors)
FAIL: gcc.dg/debug/debug-7.c -gstabs+3 -O3 (test for excess errors)
FAIL: gcc.dg/tree-ssa/loop-9.c scan-assembler-times lea 0
=== gcc Summary for unix/-m32 ===
# of expected passes 37151
# of unexpected failures 91
# of unexpected successes 2
# of expected failures 98
# of untested testcases 28
# of unsupported tests 365
Running target unix
XPASS: gcc.dg/cpp/cmdlne-dI-M.c scan-file (^|\\\\n)cmdlne-dI-M.*:[^\\\\n]*cmdlne-dI-M.c
XPASS: gcc.dg/cpp/cmdlne-dM-M.c scan-file (^|\\\\n)cmdlne-dM-M[^\\\\n]*:[^\\\\n]*cmdlne-dM-M.c
FAIL: gcc.dg/debug/20020104-2.c -gstabs1 (test for excess errors)
FAIL: gcc.dg/debug/20020104-2.c -gstabs1 -O (test for excess errors)
FAIL: gcc.dg/debug/20020104-2.c -gstabs1 -O3 (test for excess errors)
FAIL: gcc.dg/debug/20020104-2.c -gstabs (test for excess errors)
FAIL: gcc.dg/debug/20020104-2.c -gstabs -O (test for excess errors)
FAIL: gcc.dg/debug/20020104-2.c -gstabs -O3 (test for excess errors)
FAIL: gcc.dg/debug/20020104-2.c -gstabs3 (test for excess errors)
FAIL: gcc.dg/debug/20020104-2.c -gstabs3 -O (test for excess errors)
FAIL: gcc.dg/debug/20020104-2.c -gstabs3 -O3 (test for excess errors)
FAIL: gcc.dg/debug/20020104-2.c -gstabs+1 (test for excess errors)
FAIL: gcc.dg/debug/20020104-2.c -gstabs+1 -O (test for excess errors)
FAIL: gcc.dg/debug/20020104-2.c -gstabs+1 -O3 (test for excess errors)
FAIL: gcc.dg/debug/20020104-2.c -gstabs+ (test for excess errors)
FAIL: gcc.dg/debug/20020104-2.c -gstabs+ -O (test for excess errors)
FAIL: gcc.dg/debug/20020104-2.c -gstabs+ -O3 (test for excess errors)
FAIL: gcc.dg/debug/20020104-2.c -gstabs+3 (test for excess errors)
FAIL: gcc.dg/debug/20020104-2.c -gstabs+3 -O (test for excess errors)
FAIL: gcc.dg/debug/20020104-2.c -gstabs+3 -O3 (test for excess errors)
FAIL: gcc.dg/debug/20041023-1.c -gstabs1 (test for excess errors)
FAIL: gcc.dg/debug/20041023-1.c -gstabs1 -O (test for excess errors)
FAIL: gcc.dg/debug/20041023-1.c -gstabs1 -O3 (test for excess errors)
FAIL: gcc.dg/debug/20041023-1.c -gstabs (test for excess errors)
FAIL: gcc.dg/debug/20041023-1.c -gstabs -O (test for excess errors)
FAIL: gcc.dg/debug/20041023-1.c -gstabs -O3 (test for excess errors)
FAIL: gcc.dg/debug/20041023-1.c -gstabs3 (test for excess errors)
FAIL: gcc.dg/debug/20041023-1.c -gstabs3 -O (test for excess errors)
FAIL: gcc.dg/debug/20041023-1.c -gstabs3 -O3 (test for excess errors)
FAIL: gcc.dg/debug/20041023-1.c -gstabs+1 (test for excess errors)
FAIL: gcc.dg/debug/20041023-1.c -gstabs+1 -O (test for excess errors)
FAIL: gcc.dg/debug/20041023-1.c -gstabs+1 -O3 (test for excess errors)
FAIL: gcc.dg/debug/20041023-1.c -gstabs+ (test for excess errors)
FAIL: gcc.dg/debug/20041023-1.c -gstabs+ -O (test for excess errors)
FAIL: gcc.dg/debug/20041023-1.c -gstabs+ -O3 (test for excess errors)
FAIL: gcc.dg/debug/20041023-1.c -gstabs+3 (test for excess errors)
FAIL: gcc.dg/debug/20041023-1.c -gstabs+3 -O (test for excess errors)
FAIL: gcc.dg/debug/20041023-1.c -gstabs+3 -O3 (test for excess errors)
FAIL: gcc.dg/debug/20041219-1.c -gstabs1 (test for excess errors)
FAIL: gcc.dg/debug/20041219-1.c -gstabs1 -O (test for excess errors)
FAIL: gcc.dg/debug/20041219-1.c -gstabs1 -O3 (test for excess errors)
FAIL: gcc.dg/debug/20041219-1.c -gstabs (test for excess errors)
FAIL: gcc.dg/debug/20041219-1.c -gstabs -O (test for excess errors)
FAIL: gcc.dg/debug/20041219-1.c -gstabs -O3 (test for excess errors)
FAIL: gcc.dg/debug/20041219-1.c -gstabs3 (test for excess errors)
FAIL: gcc.dg/debug/20041219-1.c -gstabs3 -O (test for excess errors)
FAIL: gcc.dg/debug/20041219-1.c -gstabs3 -O3 (test for excess errors)
FAIL: gcc.dg/debug/20041219-1.c -gstabs+1 (test for excess errors)
FAIL: gcc.dg/debug/20041219-1.c -gstabs+1 -O (test for excess errors)
FAIL: gcc.dg/debug/20041219-1.c -gstabs+1 -O3 (test for excess errors)
FAIL: gcc.dg/debug/20041219-1.c -gstabs+ (test for excess errors)
FAIL: gcc.dg/debug/20041219-1.c -gstabs+ -O (test for excess errors)
FAIL: gcc.dg/debug/20041219-1.c -gstabs+ -O3 (test for excess errors)
FAIL: gcc.dg/debug/20041219-1.c -gstabs+3 (test for excess errors)
FAIL: gcc.dg/debug/20041219-1.c -gstabs+3 -O (test for excess errors)
FAIL: gcc.dg/debug/20041219-1.c -gstabs+3 -O3 (test for excess errors)
FAIL: gcc.dg/debug/crash1.c -gstabs1 (test for excess errors)
FAIL: gcc.dg/debug/crash1.c -gstabs1 -O (test for excess errors)
FAIL: gcc.dg/debug/crash1.c -gstabs1 -O3 (test for excess errors)
FAIL: gcc.dg/debug/crash1.c -gstabs (test for excess errors)
FAIL: gcc.dg/debug/crash1.c -gstabs -O (test for excess errors)
FAIL: gcc.dg/debug/crash1.c -gstabs -O3 (test for excess errors)
FAIL: gcc.dg/debug/crash1.c -gstabs3 (test for excess errors)
FAIL: gcc.dg/debug/crash1.c -gstabs3 -O (test for excess errors)
FAIL: gcc.dg/debug/crash1.c -gstabs3 -O3 (test for excess errors)
FAIL: gcc.dg/debug/crash1.c -gstabs+1 (test for excess errors)
FAIL: gcc.dg/debug/crash1.c -gstabs+1 -O (test for excess errors)
FAIL: gcc.dg/debug/crash1.c -gstabs+1 -O3 (test for excess errors)
FAIL: gcc.dg/debug/crash1.c -gstabs+ (test for excess errors)
FAIL: gcc.dg/debug/crash1.c -gstabs+ -O (test for excess errors)
FAIL: gcc.dg/debug/crash1.c -gstabs+ -O3 (test for excess errors)
FAIL: gcc.dg/debug/crash1.c -gstabs+3 (test for excess errors)
FAIL: gcc.dg/debug/crash1.c -gstabs+3 -O (test for excess errors)
FAIL: gcc.dg/debug/crash1.c -gstabs+3 -O3 (test for excess errors)
FAIL: gcc.dg/debug/debug-7.c -gstabs1 (test for excess errors)
FAIL: gcc.dg/debug/debug-7.c -gstabs1 -O (test for excess errors)
FAIL: gcc.dg/debug/debug-7.c -gstabs1 -O3 (test for excess errors)
FAIL: gcc.dg/debug/debug-7.c -gstabs (test for excess errors)
FAIL: gcc.dg/debug/debug-7.c -gstabs -O (test for excess errors)
FAIL: gcc.dg/debug/debug-7.c -gstabs -O3 (test for excess errors)
FAIL: gcc.dg/debug/debug-7.c -gstabs3 (test for excess errors)
FAIL: gcc.dg/debug/debug-7.c -gstabs3 -O (test for excess errors)
FAIL: gcc.dg/debug/debug-7.c -gstabs3 -O3 (test for excess errors)
FAIL: gcc.dg/debug/debug-7.c -gstabs+1 (test for excess errors)
FAIL: gcc.dg/debug/debug-7.c -gstabs+1 -O (test for excess errors)
FAIL: gcc.dg/debug/debug-7.c -gstabs+1 -O3 (test for excess errors)
FAIL: gcc.dg/debug/debug-7.c -gstabs+ (test for excess errors)
FAIL: gcc.dg/debug/debug-7.c -gstabs+ -O (test for excess errors)
FAIL: gcc.dg/debug/debug-7.c -gstabs+ -O3 (test for excess errors)
FAIL: gcc.dg/debug/debug-7.c -gstabs+3 (test for excess errors)
FAIL: gcc.dg/debug/debug-7.c -gstabs+3 -O (test for excess errors)
FAIL: gcc.dg/debug/debug-7.c -gstabs+3 -O3 (test for excess errors)
FAIL: gcc.dg/tree-ssa/loop-3.c scan-tree-dump-times step: 1
=== gcc Summary for unix ===
# of expected passes 37103
# of unexpected failures 91
# of unexpected successes 2
# of expected failures 98
# of untested testcases 28
# of unsupported tests 457
=== gcc Summary ===
# of expected passes 74254
# of unexpected failures 182
# of unexpected successes 4
# of expected failures 196
# of untested testcases 56
# of unsupported tests 822
/builds/gcc/misc/gcc/xgcc version 4.1.0 20050910 (experimental)
=== gfortran tests ===
Running target unix/-m32
=== gfortran Summary for unix/-m32 ===
# of expected passes 9087
# of expected failures 4
# of unsupported tests 16
Running target unix
=== gfortran Summary for unix ===
# of expected passes 9068
# of expected failures 7
# of unsupported tests 24
=== gfortran Summary ===
# of expected passes 18155
# of expected failures 11
# of unsupported tests 40
/builds/gcc/misc/gcc/testsuite/../gfortran version 4.1.0 20050910 (experimental)
=== g++ tests ===
Running target unix/-m32
FAIL: g++.dg/debug/debug5.C -gstabs (test for excess errors)
FAIL: g++.dg/debug/debug5.C -gstabs -O2 (test for excess errors)
FAIL: g++.dg/debug/debug5.C -gstabs -O3 (test for excess errors)
FAIL: g++.dg/debug/debug5.C -gstabs3 (test for excess errors)
FAIL: g++.dg/debug/debug5.C -gstabs3 -O2 (test for excess errors)
FAIL: g++.dg/debug/debug5.C -gstabs3 -O3 (test for excess errors)
FAIL: g++.dg/debug/debug5.C -gstabs+ (test for excess errors)
FAIL: g++.dg/debug/debug5.C -gstabs+ -O2 (test for excess errors)
FAIL: g++.dg/debug/debug5.C -gstabs+ -O3 (test for excess errors)
FAIL: g++.dg/debug/debug5.C -gstabs+3 (test for excess errors)
FAIL: g++.dg/debug/debug5.C -gstabs+3 -O2 (test for excess errors)
FAIL: g++.dg/debug/debug5.C -gstabs+3 -O3 (test for excess errors)
FAIL: g++.dg/debug/debug6.C -gstabs (test for excess errors)
FAIL: g++.dg/debug/debug6.C -gstabs -O2 (test for excess errors)
FAIL: g++.dg/debug/debug6.C -gstabs -O3 (test for excess errors)
FAIL: g++.dg/debug/debug6.C -gstabs3 (test for excess errors)
FAIL: g++.dg/debug/debug6.C -gstabs3 -O2 (test for excess errors)
FAIL: g++.dg/debug/debug6.C -gstabs3 -O3 (test for excess errors)
FAIL: g++.dg/debug/debug6.C -gstabs+ (test for excess errors)
FAIL: g++.dg/debug/debug6.C -gstabs+ -O2 (test for excess errors)
FAIL: g++.dg/debug/debug6.C -gstabs+ -O3 (test for excess errors)
FAIL: g++.dg/debug/debug6.C -gstabs+3 (test for excess errors)
FAIL: g++.dg/debug/debug6.C -gstabs+3 -O2 (test for excess errors)
FAIL: g++.dg/debug/debug6.C -gstabs+3 -O3 (test for excess errors)
FAIL: g++.dg/other/error8.C (test for errors, line 8)
FAIL: g++.dg/other/error8.C (test for errors, line 9)
FAIL: g++.dg/other/error8.C duplicate error messages (test for bogus messages, line 8)
FAIL: g++.dg/other/error8.C duplicate error messages (test for bogus messages, line 9)
FAIL: g++.dg/template/array3.C (test for excess errors)
FAIL: g++.dg/template/union1.C (test for excess errors)
WARNING: g++.dg/template/union1.C compilation failed to produce executable
FAIL: g++.old-deja/g++.other/anon2.C (test for excess errors)
WARNING: g++.old-deja/g++.other/anon2.C compilation failed to produce executable
XPASS: g++.old-deja/g++.other/init5.C execution test
=== g++ Summary for unix/-m32 ===
# of expected passes 11318
# of unexpected failures 31
# of unexpected successes 1
# of expected failures 66
# of unsupported tests 69
Running target unix
FAIL: g++.dg/debug/debug5.C -gstabs (test for excess errors)
FAIL: g++.dg/debug/debug5.C -gstabs -O2 (test for excess errors)
FAIL: g++.dg/debug/debug5.C -gstabs -O3 (test for excess errors)
FAIL: g++.dg/debug/debug5.C -gstabs3 (test for excess errors)
FAIL: g++.dg/debug/debug5.C -gstabs3 -O2 (test for excess errors)
FAIL: g++.dg/debug/debug5.C -gstabs3 -O3 (test for excess errors)
FAIL: g++.dg/debug/debug5.C -gstabs+ (test for excess errors)
FAIL: g++.dg/debug/debug5.C -gstabs+ -O2 (test for excess errors)
FAIL: g++.dg/debug/debug5.C -gstabs+ -O3 (test for excess errors)
FAIL: g++.dg/debug/debug5.C -gstabs+3 (test for excess errors)
FAIL: g++.dg/debug/debug5.C -gstabs+3 -O2 (test for excess errors)
FAIL: g++.dg/debug/debug5.C -gstabs+3 -O3 (test for excess errors)
FAIL: g++.dg/debug/debug6.C -gstabs (test for excess errors)
FAIL: g++.dg/debug/debug6.C -gstabs -O2 (test for excess errors)
FAIL: g++.dg/debug/debug6.C -gstabs -O3 (test for excess errors)
FAIL: g++.dg/debug/debug6.C -gstabs3 (test for excess errors)
FAIL: g++.dg/debug/debug6.C -gstabs3 -O2 (test for excess errors)
FAIL: g++.dg/debug/debug6.C -gstabs3 -O3 (test for excess errors)
FAIL: g++.dg/debug/debug6.C -gstabs+ (test for excess errors)
FAIL: g++.dg/debug/debug6.C -gstabs+ -O2 (test for excess errors)
FAIL: g++.dg/debug/debug6.C -gstabs+ -O3 (test for excess errors)
FAIL: g++.dg/debug/debug6.C -gstabs+3 (test for excess errors)
FAIL: g++.dg/debug/debug6.C -gstabs+3 -O2 (test for excess errors)
FAIL: g++.dg/debug/debug6.C -gstabs+3 -O3 (test for excess errors)
FAIL: g++.dg/other/error8.C (test for errors, line 8)
FAIL: g++.dg/other/error8.C (test for errors, line 9)
FAIL: g++.dg/other/error8.C duplicate error messages (test for bogus messages, line 8)
FAIL: g++.dg/other/error8.C duplicate error messages (test for bogus messages, line 9)
FAIL: g++.dg/template/array3.C (test for excess errors)
FAIL: g++.dg/template/union1.C (test for excess errors)
WARNING: g++.dg/template/union1.C compilation failed to produce executable
FAIL: g++.old-deja/g++.other/anon2.C (test for excess errors)
WARNING: g++.old-deja/g++.other/anon2.C compilation failed to produce executable
XPASS: g++.old-deja/g++.other/init5.C execution test
=== g++ Summary for unix ===
# of expected passes 11243
# of unexpected failures 31
# of unexpected successes 1
# of expected failures 66
# of unsupported tests 92
=== g++ Summary ===
# of expected passes 22561
# of unexpected failures 62
# of unexpected successes 2
# of expected failures 132
# of unsupported tests 161
/builds/gcc/misc/gcc/testsuite/../g++ version 4.1.0 20050910 (experimental)
=== objc tests ===
Running target unix/-m32
=== objc Summary for unix/-m32 ===
# of expected passes 1672
# of unsupported tests 22
Running target unix
FAIL: objc/execute/exceptions/catchall-1.m execution, -Os
FAIL: objc/execute/exceptions/local-variables-1.m execution, -Os
=== objc Summary for unix ===
# of expected passes 1670
# of unexpected failures 2
# of unsupported tests 22
=== objc Summary ===
# of expected passes 3342
# of unexpected failures 2
# of unsupported tests 44
/builds/gcc/misc/gcc/xgcc version 4.1.0 20050910 (experimental)
=== treelang tests ===
Running target unix/-m32
=== treelang Summary for unix/-m32 ===
# of expected passes 50
Running target unix
=== treelang Summary for unix ===
# of expected passes 50
=== treelang Summary ===
# of expected passes 100
=== libffi tests ===
Running target unix/-m32
=== libffi Summary for unix/-m32 ===
# of expected passes 228
# of unsupported tests 2
Running target unix
=== libffi Summary for unix ===
# of expected passes 228
# of unsupported tests 2
=== libffi Summary ===
# of expected passes 456
# of unsupported tests 4
=== libjava tests ===
Running target unix/-m32
=== libjava Summary for unix/-m32 ===
# of expected passes 3968
# of expected failures 10
# of untested testcases 8
Running target unix
=== libjava Summary for unix ===
# of expected passes 3968
# of expected failures 10
# of untested testcases 8
=== libjava Summary ===
# of expected passes 7936
# of expected failures 20
# of untested testcases 16
=== libmudflap tests ===
Running target unix/-m32
FAIL: libmudflap.cth/pass37-frag.c (-static -DSTATIC) execution test
FAIL: libmudflap.cth/pass37-frag.c (-static -DSTATIC) output pattern test
FAIL: libmudflap.cth/pass37-frag.c (-static -DSTATIC) (rerun 1) execution test
FAIL: libmudflap.cth/pass37-frag.c (-static -DSTATIC) (rerun 1) output pattern test
FAIL: libmudflap.cth/pass37-frag.c (-static -DSTATIC) (rerun 2) execution test
FAIL: libmudflap.cth/pass37-frag.c (-static -DSTATIC) (rerun 2) output pattern test
FAIL: libmudflap.cth/pass37-frag.c (-static -DSTATIC) (rerun 3) execution test
FAIL: libmudflap.cth/pass37-frag.c (-static -DSTATIC) (rerun 3) output pattern test
FAIL: libmudflap.cth/pass37-frag.c (-static -DSTATIC) (rerun 4) execution test
FAIL: libmudflap.cth/pass37-frag.c (-static -DSTATIC) (rerun 4) output pattern test
FAIL: libmudflap.cth/pass37-frag.c (-static -DSTATIC) (rerun 5) execution test
FAIL: libmudflap.cth/pass37-frag.c (-static -DSTATIC) (rerun 5) output pattern test
FAIL: libmudflap.cth/pass37-frag.c (-static -DSTATIC) (rerun 6) execution test
FAIL: libmudflap.cth/pass37-frag.c (-static -DSTATIC) (rerun 6) output pattern test
FAIL: libmudflap.cth/pass37-frag.c (-static -DSTATIC) (rerun 7) execution test
FAIL: libmudflap.cth/pass37-frag.c (-static -DSTATIC) (rerun 7) output pattern test
FAIL: libmudflap.cth/pass37-frag.c (-static -DSTATIC) (rerun 8) execution test
FAIL: libmudflap.cth/pass37-frag.c (-static -DSTATIC) (rerun 8) output pattern test
FAIL: libmudflap.cth/pass37-frag.c (-static -DSTATIC) (rerun 9) execution test
FAIL: libmudflap.cth/pass37-frag.c (-static -DSTATIC) (rerun 9) output pattern test
FAIL: libmudflap.cth/pass37-frag.c (-static -DSTATIC) (rerun 10) execution test
FAIL: libmudflap.cth/pass37-frag.c (-static -DSTATIC) (rerun 10) output pattern test
FAIL: libmudflap.cth/pass37-frag.c (-static -DSTATIC) (rerun 11) execution test
FAIL: libmudflap.cth/pass37-frag.c (-static -DSTATIC) (rerun 11) output pattern test
FAIL: libmudflap.cth/pass37-frag.c (-static -DSTATIC) (rerun 12) execution test
FAIL: libmudflap.cth/pass37-frag.c (-static -DSTATIC) (rerun 12) output pattern test
FAIL: libmudflap.cth/pass37-frag.c (-static -DSTATIC) (rerun 13) execution test
FAIL: libmudflap.cth/pass37-frag.c (-static -DSTATIC) (rerun 13) output pattern test
FAIL: libmudflap.cth/pass37-frag.c (-static -DSTATIC) (rerun 14) execution test
FAIL: libmudflap.cth/pass37-frag.c (-static -DSTATIC) (rerun 14) output pattern test
FAIL: libmudflap.cth/pass37-frag.c (-static -DSTATIC) (rerun 15) execution test
FAIL: libmudflap.cth/pass37-frag.c (-static -DSTATIC) (rerun 15) output pattern test
FAIL: libmudflap.cth/pass37-frag.c (-static -DSTATIC) (rerun 16) execution test
FAIL: libmudflap.cth/pass37-frag.c (-static -DSTATIC) (rerun 16) output pattern test
FAIL: libmudflap.cth/pass37-frag.c (-static -DSTATIC) (rerun 17) execution test
FAIL: libmudflap.cth/pass37-frag.c (-static -DSTATIC) (rerun 17) output pattern test
FAIL: libmudflap.cth/pass37-frag.c (-static -DSTATIC) (rerun 18) execution test
FAIL: libmudflap.cth/pass37-frag.c (-static -DSTATIC) (rerun 18) output pattern test
FAIL: libmudflap.cth/pass37-frag.c (-static -DSTATIC) (rerun 19) execution test
FAIL: libmudflap.cth/pass37-frag.c (-static -DSTATIC) (rerun 19) output pattern test
FAIL: libmudflap.cth/pass39-frag.c (-static -DSTATIC) execution test
FAIL: libmudflap.cth/pass39-frag.c (-static -DSTATIC) output pattern test
FAIL: libmudflap.cth/pass39-frag.c (-static -DSTATIC) (rerun 1) execution test
FAIL: libmudflap.cth/pass39-frag.c (-static -DSTATIC) (rerun 1) output pattern test
FAIL: libmudflap.cth/pass39-frag.c (-static -DSTATIC) (rerun 2) execution test
FAIL: libmudflap.cth/pass39-frag.c (-static -DSTATIC) (rerun 2) output pattern test
FAIL: libmudflap.cth/pass39-frag.c (-static -DSTATIC) (rerun 3) execution test
FAIL: libmudflap.cth/pass39-frag.c (-static -DSTATIC) (rerun 3) output pattern test
FAIL: libmudflap.cth/pass39-frag.c (-static -DSTATIC) (rerun 4) execution test
FAIL: libmudflap.cth/pass39-frag.c (-static -DSTATIC) (rerun 4) output pattern test
FAIL: libmudflap.cth/pass39-frag.c (-static -DSTATIC) (rerun 5) execution test
FAIL: libmudflap.cth/pass39-frag.c (-static -DSTATIC) (rerun 5) output pattern test
FAIL: libmudflap.cth/pass39-frag.c (-static -DSTATIC) (rerun 6) execution test
FAIL: libmudflap.cth/pass39-frag.c (-static -DSTATIC) (rerun 6) output pattern test
FAIL: libmudflap.cth/pass39-frag.c (-static -DSTATIC) (rerun 7) execution test
FAIL: libmudflap.cth/pass39-frag.c (-static -DSTATIC) (rerun 7) output pattern test
FAIL: libmudflap.cth/pass39-frag.c (-static -DSTATIC) (rerun 8) execution test
FAIL: libmudflap.cth/pass39-frag.c (-static -DSTATIC) (rerun 8) output pattern test
FAIL: libmudflap.cth/pass39-frag.c (-static -DSTATIC) (rerun 9) execution test
FAIL: libmudflap.cth/pass39-frag.c (-static -DSTATIC) (rerun 9) output pattern test
FAIL: libmudflap.cth/pass39-frag.c (-static -DSTATIC) (rerun 10) execution test
FAIL: libmudflap.cth/pass39-frag.c (-static -DSTATIC) (rerun 10) output pattern test
FAIL: libmudflap.cth/pass39-frag.c (-static -DSTATIC) (rerun 11) execution test
FAIL: libmudflap.cth/pass39-frag.c (-static -DSTATIC) (rerun 11) output pattern test
FAIL: libmudflap.cth/pass39-frag.c (-static -DSTATIC) (rerun 12) execution test
FAIL: libmudflap.cth/pass39-frag.c (-static -DSTATIC) (rerun 12) output pattern test
FAIL: libmudflap.cth/pass39-frag.c (-static -DSTATIC) (rerun 13) execution test
FAIL: libmudflap.cth/pass39-frag.c (-static -DSTATIC) (rerun 13) output pattern test
FAIL: libmudflap.cth/pass39-frag.c (-static -DSTATIC) (rerun 14) execution test
FAIL: libmudflap.cth/pass39-frag.c (-static -DSTATIC) (rerun 14) output pattern test
FAIL: libmudflap.cth/pass39-frag.c (-static -DSTATIC) (rerun 15) execution test
FAIL: libmudflap.cth/pass39-frag.c (-static -DSTATIC) (rerun 15) output pattern test
FAIL: libmudflap.cth/pass39-frag.c (-static -DSTATIC) (rerun 16) execution test
FAIL: libmudflap.cth/pass39-frag.c (-static -DSTATIC) (rerun 16) output pattern test
FAIL: libmudflap.cth/pass39-frag.c (-static -DSTATIC) (rerun 17) execution test
FAIL: libmudflap.cth/pass39-frag.c (-static -DSTATIC) (rerun 17) output pattern test
FAIL: libmudflap.cth/pass39-frag.c (-static -DSTATIC) (rerun 18) execution test
FAIL: libmudflap.cth/pass39-frag.c (-static -DSTATIC) (rerun 18) output pattern test
FAIL: libmudflap.cth/pass39-frag.c (-static -DSTATIC) (rerun 19) execution test
FAIL: libmudflap.cth/pass39-frag.c (-static -DSTATIC) (rerun 19) output pattern test
FAIL: libmudflap.cth/pass40-frag.c (-static -DSTATIC) execution test
FAIL: libmudflap.cth/pass40-frag.c (-static -DSTATIC) output pattern test
=== libmudflap Summary for unix/-m32 ===
# of expected passes 1697
# of unexpected failures 82
Running target unix
=== libmudflap Summary for unix ===
# of expected passes 1779
=== libmudflap Summary ===
# of expected passes 3476
# of unexpected failures 82
=== libstdc++ tests ===
Running target unix/-m32
FAIL: 22_locale/messages/members/char/1.cc execution test
FAIL: 22_locale/messages/members/char/2.cc execution test
FAIL: 22_locale/messages/members/char/wrapped_env.cc execution test
FAIL: 22_locale/messages/members/char/wrapped_locale.cc execution test
FAIL: 22_locale/messages_byname/named_equivalence.cc execution test
FAIL: 23_containers/set/explicit_instantiation/1.cc (test for excess errors)
XPASS: 26_numerics/cmath/c99_classification_macros_c.cc (test for excess errors)
=== libstdc++ Summary for unix/-m32 ===
# of expected passes 3890
# of unexpected failures 6
# of unexpected successes 1
# of expected failures 13
Running target unix
XPASS: 26_numerics/cmath/c99_classification_macros_c.cc (test for excess errors)
XPASS: 27_io/fpos/14320-1.cc execution test
=== libstdc++ Summary for unix ===
# of expected passes 3896
# of unexpected successes 2
# of expected failures 12
=== libstdc++ Summary ===
# of expected passes 7786
# of unexpected failures 6
# of unexpected successes 3
# of expected failures 25
Compiler version: 4.1.0 20050910 (experimental)
Platform: x86_64-suse-linux-gnu
configure flags: --prefix=/opt/gcc/4.1-devel --enable-checking=misc,tree,gc,rtl,rtlflag,assert --enable-threads=posix --enable-clocale=gnu --enable-__cxa_atexit --enable-shared --with-system-zlib x86_64-suse-linux-gnu --enable-languages=c,ada,c++,f95,java,objc,treelang
Version of binutils: GNU ld version 2.15.94.0.2.2 20041220 (SuSE Linux)
Version of glibc (/lib/libc.so.6): 2.3.4 (20050218)
Version of glibc (/lib64/libc.so.6): 2.3.4 (20050218)