This is the mail archive of the gcc-testresults@gcc.gnu.org mailing list for the GCC project.
Index Nav: | [Date Index] [Subject Index] [Author Index] [Thread Index] | |
---|---|---|
Message Nav: | [Date Prev] [Date Next] | [Thread Prev] [Thread Next] |
Other format: | [Raw text] |
LAST_UPDATED: Sat Sep 10 08:41:49 UTC 2005 Native configuration is i686-pc-linux-gnu === g++ tests === Running target unix FAIL: g++.dg/debug/debug5.C -gstabs (test for excess errors) FAIL: g++.dg/debug/debug5.C -gstabs -O2 (test for excess errors) FAIL: g++.dg/debug/debug5.C -gstabs -O3 (test for excess errors) FAIL: g++.dg/debug/debug5.C -gstabs3 (test for excess errors) FAIL: g++.dg/debug/debug5.C -gstabs3 -O2 (test for excess errors) FAIL: g++.dg/debug/debug5.C -gstabs3 -O3 (test for excess errors) FAIL: g++.dg/debug/debug5.C -gstabs+ (test for excess errors) FAIL: g++.dg/debug/debug5.C -gstabs+ -O2 (test for excess errors) FAIL: g++.dg/debug/debug5.C -gstabs+ -O3 (test for excess errors) FAIL: g++.dg/debug/debug5.C -gstabs+3 (test for excess errors) FAIL: g++.dg/debug/debug5.C -gstabs+3 -O2 (test for excess errors) FAIL: g++.dg/debug/debug5.C -gstabs+3 -O3 (test for excess errors) FAIL: g++.dg/debug/debug6.C -gstabs (test for excess errors) FAIL: g++.dg/debug/debug6.C -gstabs -O2 (test for excess errors) FAIL: g++.dg/debug/debug6.C -gstabs -O3 (test for excess errors) FAIL: g++.dg/debug/debug6.C -gstabs3 (test for excess errors) FAIL: g++.dg/debug/debug6.C -gstabs3 -O2 (test for excess errors) FAIL: g++.dg/debug/debug6.C -gstabs3 -O3 (test for excess errors) FAIL: g++.dg/debug/debug6.C -gstabs+ (test for excess errors) FAIL: g++.dg/debug/debug6.C -gstabs+ -O2 (test for excess errors) FAIL: g++.dg/debug/debug6.C -gstabs+ -O3 (test for excess errors) FAIL: g++.dg/debug/debug6.C -gstabs+3 (test for excess errors) FAIL: g++.dg/debug/debug6.C -gstabs+3 -O2 (test for excess errors) FAIL: g++.dg/debug/debug6.C -gstabs+3 -O3 (test for excess errors) FAIL: g++.dg/other/error8.C (test for errors, line 8) FAIL: g++.dg/other/error8.C (test for errors, line 9) FAIL: g++.dg/other/error8.C duplicate error messages (test for bogus messages, line 8) FAIL: g++.dg/other/error8.C duplicate error messages (test for bogus messages, line 9) FAIL: g++.dg/template/union1.C (test for excess errors) WARNING: g++.dg/template/union1.C compilation failed to produce executable === g++ Summary === # of expected passes 11089 # of unexpected failures 29 # of expected failures 69 # of unsupported tests 56 /scratch/gcc/nightly-2005-09-10-4.0/i686-pc-linux-gnu/build_gcc/install/bin/c++ version 4.0.2 20050910 (prerelease) === gcc tests === Running target unix FAIL: gcc.dg/debug/20020104-2.c -gstabs1 (test for excess errors) FAIL: gcc.dg/debug/20020104-2.c -gstabs1 -O (test for excess errors) FAIL: gcc.dg/debug/20020104-2.c -gstabs1 -O3 (test for excess errors) FAIL: gcc.dg/debug/20020104-2.c -gstabs (test for excess errors) FAIL: gcc.dg/debug/20020104-2.c -gstabs -O (test for excess errors) FAIL: gcc.dg/debug/20020104-2.c -gstabs -O3 (test for excess errors) FAIL: gcc.dg/debug/20020104-2.c -gstabs3 (test for excess errors) FAIL: gcc.dg/debug/20020104-2.c -gstabs3 -O (test for excess errors) FAIL: gcc.dg/debug/20020104-2.c -gstabs3 -O3 (test for excess errors) FAIL: gcc.dg/debug/20020104-2.c -gstabs+1 (test for excess errors) FAIL: gcc.dg/debug/20020104-2.c -gstabs+1 -O (test for excess errors) FAIL: gcc.dg/debug/20020104-2.c -gstabs+1 -O3 (test for excess errors) FAIL: gcc.dg/debug/20020104-2.c -gstabs+ (test for excess errors) FAIL: gcc.dg/debug/20020104-2.c -gstabs+ -O (test for excess errors) FAIL: gcc.dg/debug/20020104-2.c -gstabs+ -O3 (test for excess errors) FAIL: gcc.dg/debug/20020104-2.c -gstabs+3 (test for excess errors) FAIL: gcc.dg/debug/20020104-2.c -gstabs+3 -O (test for excess errors) FAIL: gcc.dg/debug/20020104-2.c -gstabs+3 -O3 (test for excess errors) FAIL: gcc.dg/debug/20041023-1.c -gstabs1 (test for excess errors) FAIL: gcc.dg/debug/20041023-1.c -gstabs1 -O (test for excess errors) FAIL: gcc.dg/debug/20041023-1.c -gstabs1 -O3 (test for excess errors) FAIL: gcc.dg/debug/20041023-1.c -gstabs (test for excess errors) FAIL: gcc.dg/debug/20041023-1.c -gstabs -O (test for excess errors) FAIL: gcc.dg/debug/20041023-1.c -gstabs -O3 (test for excess errors) FAIL: gcc.dg/debug/20041023-1.c -gstabs3 (test for excess errors) FAIL: gcc.dg/debug/20041023-1.c -gstabs3 -O (test for excess errors) FAIL: gcc.dg/debug/20041023-1.c -gstabs3 -O3 (test for excess errors) FAIL: gcc.dg/debug/20041023-1.c -gstabs+1 (test for excess errors) FAIL: gcc.dg/debug/20041023-1.c -gstabs+1 -O (test for excess errors) FAIL: gcc.dg/debug/20041023-1.c -gstabs+1 -O3 (test for excess errors) FAIL: gcc.dg/debug/20041023-1.c -gstabs+ (test for excess errors) FAIL: gcc.dg/debug/20041023-1.c -gstabs+ -O (test for excess errors) FAIL: gcc.dg/debug/20041023-1.c -gstabs+ -O3 (test for excess errors) FAIL: gcc.dg/debug/20041023-1.c -gstabs+3 (test for excess errors) FAIL: gcc.dg/debug/20041023-1.c -gstabs+3 -O (test for excess errors) FAIL: gcc.dg/debug/20041023-1.c -gstabs+3 -O3 (test for excess errors) FAIL: gcc.dg/debug/20041219-1.c -gstabs1 (test for excess errors) FAIL: gcc.dg/debug/20041219-1.c -gstabs1 -O (test for excess errors) FAIL: gcc.dg/debug/20041219-1.c -gstabs1 -O3 (test for excess errors) FAIL: gcc.dg/debug/20041219-1.c -gstabs (test for excess errors) FAIL: gcc.dg/debug/20041219-1.c -gstabs -O (test for excess errors) FAIL: gcc.dg/debug/20041219-1.c -gstabs -O3 (test for excess errors) FAIL: gcc.dg/debug/20041219-1.c -gstabs3 (test for excess errors) FAIL: gcc.dg/debug/20041219-1.c -gstabs3 -O (test for excess errors) FAIL: gcc.dg/debug/20041219-1.c -gstabs3 -O3 (test for excess errors) FAIL: gcc.dg/debug/20041219-1.c -gstabs+1 (test for excess errors) FAIL: gcc.dg/debug/20041219-1.c -gstabs+1 -O (test for excess errors) FAIL: gcc.dg/debug/20041219-1.c -gstabs+1 -O3 (test for excess errors) FAIL: gcc.dg/debug/20041219-1.c -gstabs+ (test for excess errors) FAIL: gcc.dg/debug/20041219-1.c -gstabs+ -O (test for excess errors) FAIL: gcc.dg/debug/20041219-1.c -gstabs+ -O3 (test for excess errors) FAIL: gcc.dg/debug/20041219-1.c -gstabs+3 (test for excess errors) FAIL: gcc.dg/debug/20041219-1.c -gstabs+3 -O (test for excess errors) FAIL: gcc.dg/debug/20041219-1.c -gstabs+3 -O3 (test for excess errors) FAIL: gcc.dg/debug/crash1.c -gstabs1 (test for excess errors) FAIL: gcc.dg/debug/crash1.c -gstabs1 -O (test for excess errors) FAIL: gcc.dg/debug/crash1.c -gstabs1 -O3 (test for excess errors) FAIL: gcc.dg/debug/crash1.c -gstabs (test for excess errors) FAIL: gcc.dg/debug/crash1.c -gstabs -O (test for excess errors) FAIL: gcc.dg/debug/crash1.c -gstabs -O3 (test for excess errors) FAIL: gcc.dg/debug/crash1.c -gstabs3 (test for excess errors) FAIL: gcc.dg/debug/crash1.c -gstabs3 -O (test for excess errors) FAIL: gcc.dg/debug/crash1.c -gstabs3 -O3 (test for excess errors) FAIL: gcc.dg/debug/crash1.c -gstabs+1 (test for excess errors) FAIL: gcc.dg/debug/crash1.c -gstabs+1 -O (test for excess errors) FAIL: gcc.dg/debug/crash1.c -gstabs+1 -O3 (test for excess errors) FAIL: gcc.dg/debug/crash1.c -gstabs+ (test for excess errors) FAIL: gcc.dg/debug/crash1.c -gstabs+ -O (test for excess errors) FAIL: gcc.dg/debug/crash1.c -gstabs+ -O3 (test for excess errors) FAIL: gcc.dg/debug/crash1.c -gstabs+3 (test for excess errors) FAIL: gcc.dg/debug/crash1.c -gstabs+3 -O (test for excess errors) FAIL: gcc.dg/debug/crash1.c -gstabs+3 -O3 (test for excess errors) FAIL: gcc.dg/debug/debug-7.c -gstabs1 (test for excess errors) FAIL: gcc.dg/debug/debug-7.c -gstabs1 -O (test for excess errors) FAIL: gcc.dg/debug/debug-7.c -gstabs1 -O3 (test for excess errors) FAIL: gcc.dg/debug/debug-7.c -gstabs (test for excess errors) FAIL: gcc.dg/debug/debug-7.c -gstabs -O (test for excess errors) FAIL: gcc.dg/debug/debug-7.c -gstabs -O3 (test for excess errors) FAIL: gcc.dg/debug/debug-7.c -gstabs3 (test for excess errors) FAIL: gcc.dg/debug/debug-7.c -gstabs3 -O (test for excess errors) FAIL: gcc.dg/debug/debug-7.c -gstabs3 -O3 (test for excess errors) FAIL: gcc.dg/debug/debug-7.c -gstabs+1 (test for excess errors) FAIL: gcc.dg/debug/debug-7.c -gstabs+1 -O (test for excess errors) FAIL: gcc.dg/debug/debug-7.c -gstabs+1 -O3 (test for excess errors) FAIL: gcc.dg/debug/debug-7.c -gstabs+ (test for excess errors) FAIL: gcc.dg/debug/debug-7.c -gstabs+ -O (test for excess errors) FAIL: gcc.dg/debug/debug-7.c -gstabs+ -O3 (test for excess errors) FAIL: gcc.dg/debug/debug-7.c -gstabs+3 (test for excess errors) FAIL: gcc.dg/debug/debug-7.c -gstabs+3 -O (test for excess errors) FAIL: gcc.dg/debug/debug-7.c -gstabs+3 -O3 (test for excess errors) XPASS: gcc.dg/vect/vect-22.c scan-tree-dump-times vectorized 3 loops 1 === gcc Summary === # of expected passes 35153 # of unexpected failures 90 # of unexpected successes 1 # of expected failures 94 # of untested testcases 28 # of unsupported tests 328 /scratch/gcc/nightly-2005-09-10-4.0/i686-pc-linux-gnu/build_gcc/install/bin/gcc version 4.0.2 20050910 (prerelease) === libstdc++ tests === Running target unix XPASS: 22_locale/locale/cons/12658_thread-1.cc execution test FAIL: 22_locale/messages/members/char/1.cc execution test FAIL: 22_locale/messages/members/char/2.cc execution test FAIL: 22_locale/messages/members/char/wrapped_env.cc execution test FAIL: 22_locale/messages/members/char/wrapped_locale.cc execution test FAIL: 22_locale/messages_byname/named_equivalence.cc execution test XPASS: 26_numerics/cmath/c99_classification_macros_c.cc (test for excess errors) === libstdc++ Summary === # of expected passes 3657 # of unexpected failures 5 # of unexpected successes 2 # of expected failures 12 Compiler version: 4.0.2 20050910 (prerelease) Platform: i686-pc-linux-gnu configure flags: --disable-nls --build=i686-pc-linux-gnu --host=i686-pc-linux-gnu --target=i686-pc-linux-gnu --enable-threads=posix --disable-libmudflap --disable-libssp --with-gnu-as --with-as=/scratch/gcc/nightly-2005-09-10-4.0/i686-pc-linux-gnu/build_gcc/install/bin/as --with-gnu-ld --with-ld=/scratch/gcc/nightly-2005-09-10-4.0/i686-pc-linux-gnu/build_gcc/install/bin/ld --prefix=/scratch/gcc/nightly-2005-09-10-4.0/i686-pc-linux-gnu/build_gcc/install --enable-languages=c,c++
Index Nav: | [Date Index] [Subject Index] [Author Index] [Thread Index] | |
---|---|---|
Message Nav: | [Date Prev] [Date Next] | [Thread Prev] [Thread Next] |