This is the mail archive of the gcc-testresults@gcc.gnu.org mailing list for the GCC project.


Index Nav: [Date Index] [Subject Index] [Author Index] [Thread Index]
Message Nav: [Date Prev] [Date Next] [Thread Prev] [Thread Next]
Other format: [Raw text]

Results for 4.1.0 20050910 (experimental) testsuite on x86_64-unknown-linux-gnu


LAST_UPDATED: 
Native configuration is x86_64-unknown-linux-gnu

		=== g++ tests ===


Running target unix
FAIL: g++.dg/debug/debug5.C -gstabs (test for excess errors)
FAIL: g++.dg/debug/debug5.C -gstabs -O2 (test for excess errors)
FAIL: g++.dg/debug/debug5.C -gstabs -O3 (test for excess errors)
FAIL: g++.dg/debug/debug5.C -gstabs3 (test for excess errors)
FAIL: g++.dg/debug/debug5.C -gstabs3 -O2 (test for excess errors)
FAIL: g++.dg/debug/debug5.C -gstabs3 -O3 (test for excess errors)
FAIL: g++.dg/debug/debug5.C -gstabs+ (test for excess errors)
FAIL: g++.dg/debug/debug5.C -gstabs+ -O2 (test for excess errors)
FAIL: g++.dg/debug/debug5.C -gstabs+ -O3 (test for excess errors)
FAIL: g++.dg/debug/debug5.C -gstabs+3 (test for excess errors)
FAIL: g++.dg/debug/debug5.C -gstabs+3 -O2 (test for excess errors)
FAIL: g++.dg/debug/debug5.C -gstabs+3 -O3 (test for excess errors)
FAIL: g++.dg/debug/debug6.C -gstabs (test for excess errors)
FAIL: g++.dg/debug/debug6.C -gstabs -O2 (test for excess errors)
FAIL: g++.dg/debug/debug6.C -gstabs -O3 (test for excess errors)
FAIL: g++.dg/debug/debug6.C -gstabs3 (test for excess errors)
FAIL: g++.dg/debug/debug6.C -gstabs3 -O2 (test for excess errors)
FAIL: g++.dg/debug/debug6.C -gstabs3 -O3 (test for excess errors)
FAIL: g++.dg/debug/debug6.C -gstabs+ (test for excess errors)
FAIL: g++.dg/debug/debug6.C -gstabs+ -O2 (test for excess errors)
FAIL: g++.dg/debug/debug6.C -gstabs+ -O3 (test for excess errors)
FAIL: g++.dg/debug/debug6.C -gstabs+3 (test for excess errors)
FAIL: g++.dg/debug/debug6.C -gstabs+3 -O2 (test for excess errors)
FAIL: g++.dg/debug/debug6.C -gstabs+3 -O3 (test for excess errors)
FAIL: g++.dg/other/error8.C  (test for errors, line 8)
FAIL: g++.dg/other/error8.C  (test for errors, line 9)
FAIL: g++.dg/other/error8.C duplicate error messages (test for bogus messages, line 8)
FAIL: g++.dg/other/error8.C duplicate error messages (test for bogus messages, line 9)
FAIL: g++.dg/template/array3.C (test for excess errors)
FAIL: g++.dg/template/union1.C (test for excess errors)
WARNING: g++.dg/template/union1.C compilation failed to produce executable
FAIL: g++.old-deja/g++.other/anon2.C (test for excess errors)
WARNING: g++.old-deja/g++.other/anon2.C compilation failed to produce executable

		=== g++ Summary ===

# of expected passes		11243
# of unexpected failures	31
# of expected failures		67
# of unsupported tests		92
/notnfs/dnovillo/sbox/gcc/bld.torquemada/gcc/testsuite/../g++  version 4.1.0 20050910 (experimental)

		=== gcc tests ===


Running target unix
WARNING: program timed out.
FAIL: gcc.c-torture/compile/20001226-1.c  -O0  (test for excess errors)
FAIL: gcc.c-torture/execute/20000822-1.c execution,  -O0 
FAIL: gcc.c-torture/execute/20000822-1.c execution,  -O1 
FAIL: gcc.c-torture/execute/20000822-1.c execution,  -O2 
FAIL: gcc.c-torture/execute/20000822-1.c execution,  -O3 -fomit-frame-pointer 
FAIL: gcc.c-torture/execute/20000822-1.c execution,  -O3 -g 
FAIL: gcc.c-torture/execute/20000822-1.c execution,  -Os 
FAIL: gcc.c-torture/execute/nestfunc-3.c execution,  -O0 
FAIL: gcc.c-torture/execute/nestfunc-3.c execution,  -O1 
FAIL: gcc.c-torture/execute/nestfunc-3.c execution,  -O2 
FAIL: gcc.c-torture/execute/nestfunc-3.c execution,  -O3 -fomit-frame-pointer 
FAIL: gcc.c-torture/execute/nestfunc-3.c execution,  -O3 -fomit-frame-pointer -funroll-loops 
FAIL: gcc.c-torture/execute/nestfunc-3.c execution,  -O3 -fomit-frame-pointer -funroll-all-loops -finline-functions 
FAIL: gcc.c-torture/execute/nestfunc-3.c execution,  -O3 -g 
FAIL: gcc.c-torture/execute/nestfunc-3.c execution,  -Os 
FAIL: gcc.c-torture/execute/nestfunc-5.c execution,  -O0 
FAIL: gcc.c-torture/execute/nestfunc-5.c execution,  -O1 
FAIL: gcc.c-torture/execute/nestfunc-5.c execution,  -O2 
FAIL: gcc.c-torture/execute/nestfunc-5.c execution,  -O3 -fomit-frame-pointer 
FAIL: gcc.c-torture/execute/nestfunc-5.c execution,  -O3 -g 
FAIL: gcc.c-torture/execute/nestfunc-5.c execution,  -Os 
FAIL: gcc.c-torture/execute/nestfunc-6.c execution,  -O0 
FAIL: gcc.c-torture/execute/nestfunc-6.c execution,  -O1 
FAIL: gcc.c-torture/execute/nestfunc-6.c execution,  -O2 
FAIL: gcc.c-torture/execute/nestfunc-6.c execution,  -O3 -fomit-frame-pointer 
FAIL: gcc.c-torture/execute/nestfunc-6.c execution,  -O3 -g 
FAIL: gcc.c-torture/execute/nestfunc-6.c execution,  -Os 
FAIL: gcc.dg/debug/20020104-2.c -gstabs1 (test for excess errors)
FAIL: gcc.dg/debug/20020104-2.c -gstabs1 -O (test for excess errors)
FAIL: gcc.dg/debug/20020104-2.c -gstabs1 -O3 (test for excess errors)
FAIL: gcc.dg/debug/20020104-2.c -gstabs (test for excess errors)
FAIL: gcc.dg/debug/20020104-2.c -gstabs -O (test for excess errors)
FAIL: gcc.dg/debug/20020104-2.c -gstabs -O3 (test for excess errors)
FAIL: gcc.dg/debug/20020104-2.c -gstabs3 (test for excess errors)
FAIL: gcc.dg/debug/20020104-2.c -gstabs3 -O (test for excess errors)
FAIL: gcc.dg/debug/20020104-2.c -gstabs3 -O3 (test for excess errors)
FAIL: gcc.dg/debug/20020104-2.c -gstabs+1 (test for excess errors)
FAIL: gcc.dg/debug/20020104-2.c -gstabs+1 -O (test for excess errors)
FAIL: gcc.dg/debug/20020104-2.c -gstabs+1 -O3 (test for excess errors)
FAIL: gcc.dg/debug/20020104-2.c -gstabs+ (test for excess errors)
FAIL: gcc.dg/debug/20020104-2.c -gstabs+ -O (test for excess errors)
FAIL: gcc.dg/debug/20020104-2.c -gstabs+ -O3 (test for excess errors)
FAIL: gcc.dg/debug/20020104-2.c -gstabs+3 (test for excess errors)
FAIL: gcc.dg/debug/20020104-2.c -gstabs+3 -O (test for excess errors)
FAIL: gcc.dg/debug/20020104-2.c -gstabs+3 -O3 (test for excess errors)
FAIL: gcc.dg/debug/20041023-1.c -gstabs1 (test for excess errors)
FAIL: gcc.dg/debug/20041023-1.c -gstabs1 -O (test for excess errors)
FAIL: gcc.dg/debug/20041023-1.c -gstabs1 -O3 (test for excess errors)
FAIL: gcc.dg/debug/20041023-1.c -gstabs (test for excess errors)
FAIL: gcc.dg/debug/20041023-1.c -gstabs -O (test for excess errors)
FAIL: gcc.dg/debug/20041023-1.c -gstabs -O3 (test for excess errors)
FAIL: gcc.dg/debug/20041023-1.c -gstabs3 (test for excess errors)
FAIL: gcc.dg/debug/20041023-1.c -gstabs3 -O (test for excess errors)
FAIL: gcc.dg/debug/20041023-1.c -gstabs3 -O3 (test for excess errors)
FAIL: gcc.dg/debug/20041023-1.c -gstabs+1 (test for excess errors)
FAIL: gcc.dg/debug/20041023-1.c -gstabs+1 -O (test for excess errors)
FAIL: gcc.dg/debug/20041023-1.c -gstabs+1 -O3 (test for excess errors)
FAIL: gcc.dg/debug/20041023-1.c -gstabs+ (test for excess errors)
FAIL: gcc.dg/debug/20041023-1.c -gstabs+ -O (test for excess errors)
FAIL: gcc.dg/debug/20041023-1.c -gstabs+ -O3 (test for excess errors)
FAIL: gcc.dg/debug/20041023-1.c -gstabs+3 (test for excess errors)
FAIL: gcc.dg/debug/20041023-1.c -gstabs+3 -O (test for excess errors)
FAIL: gcc.dg/debug/20041023-1.c -gstabs+3 -O3 (test for excess errors)
FAIL: gcc.dg/debug/20041219-1.c -gstabs1 (test for excess errors)
FAIL: gcc.dg/debug/20041219-1.c -gstabs1 -O (test for excess errors)
FAIL: gcc.dg/debug/20041219-1.c -gstabs1 -O3 (test for excess errors)
FAIL: gcc.dg/debug/20041219-1.c -gstabs (test for excess errors)
FAIL: gcc.dg/debug/20041219-1.c -gstabs -O (test for excess errors)
FAIL: gcc.dg/debug/20041219-1.c -gstabs -O3 (test for excess errors)
FAIL: gcc.dg/debug/20041219-1.c -gstabs3 (test for excess errors)
FAIL: gcc.dg/debug/20041219-1.c -gstabs3 -O (test for excess errors)
FAIL: gcc.dg/debug/20041219-1.c -gstabs3 -O3 (test for excess errors)
FAIL: gcc.dg/debug/20041219-1.c -gstabs+1 (test for excess errors)
FAIL: gcc.dg/debug/20041219-1.c -gstabs+1 -O (test for excess errors)
FAIL: gcc.dg/debug/20041219-1.c -gstabs+1 -O3 (test for excess errors)
FAIL: gcc.dg/debug/20041219-1.c -gstabs+ (test for excess errors)
FAIL: gcc.dg/debug/20041219-1.c -gstabs+ -O (test for excess errors)
FAIL: gcc.dg/debug/20041219-1.c -gstabs+ -O3 (test for excess errors)
FAIL: gcc.dg/debug/20041219-1.c -gstabs+3 (test for excess errors)
FAIL: gcc.dg/debug/20041219-1.c -gstabs+3 -O (test for excess errors)
FAIL: gcc.dg/debug/20041219-1.c -gstabs+3 -O3 (test for excess errors)
FAIL: gcc.dg/debug/crash1.c -gstabs1 (test for excess errors)
FAIL: gcc.dg/debug/crash1.c -gstabs1 -O (test for excess errors)
FAIL: gcc.dg/debug/crash1.c -gstabs1 -O3 (test for excess errors)
FAIL: gcc.dg/debug/crash1.c -gstabs (test for excess errors)
FAIL: gcc.dg/debug/crash1.c -gstabs -O (test for excess errors)
FAIL: gcc.dg/debug/crash1.c -gstabs -O3 (test for excess errors)
FAIL: gcc.dg/debug/crash1.c -gstabs3 (test for excess errors)
FAIL: gcc.dg/debug/crash1.c -gstabs3 -O (test for excess errors)
FAIL: gcc.dg/debug/crash1.c -gstabs3 -O3 (test for excess errors)
FAIL: gcc.dg/debug/crash1.c -gstabs+1 (test for excess errors)
FAIL: gcc.dg/debug/crash1.c -gstabs+1 -O (test for excess errors)
FAIL: gcc.dg/debug/crash1.c -gstabs+1 -O3 (test for excess errors)
FAIL: gcc.dg/debug/crash1.c -gstabs+ (test for excess errors)
FAIL: gcc.dg/debug/crash1.c -gstabs+ -O (test for excess errors)
FAIL: gcc.dg/debug/crash1.c -gstabs+ -O3 (test for excess errors)
FAIL: gcc.dg/debug/crash1.c -gstabs+3 (test for excess errors)
FAIL: gcc.dg/debug/crash1.c -gstabs+3 -O (test for excess errors)
FAIL: gcc.dg/debug/crash1.c -gstabs+3 -O3 (test for excess errors)
FAIL: gcc.dg/debug/debug-7.c -gstabs1 (test for excess errors)
FAIL: gcc.dg/debug/debug-7.c -gstabs1 -O (test for excess errors)
FAIL: gcc.dg/debug/debug-7.c -gstabs1 -O3 (test for excess errors)
FAIL: gcc.dg/debug/debug-7.c -gstabs (test for excess errors)
FAIL: gcc.dg/debug/debug-7.c -gstabs -O (test for excess errors)
FAIL: gcc.dg/debug/debug-7.c -gstabs -O3 (test for excess errors)
FAIL: gcc.dg/debug/debug-7.c -gstabs3 (test for excess errors)
FAIL: gcc.dg/debug/debug-7.c -gstabs3 -O (test for excess errors)
FAIL: gcc.dg/debug/debug-7.c -gstabs3 -O3 (test for excess errors)
FAIL: gcc.dg/debug/debug-7.c -gstabs+1 (test for excess errors)
FAIL: gcc.dg/debug/debug-7.c -gstabs+1 -O (test for excess errors)
FAIL: gcc.dg/debug/debug-7.c -gstabs+1 -O3 (test for excess errors)
FAIL: gcc.dg/debug/debug-7.c -gstabs+ (test for excess errors)
FAIL: gcc.dg/debug/debug-7.c -gstabs+ -O (test for excess errors)
FAIL: gcc.dg/debug/debug-7.c -gstabs+ -O3 (test for excess errors)
FAIL: gcc.dg/debug/debug-7.c -gstabs+3 (test for excess errors)
FAIL: gcc.dg/debug/debug-7.c -gstabs+3 -O (test for excess errors)
FAIL: gcc.dg/debug/debug-7.c -gstabs+3 -O3 (test for excess errors)
FAIL: gcc.dg/trampoline-1.c execution test
FAIL: gcc.dg/tree-ssa/loop-2.c scan-tree-dump-times 1700 1
FAIL: gcc.dg/tree-ssa/loop-3.c scan-tree-dump-times int iter 1

		=== gcc Summary ===

# of expected passes		37074
# of unexpected failures	120
# of expected failures		100
# of untested testcases		28
# of unsupported tests		457
/notnfs/dnovillo/sbox/gcc/bld.torquemada/gcc/xgcc  version 4.1.0 20050910 (experimental)

		=== gfortran tests ===


Running target unix

		=== gfortran Summary ===

# of expected passes		9084
# of expected failures		7
# of unsupported tests		16
/notnfs/dnovillo/sbox/gcc/bld.torquemada/gcc/testsuite/../gfortran  version 4.1.0 20050910 (experimental)

		=== objc tests ===


Running target unix
FAIL: objc/execute/exceptions/catchall-1.m execution,  -Os  -fgnu-runtime
FAIL: objc/execute/exceptions/local-variables-1.m execution,  -Os  -fgnu-runtime

		=== objc Summary ===

# of expected passes		1670
# of unexpected failures	2
# of unsupported tests		22
/notnfs/dnovillo/sbox/gcc/bld.torquemada/gcc/xgcc  version 4.1.0 20050910 (experimental)

		=== libffi tests ===


Running target unix

		=== libffi Summary ===

# of expected passes		228
# of unsupported tests		2
		=== libjava tests ===


Running target unix
FAIL: LargeFile execution - source compiled test
FAIL: LargeFile execution - gij test
FAIL: LargeFile execution - bytecode->native test
FAIL: LargeFile -O3 execution - source compiled test
FAIL: LargeFile execution - gij test
FAIL: LargeFile -O3 execution - bytecode->native test
FAIL: PR18699 execution - gij test

		=== libjava Summary ===

# of expected passes		3954
# of unexpected failures	7
# of expected failures		10
# of untested testcases		15
		=== libmudflap tests ===


Running target unix

		=== libmudflap Summary ===

# of expected passes		1779
		=== libstdc++ tests ===


Running target unix
XPASS: 26_numerics/cmath/c99_classification_macros_c.cc (test for excess errors)
XPASS: 27_io/fpos/14320-1.cc execution test

		=== libstdc++ Summary ===

# of expected passes		3888
# of unexpected successes	2
# of expected failures		12
# of unsupported tests		4

Compiler version: 4.1.0 20050910 (experimental) 
Platform: x86_64-unknown-linux-gnu
configure flags: --prefix=/home/cygnus/dnovillo/perf/sbox/gcc/local.x86_64/inst.torquemada --srcdir=/home/cygnus/dnovillo/perf/sbox/gcc/local.x86_64/src --enable-mpfr --disable-multilib --enable-languages=c,c++,f95,java,objc


Index Nav: [Date Index] [Subject Index] [Author Index] [Thread Index]
Message Nav: [Date Prev] [Date Next] [Thread Prev] [Thread Next]