This is the mail archive of the gcc-testresults@gcc.gnu.org mailing list for the GCC project.


Index Nav: [Date Index] [Subject Index] [Author Index] [Thread Index]
Message Nav: [Date Prev] [Date Next] [Thread Prev] [Thread Next]
Other format: [Raw text]

Results for 4.1.0 20050907 (experimental) testsuite on sparc64-unknown-linux-gnu


Aurora SPARC Linux release 2.0 (Kashmir FC3) UltraSparc IIi (Sabre) sun4u:

(auroralinux corona + rathann's and rzm's FC3 updates)

binutils-2.16.91.0.2-4.sparc
bison-1.875c-2.sparc
dejagnu-1.4.4-2.noarch
expect-5.42.1-1.sparc
gcc-3.4.3-22.sparc.sparc
gcc4-4.0.0-0.41.sparc.sparc
glibc-2.3.5-0.fc3.1.sparcv9
glibc-2.3.5-0.fc3.1.sparc64
glibc-devel-2.3.5-0.fc3.1.sparc64
glibc-devel-2.3.5-0.fc3.1.sparc
glibc-headers-2.3.5-0.fc3.1.sparc
glibc-kernheaders-2.6-20sparc.sparc
gmp-4.1.4-3sparc.sparc
gmp-4.1.4-3sparc.sparc64
gmp-devel-4.1.4-3sparc.sparc
gmp-devel-4.1.4-3sparc.sparc64
kernel-2.6.12-1.1505sp1.sparc64
package kernel-devel is not installed
package kernel-smp is not installed
libgcc-3.4.3-22.sparc.sparc
libgcc-3.4.3-22.sparc.sparc64
libstdc++-3.4.3-22.sparc.sparc
libstdc++-3.4.3-22.sparc.sparc64
libstdc++-devel-3.4.3-22.sparc.sparc64
libstdc++-devel-3.4.3-22.sparc.sparc
make-3.80-5.sparc
nptl-devel-2.3.5-0.fc3.1.sparcv9
tcl-8.4.7-2.sparc

LAST_UPDATED: Wed Sep  7 11:37:53 UTC 2005

		=== acats tests ===
FAIL:	c32001e
FAIL:	c34007p
FAIL:	c34007r
FAIL:	c45282b
FAIL:	c45651a
FAIL:	c52103x
FAIL:	c52104f
FAIL:	c52104h
FAIL:	c52104x
FAIL:	c52104y
FAIL:	c64105b
FAIL:	c95086b
FAIL:	ca11c01
FAIL:	cd10002
FAIL:	ce3810b
FAIL:	cxaa017

		=== acats Summary ===
# of expected passes		2303
# of unexpected failures	16
Native configuration is sparc64-unknown-linux-gnu

		=== gcc tests ===


Running target unix/-m64
WARNING: program timed out.
FAIL: gcc.dg/c99-intconst-1.c (test for excess errors)
FAIL: gcc.dg/tree-ssa/gen-vect-11c.c scan-tree-dump-times vectorized 0 loops 1
FAIL: gcc.dg/tree-ssa/gen-vect-25.c execution test
XPASS: gcc.dg/vect/vect-105.c scan-tree-dump-times vectorized 1 loops 1
FAIL: gcc.dg/vect/vect-22.c scan-tree-dump-times vectorized 4 loops 1
FAIL: gcc.dg/vect/vect-reduc-1char.c scan-tree-dump-times vectorized 3 loops 1
FAIL: gcc.dg/vect/vect-reduc-1short.c scan-tree-dump-times vectorized 3 loops 1
FAIL: gcc.dg/vect/vect-reduc-2char.c scan-tree-dump-times vectorized 3 loops 1
FAIL: gcc.dg/vect/vect-reduc-2short.c scan-tree-dump-times vectorized 3 loops 1
FAIL: gcc.misc-tests/linkage.c link

		=== gcc Summary for unix/-m64 ===

# of expected passes		36599
# of unexpected failures	9
# of unexpected successes	1
# of expected failures		100
# of untested testcases		28
# of unsupported tests		585

Running target unix
FAIL: gcc.dg/tree-ssa/gen-vect-25.c execution test
XPASS: gcc.dg/vect/vect-105.c scan-tree-dump-times vectorized 1 loops 1
FAIL: gcc.dg/vect/vect-22.c scan-tree-dump-times vectorized 4 loops 1
FAIL: gcc.dg/vect/vect-reduc-1char.c scan-tree-dump-times vectorized 3 loops 1
FAIL: gcc.dg/vect/vect-reduc-1short.c scan-tree-dump-times vectorized 3 loops 1
FAIL: gcc.dg/vect/vect-reduc-2char.c scan-tree-dump-times vectorized 3 loops 1
FAIL: gcc.dg/vect/vect-reduc-2short.c scan-tree-dump-times vectorized 3 loops 1

		=== gcc Summary for unix ===

# of expected passes		36605
# of unexpected failures	6
# of unexpected successes	1
# of expected failures		100
# of untested testcases		28
# of unsupported tests		583

		=== gcc Summary ===

# of expected passes		73204
# of unexpected failures	15
# of unexpected successes	2
# of expected failures		200
# of untested testcases		56
# of unsupported tests		1168
/usr/local/src/trunk/objdir/gcc/xgcc  version 4.1.0 20050907 (experimental)

		=== gfortran tests ===


Running target unix/-m64
FAIL: gfortran.dg/vect/vect-5.f90  -O  scan-tree-dump-times Alignment of access forced using versioning. 3

		=== gfortran Summary for unix/-m64 ===

# of expected passes		8503
# of unexpected failures	1
# of expected failures		5
# of unsupported tests		23

Running target unix
FAIL: gfortran.dg/large_integer_kind_1.f90  -O0  (test for excess errors)
WARNING: gfortran.dg/large_integer_kind_1.f90  -O0  compilation failed to produce executable
FAIL: gfortran.dg/large_integer_kind_1.f90  -O1  (test for excess errors)
WARNING: gfortran.dg/large_integer_kind_1.f90  -O1  compilation failed to produce executable
FAIL: gfortran.dg/large_integer_kind_1.f90  -O2  (test for excess errors)
WARNING: gfortran.dg/large_integer_kind_1.f90  -O2  compilation failed to produce executable
FAIL: gfortran.dg/large_integer_kind_1.f90  -O3 -fomit-frame-pointer  (test for excess errors)
WARNING: gfortran.dg/large_integer_kind_1.f90  -O3 -fomit-frame-pointer  compilation failed to produce executable
FAIL: gfortran.dg/large_integer_kind_1.f90  -O3 -fomit-frame-pointer -funroll-loops  (test for excess errors)
WARNING: gfortran.dg/large_integer_kind_1.f90  -O3 -fomit-frame-pointer -funroll-loops  compilation failed to produce executable
FAIL: gfortran.dg/large_integer_kind_1.f90  -O3 -fomit-frame-pointer -funroll-all-loops -finline-functions  (test for excess errors)
WARNING: gfortran.dg/large_integer_kind_1.f90  -O3 -fomit-frame-pointer -funroll-all-loops -finline-functions  compilation failed to produce executable
FAIL: gfortran.dg/large_integer_kind_1.f90  -O3 -g  (test for excess errors)
WARNING: gfortran.dg/large_integer_kind_1.f90  -O3 -g  compilation failed to produce executable
FAIL: gfortran.dg/large_integer_kind_1.f90  -Os  (test for excess errors)
WARNING: gfortran.dg/large_integer_kind_1.f90  -Os  compilation failed to produce executable
FAIL: gfortran.dg/large_real_kind_1.f90  -O0  (test for excess errors)
WARNING: gfortran.dg/large_real_kind_1.f90  -O0  compilation failed to produce executable
FAIL: gfortran.dg/large_real_kind_1.f90  -O1  (test for excess errors)
WARNING: gfortran.dg/large_real_kind_1.f90  -O1  compilation failed to produce executable
FAIL: gfortran.dg/large_real_kind_1.f90  -O2  (test for excess errors)
WARNING: gfortran.dg/large_real_kind_1.f90  -O2  compilation failed to produce executable
FAIL: gfortran.dg/large_real_kind_1.f90  -O3 -fomit-frame-pointer  (test for excess errors)
WARNING: gfortran.dg/large_real_kind_1.f90  -O3 -fomit-frame-pointer  compilation failed to produce executable
FAIL: gfortran.dg/large_real_kind_1.f90  -O3 -fomit-frame-pointer -funroll-loops  (test for excess errors)
WARNING: gfortran.dg/large_real_kind_1.f90  -O3 -fomit-frame-pointer -funroll-loops  compilation failed to produce executable
FAIL: gfortran.dg/large_real_kind_1.f90  -O3 -fomit-frame-pointer -funroll-all-loops -finline-functions  (test for excess errors)
WARNING: gfortran.dg/large_real_kind_1.f90  -O3 -fomit-frame-pointer -funroll-all-loops -finline-functions  compilation failed to produce executable
FAIL: gfortran.dg/large_real_kind_1.f90  -O3 -g  (test for excess errors)
WARNING: gfortran.dg/large_real_kind_1.f90  -O3 -g  compilation failed to produce executable
FAIL: gfortran.dg/large_real_kind_1.f90  -Os  (test for excess errors)
WARNING: gfortran.dg/large_real_kind_1.f90  -Os  compilation failed to produce executable

		=== gfortran Summary for unix ===

# of expected passes		8473
# of unexpected failures	16
# of expected failures		4
# of unsupported tests		23

		=== gfortran Summary ===

# of expected passes		16976
# of unexpected failures	17
# of expected failures		9
# of unsupported tests		46
/usr/local/src/trunk/objdir/gcc/testsuite/../gfortran  version 4.1.0 20050907 (experimental)

		=== g++ tests ===


Running target unix/-m64
XPASS: g++.old-deja/g++.other/init5.C execution test

		=== g++ Summary for unix/-m64 ===

# of expected passes		11257
# of unexpected successes	1
# of expected failures		66
# of unsupported tests		101

Running target unix
XPASS: g++.old-deja/g++.other/init5.C execution test

		=== g++ Summary for unix ===

# of expected passes		11289
# of unexpected successes	1
# of expected failures		66
# of unsupported tests		99

		=== g++ Summary ===

# of expected passes		22546
# of unexpected successes	2
# of expected failures		132
# of unsupported tests		200
/usr/local/src/trunk/objdir/gcc/testsuite/../g++  version 4.1.0 20050907 (experimental)

		=== obj-c++ tests ===


Running target unix/-m64
FAIL: obj-c++.dg/bitfield-1.mm (test for excess errors)
FAIL: obj-c++.dg/bitfield-4.mm (test for excess errors)
FAIL: obj-c++.dg/comp-types-10.mm (test for excess errors)
FAIL: obj-c++.dg/cxx-ivars-2.mm execution test
FAIL: obj-c++.dg/encode-3.mm execution test
FAIL: obj-c++.dg/encode-4.mm (test for excess errors)
WARNING: obj-c++.dg/encode-4.mm compilation failed to produce executable
FAIL: obj-c++.dg/encode-5.mm (test for excess errors)
WARNING: obj-c++.dg/encode-5.mm compilation failed to produce executable
FAIL: obj-c++.dg/encode-6.mm (test for excess errors)
WARNING: obj-c++.dg/encode-6.mm compilation failed to produce executable
FAIL: obj-c++.dg/encode-8.mm execution test
FAIL: obj-c++.dg/isa-field-1.mm (test for excess errors)
FAIL: obj-c++.dg/layout-1.mm (test for excess errors)
FAIL: obj-c++.dg/lookup-2.mm (test for excess errors)
WARNING: obj-c++.dg/lookup-2.mm compilation failed to produce executable
FAIL: obj-c++.dg/method-19.mm (test for excess errors)
WARNING: obj-c++.dg/method-19.mm compilation failed to produce executable
FAIL: obj-c++.dg/try-catch-2.mm (test for excess errors)
WARNING: obj-c++.dg/try-catch-2.mm compilation failed to produce executable
FAIL: obj-c++.dg/try-catch-9.mm (test for excess errors)
WARNING: obj-c++.dg/try-catch-9.mm compilation failed to produce executable

		=== obj-c++ Summary for unix/-m64 ===

# of expected passes		404
# of unexpected failures	15
# of unsupported tests		13

Running target unix
FAIL: obj-c++.dg/comp-types-10.mm (test for excess errors)
FAIL: obj-c++.dg/cxx-ivars-2.mm execution test
FAIL: obj-c++.dg/encode-4.mm (test for excess errors)
WARNING: obj-c++.dg/encode-4.mm compilation failed to produce executable
FAIL: obj-c++.dg/encode-5.mm (test for excess errors)
WARNING: obj-c++.dg/encode-5.mm compilation failed to produce executable
FAIL: obj-c++.dg/encode-6.mm (test for excess errors)
WARNING: obj-c++.dg/encode-6.mm compilation failed to produce executable
FAIL: obj-c++.dg/encode-8.mm execution test
FAIL: obj-c++.dg/isa-field-1.mm (test for excess errors)
FAIL: obj-c++.dg/lookup-2.mm (test for excess errors)
WARNING: obj-c++.dg/lookup-2.mm compilation failed to produce executable
FAIL: obj-c++.dg/method-19.mm (test for excess errors)
WARNING: obj-c++.dg/method-19.mm compilation failed to produce executable
FAIL: obj-c++.dg/try-catch-2.mm (test for excess errors)
WARNING: obj-c++.dg/try-catch-2.mm compilation failed to produce executable
FAIL: obj-c++.dg/try-catch-9.mm (test for excess errors)
WARNING: obj-c++.dg/try-catch-9.mm compilation failed to produce executable

		=== obj-c++ Summary for unix ===

# of expected passes		408
# of unexpected failures	11
# of unsupported tests		13

		=== obj-c++ Summary ===

# of expected passes		812
# of unexpected failures	26
# of unsupported tests		26
/usr/local/src/trunk/objdir/gcc/testsuite/../g++  version 4.1.0 20050907 (experimental)

		=== objc tests ===


Running target unix/-m64

		=== objc Summary for unix/-m64 ===

# of expected passes		1670
# of unsupported tests		22

Running target unix

		=== objc Summary for unix ===

# of expected passes		1670
# of unsupported tests		22

		=== objc Summary ===

# of expected passes		3340
# of unsupported tests		44
/usr/local/src/trunk/objdir/gcc/xgcc  version 4.1.0 20050907 (experimental)

		=== treelang tests ===


Running target unix/-m64

		=== treelang Summary for unix/-m64 ===

# of expected passes		50

Running target unix

		=== treelang Summary for unix ===

# of expected passes		50

		=== treelang Summary ===

# of expected passes		100
		=== libffi tests ===


Running target unix/-m64

		=== libffi Summary for unix/-m64 ===

# of expected passes		228
# of unsupported tests		2

Running target unix

		=== libffi Summary for unix ===

# of expected passes		228
# of unsupported tests		2

		=== libffi Summary ===

# of expected passes		456
# of unsupported tests		4
		=== libjava tests ===


Running target unix/-m64
FAIL: PR16923.c compilation
FAIL: Array_3 execution - source compiled test
FAIL: Array_3 execution - gij test
FAIL: Array_3 execution - bytecode->native test
FAIL: Array_3 -O3 execution - source compiled test
FAIL: Array_3 execution - gij test
FAIL: Array_3 -O3 execution - bytecode->native test
FAIL: Invoke_1 execution - source compiled test
FAIL: Invoke_1 execution - bytecode->native test
FAIL: Invoke_1 -O3 execution - source compiled test
FAIL: Invoke_1 -O3 execution - bytecode->native test
FAIL: PR218 execution - gij test
FAIL: PR218 execution - gij test
FAIL: /usr/local/src/trunk/objdir/sparc64-unknown-linux-gnu/libjava/testsuite/TestLeak.exe output - /usr/local/src/trunk/objdir/sparc64-unknown-linux-gnu/libjava/testsuite/TestLeak.exe

		=== libjava Summary for unix/-m64 ===

# of expected passes		3941
# of unexpected failures	14
# of expected failures		10
# of untested testcases		20

Running target unix

		=== libjava Summary for unix ===

# of expected passes		3968
# of expected failures		10
# of untested testcases		8

		=== libjava Summary ===

# of expected passes		7909
# of unexpected failures	14
# of expected failures		20
# of untested testcases		28
		=== libmudflap tests ===


Running target unix/-m64
FAIL: libmudflap.c/pass54-frag.c execution test
FAIL: libmudflap.c/pass54-frag.c execution test
FAIL: libmudflap.c/pass54-frag.c (-static) execution test
FAIL: libmudflap.c/pass54-frag.c (-static) execution test

		=== libmudflap Summary for unix/-m64 ===

# of expected passes		1775
# of unexpected failures	4

Running target unix
FAIL: libmudflap.c/pass54-frag.c execution test
FAIL: libmudflap.c/pass54-frag.c execution test
FAIL: libmudflap.c/pass54-frag.c (-static) execution test
FAIL: libmudflap.c/pass54-frag.c (-static) execution test

		=== libmudflap Summary for unix ===

# of expected passes		1775
# of unexpected failures	4

		=== libmudflap Summary ===

# of expected passes		3550
# of unexpected failures	8
		=== libstdc++ tests ===


Running target unix/-m64
FAIL: 22_locale/messages/members/char/1.cc execution test
FAIL: 22_locale/messages/members/char/2.cc execution test
FAIL: 22_locale/messages/members/char/wrapped_env.cc execution test
FAIL: 22_locale/messages/members/char/wrapped_locale.cc execution test
FAIL: 22_locale/messages_byname/named_equivalence.cc execution test
XPASS: 26_numerics/cmath/c99_classification_macros_c.cc (test for excess errors)
FAIL: 27_io/basic_filebuf/close/char/4879.cc execution test
FAIL: 27_io/basic_filebuf/close/char/9964.cc execution test
FAIL: 27_io/basic_filebuf/imbue/char/13171-2.cc execution test
FAIL: 27_io/basic_filebuf/imbue/wchar_t/14975-2.cc execution test
FAIL: 27_io/basic_filebuf/underflow/char/10097.cc execution test
XPASS: 27_io/fpos/14320-1.cc execution test
FAIL: 27_io/objects/char/7.cc execution test
FAIL: 27_io/objects/char/9661-1.cc execution test
FAIL: 27_io/objects/wchar_t/7.cc execution test
FAIL: 27_io/objects/wchar_t/9661-1.cc execution test

		=== libstdc++ Summary for unix/-m64 ===

# of expected passes		3882
# of unexpected failures	14
# of unexpected successes	2
# of expected failures		12

Running target unix
FAIL: 23_containers/set/explicit_instantiation/2.cc (test for excess errors)
XPASS: 26_numerics/cmath/c99_classification_macros_c.cc (test for excess errors)

		=== libstdc++ Summary for unix ===

# of expected passes		3895
# of unexpected failures	1
# of unexpected successes	1
# of expected failures		13

		=== libstdc++ Summary ===

# of expected passes		7777
# of unexpected failures	15
# of unexpected successes	3
# of expected failures		25

Compiler version: 4.1.0 20050907 (experimental) 
Platform: sparc64-unknown-linux-gnu
configure flags: --enable-__cxa_atexit --enable-shared --with-cpu=v7 --enable-languages=c,ada,c++,f95,java,objc,obj-c++,treelang
Counting all warnings,
there are 88 warnings in stage0 of this bootstrap.

Number of warnings per file:
     14 gcc/fixincludes/fixincl.x
     12 libmudflap/mf-runtime.c
      8 include/gc_config.h
      8 include/config.h
      4 libtool
      4 gcc/boehm-gc/os_dep.c
      4 cc1
      3 libgfortran/io/read.c
      2 socket.c
      2 raise.c
      2 libobjc/thr.c
      2 libobjc/sendmsg.c
      2 libobjc/Object.m
      2 libjava/prims.cc
      2 libjava/gnu/gcj/io/shs.cc
      2 libgfortran/io/list_read.c
      2 java/net/natVMNetworkInterface.cc
      2 include/java-signal.h
      2 gcc/unwind-pe.h
      2 gcc/coretypes.h
      2 gcc/boehm-gc/mark_rts.c
      2 fastjar/shift.c
      1 ./runtime-info.h
      1 fastjar/jartool.c
      1 fastjar/compress.c

Number of warning types:
     15 string length \`???' is greater than the length \`???' ISO C89 compilers are required to support
     10 this is the location of the previous definition
      5 \`???' defined but not used
      4 \`???' is ignored for convenience libraries
      4 \`???' is deprecated (declared at /usr/include/signal.h:184)
      4 format \`???' expects type \`???', but argument 6 has type \`???'
      4 format \`???' expects type \`???', but argument 4 has type \`???'
      4 format \`???' expects type \`???', but argument 15 has type \`???'
      3 unused parameter \`???'
      2 value computed is not used
      2 \`rtx' redefined
      2 pointer targets in assignment differ in signedness
      2 \`PACKAGE_VERSION' redefined
      2 \`PACKAGE_TARNAME' redefined
      2 \`PACKAGE_STRING' redefined
      2 \`PACKAGE_NAME' redefined
      2 incompatible implicit declaration of built-in function \`???'
      2 function returns address of local variable
      2 \`???' function does return
      2 \`???' declared \`???' but never defined
      2 comparison of distinct pointer types lacks a cast
      2 comparison between signed and unsigned integer expressions
      2 comparison between signed and unsigned
      2 command line option \`-fno-underscoring' is valid for F95 but not for C
      2 command line option \`-fno-repack-arrays' is valid for F95 but not for C
      2 argument \`???' might be clobbered by \`???' or \`???'
      1 unused variable \`???'
Counting all warnings,
there are 15 warnings in stage3 of this bootstrap.

Number of warnings per file:
      4 gcc/gcc.c
      3 treelang/lex.c
      3 gengtype-lex.c
      2 gcc/treelang/parse.y
      2 gcc/objc/lang-specs.h
      1 gcc/java/jvspec.c

Number of warning types:
      7 string length \`???' is greater than the length \`???' ISO C89 compilers are required to support
      6 old-style function definition
      1 too many arguments for format
      1 conversion lacks type at end of format


Index Nav: [Date Index] [Subject Index] [Author Index] [Thread Index]
Message Nav: [Date Prev] [Date Next] [Thread Prev] [Thread Next]