This is the mail archive of the gcc-testresults@gcc.gnu.org mailing list for the GCC project.


Index Nav: [Date Index] [Subject Index] [Author Index] [Thread Index]
Message Nav: [Date Prev] [Date Next] [Thread Prev] [Thread Next]
Other format: [Raw text]

[Fwd: Results for 4.1.0 20050905 (experimental) testsuite on sh-unknown-elf]




-------- Original Message --------
Subject: Results for 4.1.0 20050905 (experimental) testsuite on sh-unknown-elf
Date: Fri, 09 Sep 2005 19:05:29 +0100
From: Joern Rennecke <renneckej@bristol.st.com>
To: joern.rennecke@st.com




Target is sh-unknown-elf
Host   is i686-pc-linux-gnu

=== gcc tests ===


Running target sh-hms-sim FAIL: gcc.dg/builtin-apply4.c execution test

=== gcc Summary for sh-hms-sim ===

# of expected passes		36121
# of unexpected failures	1
# of expected failures		77
# of untested testcases		28
# of unsupported tests		553

Running target sh-hms-sim/-m4/-ml
WARNING: program timed out.
FAIL: gcc.c-torture/compile/20001226-1.c -O3 -g (test for excess errors)
FAIL: gcc.dg/compat/struct-by-value-15 c_compat_y_tst.o compile
UNRESOLVED: gcc.dg/compat/struct-by-value-15 c_compat_x_tst.o-c_compat_y_tst.o link UNRESOLVED: gcc.dg/compat/struct-by-value-15 c_compat_x_tst.o-c_compat_y_tst.o execute FAIL: gcc.dg/compat/struct-by-value-17 c_compat_y_tst.o compile
UNRESOLVED: gcc.dg/compat/struct-by-value-17 c_compat_x_tst.o-c_compat_y_tst.o link UNRESOLVED: gcc.dg/compat/struct-by-value-17 c_compat_x_tst.o-c_compat_y_tst.o execute FAIL: gcc.dg/compat/struct-by-value-18 c_compat_y_tst.o compile
UNRESOLVED: gcc.dg/compat/struct-by-value-18 c_compat_x_tst.o-c_compat_y_tst.o link UNRESOLVED: gcc.dg/compat/struct-by-value-18 c_compat_x_tst.o-c_compat_y_tst.o execute FAIL: tmpdir-gcc.dg-struct-layout-1/t024 c_compat_y_tst.o compile
UNRESOLVED: tmpdir-gcc.dg-struct-layout-1/t024 c_compat_x_tst.o-c_compat_y_tst.o link UNRESOLVED: tmpdir-gcc.dg-struct-layout-1/t024 c_compat_x_tst.o-c_compat_y_tst.o execute FAIL: tmpdir-gcc.dg-struct-layout-1/t027 c_compat_y_tst.o compile
UNRESOLVED: tmpdir-gcc.dg-struct-layout-1/t027 c_compat_x_tst.o-c_compat_y_tst.o link UNRESOLVED: tmpdir-gcc.dg-struct-layout-1/t027 c_compat_x_tst.o-c_compat_y_tst.o execute FAIL: tmpdir-gcc.dg-struct-layout-1/t028 c_compat_y_tst.o compile
UNRESOLVED: tmpdir-gcc.dg-struct-layout-1/t028 c_compat_x_tst.o-c_compat_y_tst.o link UNRESOLVED: tmpdir-gcc.dg-struct-layout-1/t028 c_compat_x_tst.o-c_compat_y_tst.o execute


=== gcc Summary for sh-hms-sim/-m4/-ml ===

# of expected passes		36103
# of unexpected failures	7
# of expected failures		77
# of unresolved testcases	12
# of untested testcases		28
# of unsupported tests		553

=== gcc Summary ===

# of expected passes		72224
# of unexpected failures	8
# of expected failures		154
# of unresolved testcases	12
# of untested testcases		56
# of unsupported tests		1106
/mnt/scratch/nightly/2005-09-05/sh-elf/gcc/xgcc  version 4.1.0 20050905 (experimental)

Host is i686-pc-linux-gnu

=== g++ tests ===


Running target sh-hms-sim FAIL: g++.dg/init/array15.C (test for excess errors) WARNING: g++.dg/init/array15.C compilation failed to produce executable FAIL: g++.dg/init/array16.C (test for excess errors) WARNING: g++.dg/init/array16.C compilation failed to produce executable XPASS: g++.dg/other/packed1.C execution test XPASS: g++.old-deja/g++.jason/thunk3.C execution test

=== g++ Summary for sh-hms-sim ===

# of expected passes		11231
# of unexpected failures	2
# of unexpected successes	2
# of expected failures		67
# of unsupported tests		119

Running target sh-hms-sim/-m4/-ml
FAIL: g++.dg/init/array15.C (test for excess errors)
WARNING: g++.dg/init/array15.C compilation failed to produce executable
FAIL: g++.dg/init/array16.C (test for excess errors)
WARNING: g++.dg/init/array16.C compilation failed to produce executable
XPASS: g++.dg/other/packed1.C execution test
XPASS: g++.old-deja/g++.jason/thunk3.C execution test

=== g++ Summary for sh-hms-sim/-m4/-ml ===

# of expected passes		11231
# of unexpected failures	2
# of unexpected successes	2
# of expected failures		67
# of unsupported tests		119

=== g++ Summary ===

# of expected passes		22462
# of unexpected failures	4
# of unexpected successes	4
# of expected failures		134
# of unsupported tests		238
/mnt/scratch/nightly/2005-09-05/sh-elf/gcc/testsuite/../g++  version 4.1.0 20050905 (experimental)

Host is i686-pc-linux-gnu

=== objc tests ===


Running target sh-hms-sim FAIL: objc/execute/exceptions/foward-1.m execution, -O3 -fomit-frame-pointer -fgnu-runtime FAIL: objc/execute/exceptions/foward-1.m execution, -O3 -fomit-frame-pointer -funroll-loops -fgnu-runtime FAIL: objc/execute/exceptions/foward-1.m execution, -O3 -fomit-frame-pointer -funroll-all-loops -finline-functions -fgnu-runtime

=== objc Summary for sh-hms-sim ===

# of expected passes		1667
# of unexpected failures	3
# of unsupported tests		22

Running target sh-hms-sim/-m4/-ml

=== objc Summary for sh-hms-sim/-m4/-ml ===

# of expected passes		1670
# of unsupported tests		22

=== objc Summary ===

# of expected passes		3337
# of unexpected failures	3
# of unsupported tests		44
/mnt/scratch/nightly/2005-09-05/sh-elf/gcc/xgcc  version 4.1.0 20050905 (experimental)


Compiler version: 4.1.0 20050905 (experimental) Platform: sh-unknown-elf




Index Nav: [Date Index] [Subject Index] [Author Index] [Thread Index]
Message Nav: [Date Prev] [Date Next] [Thread Prev] [Thread Next]