This is the mail archive of the gcc-testresults@gcc.gnu.org mailing list for the GCC project.


Index Nav: [Date Index] [Subject Index] [Author Index] [Thread Index]
Message Nav: [Date Prev] [Date Next] [Thread Prev] [Thread Next]
Other format: [Raw text]

Results for 4.0.2 20050909 (prerelease) testsuite on i686-pc-linux-gnu


LAST_UPDATED: Wed Jul 27 06:57:23 UTC 2005

Native configuration is i686-pc-linux-gnu

		=== g++ tests ===


Running target unix

		=== g++ Summary ===

# of expected passes		11118
# of expected failures		69
# of unsupported tests		56
/home/builder/nightly-build/build/i686/obj/upstream/gcc-4.0/gcc/testsuite/../g++  version 4.0.2 20050909 (prerelease)

		=== gcc tests ===


Running target unix
FAIL: gcc.dg/cleanup-10.c execution test
FAIL: gcc.dg/cleanup-11.c execution test
FAIL: gcc.dg/cleanup-8.c execution test
FAIL: gcc.dg/cleanup-9.c execution test
FAIL: gcc.dg/vect/pr20122.c scan-tree-dump-times vectorized 1 loops 2
XPASS: gcc.dg/vect/vect-22.c scan-tree-dump-times vectorized 3 loops 1

		=== gcc Summary ===

# of expected passes		35238
# of unexpected failures	5
# of unexpected successes	1
# of expected failures		94
# of untested testcases		28
# of unsupported tests		328
/home/builder/nightly-build/build/i686/obj/upstream/gcc-4.0/gcc/xgcc  version 4.0.2 20050909 (prerelease)

		=== libstdc++ tests ===


Running target unix
FAIL: abi_check
XPASS: 22_locale/locale/cons/12658_thread-1.cc execution test
XPASS: 26_numerics/cmath/c99_classification_macros_c.cc (test for excess errors)

		=== libstdc++ Summary ===

# of expected passes		3656
# of unexpected failures	1
# of unexpected successes	2
# of expected failures		12

Compiler version: 4.0.2 20050909 (prerelease) 
Platform: i686-pc-linux-gnu
configure flags: --prefix=/opt/toolchain/tot-20050909 --program-suffix=-4.0 --with-system-zlib --enable-nls --without-included-gettext --enable-languages=c,c++
Counting all warnings,
there are 0 warnings in stage3 of this bootstrap.

Number of warnings per file:

Number of warning types:


Index Nav: [Date Index] [Subject Index] [Author Index] [Thread Index]
Message Nav: [Date Prev] [Date Next] [Thread Prev] [Thread Next]