This is the mail archive of the gcc-testresults@gcc.gnu.org mailing list for the GCC project.


Index Nav: [Date Index] [Subject Index] [Author Index] [Thread Index]
Message Nav: [Date Prev] [Date Next] [Thread Prev] [Thread Next]
Other format: [Raw text]

Results for 4.0.2 20050908 (prerelease) testsuite on i686-pc-cygwin


LAST_UPDATED: Obtained from CVS: -rgcc-ss-4_0-20050908

Native configuration is i686-pc-cygwin

=== g++ tests ===


Running target unix
FAIL: g++.dg/abi/local1.C execution test
FAIL: g++.dg/abi/rtti1.C scan-assembler-dem-not \\ntypeinfo for A[: \\t\\n]
FAIL: g++.dg/ext/dllexport-MI1.C scan-assembler-not -export:_ZN2D1C2ERKS_
FAIL: g++.dg/ext/dllexport-MI1.C scan-assembler-not -export:_ZN2D1D2Ev
FAIL: g++.dg/ext/dllimport2.C (test for warnings, line 18)
FAIL: g++.dg/ext/dllimport2.C (test for warnings, line 22)
FAIL: g++.dg/ext/dllimport2.C (test for warnings, line 23)
FAIL: g++.dg/ext/dllimport2.C (test for warnings, line 24)
FAIL: g++.dg/ext/dllimport3.C (test for warnings, line 18)
FAIL: g++.dg/opt/vt1.C scan-assembler-not section[^\\n\\r]*_ZTV1S[^\\n\\r]*"[^w"\\n\\r]*"
FAIL: g++.dg/template/repo3.C (test for excess errors)
ERROR: g++.dg/tree-ssa/pr15791-3.C: error executing dg-final: no files matched glob pattern "pr15791-3.C.t??.gimple"
UNRESOLVED: g++.dg/tree-ssa/pr15791-3.C: error executing dg-final: no files matched glob pattern "pr15791-3.C.t??.gimple"
ERROR: g++.dg/tree-ssa/pr15791-4.C: error executing dg-final: no files matched glob pattern "pr15791-4.C.t??.gimple"
UNRESOLVED: g++.dg/tree-ssa/pr15791-4.C: error executing dg-final: no files matched glob pattern "pr15791-4.C.t??.gimple"
ERROR: g++.dg/tree-ssa/pr15791-5.C: error executing dg-final: no files matched glob pattern "pr15791-5.C.t??.gimple"
UNRESOLVED: g++.dg/tree-ssa/pr15791-5.C: error executing dg-final: no files matched glob pattern "pr15791-5.C.t??.gimple"
FAIL: g++.dg/pch/externc-1.C -g assembly comparison
FAIL: g++.dg/pch/externc-1.C -O2 -g assembly comparison
FAIL: g++.dg/pch/static-1.C -g assembly comparison
FAIL: g++.dg/pch/static-1.C -O2 -g assembly comparison
FAIL: g++.dg/pch/system-1.C -g assembly comparison
FAIL: g++.dg/pch/system-1.C -O2 -g assembly comparison
FAIL: g++.dg/pch/system-2.C -g assembly comparison
FAIL: g++.dg/pch/system-2.C -O2 -g assembly comparison
FAIL: g++.dg/pch/uninst.C -g assembly comparison
FAIL: g++.dg/pch/uninst.C -O2 -g assembly comparison
FAIL: g++.dg/pch/wchar-1.C -g assembly comparison
FAIL: g++.dg/pch/wchar-1.C -O2 -g assembly comparison
FAIL: g++.old-deja/g++.eh/badalloc1.C execution test
XPASS: g++.old-deja/g++.ext/attrib5.C execution test
FAIL: g++.old-deja/g++.pt/instantiate4.C (test for excess errors)
FAIL: g++.old-deja/g++.pt/instantiate6.C (test for excess errors)
FAIL: g++.old-deja/g++.pt/repo1.C (test for excess errors)
FAIL: g++.old-deja/g++.pt/repo2.C (test for excess errors)
FAIL: g++.old-deja/g++.pt/repo3.C (test for excess errors)


=== g++ Summary ===

# of expected passes 11234
# of unexpected failures 29
# of unexpected successes 1
# of expected failures 69
# of unresolved testcases 3
# of unsupported tests 106
/cygdrive/c/gnu/gcc-4.0-20050818/xp/gcc/testsuite/../g++ version 4.0.2 20050908 (prerelease)


=== gcc tests ===


Running target unix FAIL: gcc.c-torture/compile/20011119-1.c (test for excess errors) FAIL: gcc.c-torture/compile/20011119-1.c (test for excess errors) FAIL: gcc.c-torture/compile/20011119-1.c (test for excess errors) FAIL: gcc.c-torture/compile/20011119-1.c (test for excess errors) FAIL: gcc.c-torture/compile/20011119-1.c (test for excess errors) FAIL: gcc.c-torture/compile/20011119-1.c (test for excess errors) FAIL: gcc.c-torture/compile/20011119-2.c (test for excess errors) FAIL: gcc.c-torture/compile/20011119-2.c (test for excess errors) FAIL: gcc.c-torture/compile/20011119-2.c (test for excess errors) FAIL: gcc.c-torture/compile/20011119-2.c (test for excess errors) FAIL: gcc.c-torture/compile/20011119-2.c (test for excess errors) FAIL: gcc.c-torture/compile/20011119-2.c (test for excess errors) FAIL: gcc.dg/alias-7.c (test for excess errors) WARNING: gcc.dg/alias-7.c compilation failed to produce executable FAIL: gcc.dg/i386-pic-1.c (test for errors, line 10) FAIL: gcc.dg/pr17957.c (test for excess errors) FAIL: gcc.dg/tree-ssa/loop-1.c scan-assembler-times foo 5 XPASS: gcc.dg/vect/vect-22.c scan-tree-dump-times vectorized 3 loops 1

=== gcc Summary ===

# of expected passes 36574
# of unexpected failures 16
# of unexpected successes 1
# of expected failures 93
# of untested testcases 28
# of unsupported tests 350
/cygdrive/c/gnu/gcc-4.0-20050818/xp/gcc/xgcc version 4.0.2 20050908 (prerelease)


=== gfortran tests ===


Running target unix FAIL: gfortran.dg/f2c_6.f90 (test for excess errors) WARNING: gfortran.dg/f2c_6.f90 compilation failed to produce executable FAIL: gfortran.dg/f2c_6.f90 (test for excess errors) WARNING: gfortran.dg/f2c_6.f90 compilation failed to produce executable FAIL: gfortran.dg/f2c_6.f90 (test for excess errors) WARNING: gfortran.dg/f2c_6.f90 compilation failed to produce executable FAIL: gfortran.dg/f2c_6.f90 (test for excess errors) WARNING: gfortran.dg/f2c_6.f90 compilation failed to produce executable FAIL: gfortran.dg/f2c_6.f90 (test for excess errors) WARNING: gfortran.dg/f2c_6.f90 compilation failed to produce executable FAIL: gfortran.dg/f2c_6.f90 (test for excess errors) WARNING: gfortran.dg/f2c_6.f90 compilation failed to produce executable FAIL: gfortran.dg/f2c_6.f90 (test for excess errors) WARNING: gfortran.dg/f2c_6.f90 compilation failed to produce executable FAIL: gfortran.dg/f2c_6.f90 (test for excess errors) WARNING: gfortran.dg/f2c_6.f90 compilation failed to produce executable

=== gfortran Summary ===

# of expected passes 8091
# of unexpected failures 8
# of expected failures 2
/cygdrive/c/gnu/gcc-4.0-20050818/xp/gcc/testsuite/../gfortran version 4.0.2 20050908 (prerelease)


=== objc tests ===


Running target unix


=== objc Summary ===

# of expected passes 1536
# of unsupported tests 10
/cygdrive/c/gnu/gcc-4.0-20050818/xp/gcc/xgcc version 4.0.2 20050908 (prerelease)


=== treelang tests ===


Running target unix


=== treelang Summary ===

# of expected passes            47
               === libstdc++ tests ===


Running target unix
FAIL: 26_numerics/cmath/c99_classification_macros_c.cc (test for excess errors)
FAIL: 27_io/basic_filebuf/sgetn/char/1-in.cc execution test
FAIL: 27_io/basic_filebuf/sgetn/char/1-io.cc execution test
FAIL: 27_io/basic_filebuf/sgetn/char/2-in.cc execution test
FAIL: 27_io/basic_filebuf/sgetn/char/2-io.cc execution test
FAIL: 27_io/basic_istream/extractors_arithmetic/char/12.cc execution test
FAIL: 27_io/basic_istream/readsome/char/6746-2.cc execution test


=== libstdc++ Summary ===

# of expected passes            2564
# of unexpected failures        7
# of expected failures          11
# of unsupported tests          9

Compiler version: 4.0.2 20050908 (prerelease)
Platform: i686-pc-cygwin
configure flags: '--enable-languages=c++ f95 objc treelang' --enable-threads=posix --enable-sjlj-exceptions --disable-libmudflap --disable-shared --enable-languages=c,c++,f95,objc,treelang
BOOT_CFLAGS=-O2 -march=pentium-m -pipe



Index Nav: [Date Index] [Subject Index] [Author Index] [Thread Index]
Message Nav: [Date Prev] [Date Next] [Thread Prev] [Thread Next]