This is the mail archive of the gcc-testresults@gcc.gnu.org mailing list for the GCC project.


Index Nav: [Date Index] [Subject Index] [Author Index] [Thread Index]
Message Nav: [Date Prev] [Date Next] [Thread Prev] [Thread Next]
Other format: [Raw text]

Results for 4.1.0 20050907 (experimental) testsuite on hppa2.0w-hp-hpux11.11


LAST_UPDATED: Wed Sep  7 01:26:19 UTC 2005

		=== acats tests ===
FAIL:	c32001e
FAIL:	c34007p
FAIL:	c34007r
FAIL:	c393a06
FAIL:	c45282b
FAIL:	c45651a
FAIL:	c52104f
FAIL:	c52104h
FAIL:	c52104k
FAIL:	c64105b
FAIL:	c95086b
FAIL:	c954026
FAIL:	ca11c01
FAIL:	cc3120a
FAIL:	cd10002
FAIL:	ce3806d
FAIL:	ce3806e
FAIL:	ce3810a
FAIL:	cxa4034
FAIL:	cxaa008
FAIL:	cxaa009
FAIL:	cxaa017
FAIL:	cxaca01
Native configuration is hppa2.0w-hp-hpux11.11

		=== g++ tests ===


Running target unix
WARNING: program timed out.
FAIL: g++.dg/eh/cleanup1.C (test for excess errors)
FAIL: g++.dg/other/pr22003.C (test for excess errors)

		=== g++ Summary ===

# of expected passes		10947
# of unexpected failures	2
# of expected failures		67
# of unsupported tests		138
/test/gnu/gcc-3.3/objdir/gcc/testsuite/../g++  version 4.1.0 20050907 (experimental)

		=== gcc tests ===


Running target unix

		=== gcc Summary ===

# of expected passes		35598
# of expected failures		77
# of untested testcases		28
# of unsupported tests		610
/test/gnu/gcc-3.3/objdir/gcc/xgcc  version 4.1.0 20050907 (experimental)

		=== gfortran tests ===


Running target unix
FAIL: gfortran.dg/large_real_kind_1.f90  -O0  execution test
FAIL: gfortran.dg/large_real_kind_1.f90  -O1  execution test
FAIL: gfortran.dg/large_real_kind_1.f90  -O2  execution test
FAIL: gfortran.dg/large_real_kind_1.f90  -O3 -fomit-frame-pointer  execution test
FAIL: gfortran.dg/large_real_kind_1.f90  -O3 -fomit-frame-pointer -funroll-loops  execution test
FAIL: gfortran.dg/large_real_kind_1.f90  -O3 -fomit-frame-pointer -funroll-all-loops -finline-functions  execution test
FAIL: gfortran.dg/large_real_kind_1.f90  -O3 -g  execution test
FAIL: gfortran.dg/large_real_kind_1.f90  -Os  execution test

		=== gfortran Summary ===

# of expected passes		8461
# of unexpected failures	8
# of expected failures		2
# of unsupported tests		26
/test/gnu/gcc-3.3/objdir/gcc/testsuite/../gfortran  version 4.1.0 20050907 (experimental)

		=== objc tests ===


Running target unix

		=== objc Summary ===

# of expected passes		1668
# of unsupported tests		23
/test/gnu/gcc-3.3/objdir/gcc/xgcc  version 4.1.0 20050907 (experimental)

		=== libstdc++ tests ===


Running target unix

		=== libstdc++ Summary ===

# of expected passes		2496
# of expected failures		12
# of unsupported tests		157

Compiler version: 4.1.0 20050907 (experimental) 
Platform: hppa2.0w-hp-hpux11.11
configure flags: --with-gnu-as --with-as=/opt/gnu/bin/as --enable-shared --disable-nls --with-local-prefix=/opt/gnu --prefix=/opt/gnu/gcc/gcc-4.1.0 --enable-debug=no --enable-threads=posix --with-gmp=/opt/gnu --disable-libmudflap --enable-languages=c,ada,c++,f95,java,objc


Index Nav: [Date Index] [Subject Index] [Author Index] [Thread Index]
Message Nav: [Date Prev] [Date Next] [Thread Prev] [Thread Next]