This is the mail archive of the gcc-testresults@gcc.gnu.org mailing list for the GCC project.


Index Nav: [Date Index] [Subject Index] [Author Index] [Thread Index]
Message Nav: [Date Prev] [Date Next] [Thread Prev] [Thread Next]
Other format: [Raw text]

Results for 4.0.2 20050907 (prerelease) testsuite on x86_64-unknown-linux-gnu


LAST_UPDATED: Wed Jul 27 06:57:23 UTC 2005

Native configuration is x86_64-unknown-linux-gnu

		=== g++ tests ===


Running target unix
WARNING: program timed out.

		=== g++ Summary ===

# of expected passes		11020
# of expected failures		69
# of unsupported tests		90
/home/builder/nightly-build/build/amd64/obj/upstream/gcc-4.0/gcc/testsuite/../g++  version 4.0.2 20050907 (prerelease)

		=== gcc tests ===


Running target unix
WARNING: program timed out.
FAIL: gcc.c-torture/compile/920917-1.c  -Os  (test for excess errors)
WARNING: program timed out.
FAIL: gcc.c-torture/unsorted/addcc.c,  -O3 -fomit-frame-pointer  
WARNING: program timed out.
FAIL: gcc.dg/cpp/maccom3.c (test for excess errors)
WARNING: program timed out.
FAIL: gcc.dg/debug/20000503-1.c -gstabs -O (test for excess errors)
WARNING: program timed out.
FAIL: gcc.dg/debug/20010207-1.c -gdwarf-2 -O3 (test for excess errors)
WARNING: program timed out.
FAIL: gcc.dg/debug/20041219-1.c -gstabs+1 -O3 (test for excess errors)
WARNING: program timed out.
FAIL: gcc.dg/debug/debug-1.c -gdwarf-2 -O (test for excess errors)
FAIL: gcc.dg/setjmp-2.c (test for excess errors)
WARNING: gcc.dg/setjmp-2.c compilation failed to produce executable
FAIL: gcc.dg/short-compare-1.c (test for excess errors)
WARNING: gcc.dg/short-compare-1.c compilation failed to produce executable
FAIL: gcc.dg/short-compare-2.c (test for excess errors)
WARNING: gcc.dg/short-compare-2.c compilation failed to produce executable
XPASS: gcc.dg/vect/vect-22.c scan-tree-dump-times vectorized 3 loops 1

		=== gcc Summary ===

# of expected passes		34860
# of unexpected failures	10
# of unexpected successes	1
# of expected failures		98
# of untested testcases		28
# of unsupported tests		441
/home/builder/nightly-build/build/amd64/obj/upstream/gcc-4.0/gcc/xgcc  version 4.0.2 20050907 (prerelease)

		=== libstdc++ tests ===


Running target unix
FAIL: abi_check
XPASS: 22_locale/locale/cons/12658_thread-1.cc execution test
WARNING: program timed out.
FAIL: 22_locale/num_get/get/char/15.cc (test for excess errors)
XPASS: 26_numerics/cmath/c99_classification_macros_c.cc (test for excess errors)
XPASS: 27_io/fpos/14320-1.cc execution test

		=== libstdc++ Summary ===

# of expected passes		3655
# of unexpected failures	2
# of unexpected successes	3
# of expected failures		11

Compiler version: 4.0.2 20050907 (prerelease) 
Platform: x86_64-unknown-linux-gnu
configure flags: --prefix=/opt/toolchain/tot-20050907 --program-suffix=-4.0 --with-system-zlib --enable-nls --without-included-gettext --disable-multilib --enable-languages=c,c++
Counting all warnings,
there are 0 warnings in stage3 of this bootstrap.

Number of warnings per file:

Number of warning types:


Index Nav: [Date Index] [Subject Index] [Author Index] [Thread Index]
Message Nav: [Date Prev] [Date Next] [Thread Prev] [Thread Next]