This is the mail archive of the
gcc-testresults@gcc.gnu.org
mailing list for the GCC project.
Results for 3.4.5 20050907 (prerelease) testsuite on x86_64-unknown-linux-gnu
- From: Al Stone <ahs3 at fc dot hp dot com>
- To: gcc-testresults at gcc dot gnu dot org
- Date: Wed, 7 Sep 2005 07:14:44 -0600 (MDT)
- Subject: Results for 3.4.5 20050907 (prerelease) testsuite on x86_64-unknown-linux-gnu
LAST_UPDATED: Wed Jul 27 06:49:32 UTC 2005
Native configuration is x86_64-unknown-linux-gnu
=== g++ tests ===
Running target unix
ERROR: error writing "file9": no space left on device
FAIL: g++.dg/abi/bitfield1.C (test for excess errors)
WARNING: g++.dg/abi/bitfield1.C compilation failed to produce executable
FAIL: g++.dg/abi/bitfield10.C (test for excess errors)
FAIL: g++.dg/abi/bitfield11.C (test for excess errors)
WARNING: g++.dg/abi/bitfield11.C compilation failed to produce executable
FAIL: g++.dg/abi/bitfield12.C (test for excess errors)
FAIL: g++.dg/abi/bitfield2.C (test for excess errors)
WARNING: g++.dg/abi/bitfield2.C compilation failed to produce executable
XPASS: g++.dg/rtti/tinfo1.C scan-assembler _ZTIP9CTemplateIhE:
XPASS: g++.dg/rtti/tinfo1.C scan-assembler-not .globl[ \\t]+_ZTIP9CTemplateIhE
WARNING: g++.old-deja/g++.mike/p10769a.C compilation failed to produce executable
WARNING: g++.old-deja/g++.other/enum5.C compilation failed to produce executable
WARNING: g++.old-deja/g++.pt/friend44.C compilation failed to produce executable
=== g++ Summary ===
# of expected passes 9718
# of unexpected failures 27
# of unexpected successes 2
# of expected failures 70
# of unsupported tests 80
/home/builder/nightly-build/build/amd64/obj/upstream/gcc-3.4/gcc/testsuite/../g++ version 3.4.5 20050907 (prerelease)
=== gcc tests ===
Running target unix
WARNING: program timed out.
FAIL: gcc.c-torture/execute/va-arg-6.c compilation, -Os
UNRESOLVED: gcc.c-torture/execute/va-arg-6.c execution, -Os
ERROR: error writing "file9": no space left on device
FAIL: gcc.dg/debug/20000503-1.c -gdwarf-21 (test for excess errors)
FAIL: gcc.dg/debug/20000503-1.c -gdwarf-21 -O (test for excess errors)
FAIL: gcc.dg/debug/20000503-1.c -gdwarf-21 -O3 (test for excess errors)
FAIL: gcc.dg/debug/20000503-1.c -gdwarf-2 (test for excess errors)
FAIL: gcc.dg/debug/20000503-1.c -gdwarf-2 -O (test for excess errors)
FAIL: gcc.dg/debug/20000503-1.c -gdwarf-2 -O3 (test for excess errors)
FAIL: gcc.dg/debug/20000503-1.c -gdwarf-23 (test for excess errors)
FAIL: gcc.dg/debug/20000503-1.c -gdwarf-23 -O (test for excess errors)
FAIL: gcc.dg/debug/20000503-1.c -gdwarf-23 -O3 (test for excess errors)
FAIL: gcc.dg/debug/20000503-1.c -gstabs1 (test for excess errors)
FAIL: gcc.dg/debug/20000503-1.c -gstabs1 -O (test for excess errors)
FAIL: gcc.dg/debug/20000503-1.c -gstabs1 -O3 (test for excess errors)
FAIL: gcc.dg/debug/20000503-1.c -gstabs (test for excess errors)
FAIL: gcc.dg/debug/20000503-1.c -gstabs -O (test for excess errors)
FAIL: gcc.dg/debug/20000503-1.c -gstabs -O3 (test for excess errors)
FAIL: gcc.dg/20020103-1.c scan-assemERROR: tcl error sourcing /home/builder/nightly-build/build/src/upstream/gcc-3.4/gcc/testsuite/gcc.dg/noncompile/noncompile.exp.
ERROR: error writing "file9": no space left on device
ERROR: tcl error sourcing /home/builder/nightly-build/build/src/upstream/gcc-3.4/gcc/testsuite/gcc.dg/pch/pch.exp.
ERROR: error copying "/home/builder/nightly-build/build/src/upstream/gcc-3.4/gcc/testsuite/gcc.dg/pch/common-1.hs" to "common-1.h": no space left on device
FAIL: gcc.dg/tls/diag-1.c (test for excess errors)
FAIL: gcc.dg/tls/trivial.c (test for excess errors)
=== gcc Summary ===
# of expected passes 15038
# of unexpected failures 135
# of expected failures 14
# of unresolved testcases 30
# of unsupported tests 114
/home/builder/nightly-build/build/amd64/obj/upstream/gcc-3.4/gcc/xgcc version 3.4.5 20050907 (prerelease)
=== libstdc++ tests ===
Running target unix
FAIL: abi_check
WARNING: program timed out.
FAIL: 22_locale/codecvt/out/wchar_t/3.cc (test for excess errors)
XPASS: 22_locale/locale/cons/12658_thread.cc execution test
XPASS: 26_numerics/c99_classification_macros_c.cc (test for excess errors)
XPASS: 27_io/fpos/14320-1.cc execution test
=== libstdc++ Summary ===
# of expected passes 2735
# of unexpected failures 2
# of unexpected successes 3
# of expected failures 4
Compiler version: 3.4.5 20050907 (prerelease)
Platform: x86_64-unknown-linux-gnu
configure flags: --prefix=/opt/toolchain/tot-20050907 --program-suffix=-3.4 --enable-languages=c,c++ --with-system-zlib --enable-nls --without-included-gettext --disable-multilib
Counting all warnings,
there are 0 warnings in stage3 of this bootstrap.
Number of warnings per file:
Number of warning types: