This is the mail archive of the gcc-testresults@gcc.gnu.org mailing list for the GCC project.


Index Nav: [Date Index] [Subject Index] [Author Index] [Thread Index]
Message Nav: [Date Prev] [Date Next] [Thread Prev] [Thread Next]
Other format: [Raw text]

Results for 4.0.1 testsuite on hppa2.0w-hp-hpux11.00


LAST_UPDATED: Obtained from CVS: -rgcc_4_0_1_release

Native configuration is hppa2.0w-hp-hpux11.00

		=== g++ tests ===


Running target unix/

		=== g++ Summary for unix/ ===

# of expected passes		10627
# of expected failures		70
# of unsupported tests		128

Running target unix/-mpa-risc-2-0

		=== g++ Summary for unix/-mpa-risc-2-0 ===

# of expected passes		10627
# of expected failures		70
# of unsupported tests		128

		=== g++ Summary ===

# of expected passes		21254
# of expected failures		140
# of unsupported tests		256
/c3600-1/disk1/SCRATCH/gcc-build/HP-UX/hppa2.0w-hp-hpux11.00/gcc-4.0.1/gcc-4.0.1/gcc/testsuite/../g++
 version 4.0.1

		=== gcc tests ===


Running target unix/
XPASS: gcc.dg/const-elim-1.c scan-assembler-not L\\\\\$?C[^A-Z]
FAIL: gcc.dg/special/weak-1.c execution test
FAIL: gcc.dg/torture/pr21817-1.c  -O0  (test for excess errors)
FAIL: gcc.dg/torture/pr21817-1.c  -O1  (test for excess errors)
FAIL: gcc.dg/torture/pr21817-1.c  -O2  (test for excess errors)
FAIL: gcc.dg/torture/pr21817-1.c  -O3 -fomit-frame-pointer  (test for
excess errors)
FAIL: gcc.dg/torture/pr21817-1.c  -O3 -fomit-frame-pointer
-funroll-loops  (test for excess errors)
FAIL: gcc.dg/torture/pr21817-1.c  -O3 -fomit-frame-pointer
-funroll-all-loops -finline-functions  (test for excess errors)
FAIL: gcc.dg/torture/pr21817-1.c  -O3 -g  (test for excess errors)
FAIL: gcc.dg/torture/pr21817-1.c  -Os  (test for excess errors)

		=== gcc Summary for unix/ ===

# of expected passes		33506
# of unexpected failures	9
# of unexpected successes	1
# of expected failures		76
# of untested testcases		28
# of unsupported tests		567

Running target unix/-mpa-risc-2-0
FAIL: gcc.c-torture/execute/20010122-1.c execution,  -O0
FAIL: gcc.c-torture/execute/20010122-1.c execution,  -O1
FAIL: gcc.c-torture/execute/20010122-1.c execution,  -O2
FAIL: gcc.c-torture/execute/20010122-1.c execution,  -O3 -g
FAIL: gcc.c-torture/execute/20010122-1.c execution,  -Os
XPASS: gcc.dg/const-elim-1.c scan-assembler-not L\\\\\$?C[^A-Z]
FAIL: gcc.dg/special/weak-1.c execution test
FAIL: gcc.dg/torture/pr21817-1.c  -O0  (test for excess errors)
FAIL: gcc.dg/torture/pr21817-1.c  -O1  (test for excess errors)
FAIL: gcc.dg/torture/pr21817-1.c  -O2  (test for excess errors)
FAIL: gcc.dg/torture/pr21817-1.c  -O3 -fomit-frame-pointer  (test for
excess errors)
FAIL: gcc.dg/torture/pr21817-1.c  -O3 -fomit-frame-pointer
-funroll-loops  (test for excess errors)
FAIL: gcc.dg/torture/pr21817-1.c  -O3 -fomit-frame-pointer
-funroll-all-loops -finline-functions  (test for excess errors)
FAIL: gcc.dg/torture/pr21817-1.c  -O3 -g  (test for excess errors)
FAIL: gcc.dg/torture/pr21817-1.c  -Os  (test for excess errors)

		=== gcc Summary for unix/-mpa-risc-2-0 ===

# of expected passes		33501
# of unexpected failures	14
# of unexpected successes	1
# of expected failures		76
# of untested testcases		28
# of unsupported tests		567

		=== gcc Summary ===

# of expected passes		67007
# of unexpected failures	23
# of unexpected successes	2
# of expected failures		152
# of untested testcases		56
# of unsupported tests		1134
/c3600-1/disk1/SCRATCH/gcc-build/HP-UX/hppa2.0w-hp-hpux11.00/gcc-4.0.1/gcc-4.0.1/gcc/xgcc
 version 4.0.1

		=== gfortran tests ===


Running target unix/
FAIL: gfortran.dg/dev_null.f90  -O0  execution test
FAIL: gfortran.dg/dev_null.f90  -O1  execution test
FAIL: gfortran.dg/dev_null.f90  -O2  execution test
FAIL: gfortran.dg/dev_null.f90  -O3 -fomit-frame-pointer  execution test
FAIL: gfortran.dg/dev_null.f90  -O3 -fomit-frame-pointer -funroll-loops
 execution test
FAIL: gfortran.dg/dev_null.f90  -O3 -fomit-frame-pointer
-funroll-all-loops -finline-functions  execution test
FAIL: gfortran.dg/dev_null.f90  -O3 -g  execution test
FAIL: gfortran.dg/dev_null.f90  -Os  execution test
FAIL: gfortran.dg/eoshift.f90  -O0  execution test

		=== gfortran Summary for unix/ ===

# of expected passes		6894
# of unexpected failures	9
# of expected failures		10
# of unsupported tests		17

Running target unix/-mpa-risc-2-0
FAIL: gfortran.dg/dev_null.f90  -O0  execution test
FAIL: gfortran.dg/dev_null.f90  -O1  execution test
FAIL: gfortran.dg/dev_null.f90  -O2  execution test
FAIL: gfortran.dg/dev_null.f90  -O3 -fomit-frame-pointer  execution test
FAIL: gfortran.dg/dev_null.f90  -O3 -fomit-frame-pointer -funroll-loops
 execution test
FAIL: gfortran.dg/dev_null.f90  -O3 -fomit-frame-pointer
-funroll-all-loops -finline-functions  execution test
FAIL: gfortran.dg/dev_null.f90  -O3 -g  execution test
FAIL: gfortran.dg/dev_null.f90  -Os  execution test
FAIL: gfortran.dg/eoshift.f90  -O0  execution test

		=== gfortran Summary for unix/-mpa-risc-2-0 ===

# of expected passes		6894
# of unexpected failures	9
# of expected failures		10
# of unsupported tests		17

		=== gfortran Summary ===

# of expected passes		13788
# of unexpected failures	18
# of expected failures		20
# of unsupported tests		34
/c3600-1/disk1/SCRATCH/gcc-build/HP-UX/hppa2.0w-hp-hpux11.00/gcc-4.0.1/gcc-4.0.1/gcc/testsuite/../gfortran
 version 4.0.1

		=== objc tests ===


Running target unix/

		=== objc Summary for unix/ ===

# of expected passes		1532
# of unsupported tests		11

Running target unix/-mpa-risc-2-0

		=== objc Summary for unix/-mpa-risc-2-0 ===

# of expected passes		1532
# of unsupported tests		11

		=== objc Summary ===

# of expected passes		3064
# of unsupported tests		22
/c3600-1/disk1/SCRATCH/gcc-build/HP-UX/hppa2.0w-hp-hpux11.00/gcc-4.0.1/gcc-4.0.1/gcc/xgcc
 version 4.0.1

		=== libstdc++ tests ===


Running target unix/

		=== libstdc++ Summary for unix/ ===

# of expected passes		2539
# of expected failures		11

Running target unix/-mpa-risc-2-0
FAIL: 26_numerics/cmath/c99_classification_macros_c.cc (test for excess
errors)

		=== libstdc++ Summary for unix/-mpa-risc-2-0 ===

# of expected passes		2538
# of unexpected failures	1
# of expected failures		11

		=== libstdc++ Summary ===

# of expected passes		5077
# of unexpected failures	1
# of expected failures		22

Compiler version: 4.0.1
Platform: hppa2.0w-hp-hpux11.00
configure flags:
--prefix=/SCRATCH/gcc-build/HP-UX/hppa2.0w-hp-hpux11.00/install
--with-gnu-as
--with-as=/SCRATCH/gcc-build/HP-UX/hppa2.0w-hp-hpux11.00/install/bin/as
--with-ld=/usr/ccs/bin/ld --enable-threads=single --disable-shared
--disable-nls --with-gmp=/appl/shared/gnu/HP-UX/hppa2.0w-hp-hpux11.00
--with-mpfr=/appl/shared/gnu/HP-UX/hppa2.0w-hp-hpux11.00
--enable-languages=c,c++,f95,java,objc

binutils:
binutils-2.16.1


Build system:
HP-UX c3600-1 B.11.00 A 9000/785 unknown unknown HP-UX

cc for building:
gcc -mpa-risc-2-0
gcc (GCC) 4.0.1
Copyright (C) 2005 Free Software Foundation, Inc.
This is free software; see the source for copying conditions.  There is NO
warranty; not even for MERCHANTABILITY or FITNESS FOR A PARTICULAR PURPOSE.


as for building:
GNU assembler 2.16.1
Copyright 2005 Free Software Foundation, Inc.
This program is free software; you may redistribute it under the terms of
the GNU General Public License.  This program has absolutely no warranty.
This assembler was configured for a target of \`hppa2.0w-hp-hpux11.00'.

ld for building:
92453-07 linker command s800.sgs ld PA64 B.11.43 REL 050124
/usr/ccs/bin/ld: Usage:  /usr/ccs/bin/ld [options] [flags] files
/usr/ccs/bin/ld: 92453-07 linker linker ld B.11.43 050125


Index Nav: [Date Index] [Subject Index] [Author Index] [Thread Index]
Message Nav: [Date Prev] [Date Next] [Thread Prev] [Thread Next]