This is the mail archive of the gcc-testresults@gcc.gnu.org mailing list for the GCC project.


Index Nav: [Date Index] [Subject Index] [Author Index] [Thread Index]
Message Nav: [Date Prev] [Date Next] [Thread Prev] [Thread Next]
Other format: [Raw text]

Results for 4.0.2 20050821 (prerelease) (Debian 4.0.1-6) testsuite on alpha-unknown-linux-gnu


LAST_UPDATED: Sun Aug 21 19:42:40 UTC 2005

Native configuration is alpha-unknown-linux-gnu

		=== libffi tests ===


Running target unix

		=== libffi Summary ===

# of expected passes		219
# of unsupported tests		2
		=== libjava tests ===


Running target unix
FAIL: Throw_2 -O3 execution - bytecode->native test

		=== libjava Summary ===

# of expected passes		3800
# of unexpected failures	1
# of expected failures		14
# of untested testcases		17
		=== libmudflap tests ===


Running target unix
FAIL: libmudflap.c/pass49-frag.c execution test
FAIL: libmudflap.c/pass49-frag.c output pattern test
FAIL: libmudflap.c/pass49-frag.c (-static) execution test
FAIL: libmudflap.c/pass49-frag.c (-static) output pattern test
FAIL: libmudflap.c/pass49-frag.c (-O2) execution test
FAIL: libmudflap.c/pass49-frag.c (-O2) output pattern test
FAIL: libmudflap.c/pass49-frag.c (-O3) execution test
FAIL: libmudflap.c/pass49-frag.c (-O3) output pattern test

		=== libmudflap Summary ===

# of expected passes		1280
# of unexpected failures	8
		=== libstdc++ tests ===


Running target unix
XPASS: 22_locale/locale/cons/12658_thread-1.cc execution test
XPASS: 27_io/fpos/14320-1.cc execution test

		=== libstdc++ Summary ===

# of expected passes		3644
# of unexpected successes	2
# of expected failures		12
		=== g++ tests ===


Running target unix
XPASS: g++.old-deja/g++.other/init5.C execution test

		=== g++ Summary ===

# of expected passes		10972
# of unexpected successes	1
# of expected failures		69
# of unsupported tests		92
/build/buildd/gcc-4.0-4.0.1/build/gcc/testsuite/../g++  version 4.0.2 20050821 (prerelease) (Debian 4.0.1-6)

		=== gcc tests ===


Running target unix
FAIL: gcc.dg/vect/pr18536.c (test for excess errors)
WARNING: gcc.dg/vect/pr18536.c compilation failed to produce executable
XPASS: gcc.dg/vect/vect-85.c scan-tree-dump-times vectorized 1 loops 1
XPASS: gcc.dg/vect/vect-86.c scan-tree-dump-times vectorized 1 loops 1
XPASS: gcc.dg/vect/vect-87.c scan-tree-dump-times vectorized 1 loops 1
XPASS: gcc.dg/vect/vect-87.c scan-tree-dump-times Alignment of access forced using peeling 1
XPASS: gcc.dg/vect/vect-88.c scan-tree-dump-times vectorized 1 loops 1
XPASS: gcc.dg/vect/vect-88.c scan-tree-dump-times Alignment of access forced using peeling 1

		=== gcc Summary ===

# of expected passes		34437
# of unexpected failures	1
# of unexpected successes	6
# of expected failures		88
# of untested testcases		28
# of unsupported tests		533
/build/buildd/gcc-4.0-4.0.1/build/gcc/xgcc  version 4.0.2 20050821 (prerelease) (Debian 4.0.1-6)

		=== gfortran tests ===


Running target unix
FAIL: gfortran.fortran-torture/execute/strarray_3.f90 execution,  -O2 
FAIL: gfortran.fortran-torture/execute/strarray_3.f90 execution,  -O3 -fomit-frame-pointer 
FAIL: gfortran.fortran-torture/execute/strarray_3.f90 execution,  -O3 -fomit-frame-pointer -funroll-loops 
FAIL: gfortran.fortran-torture/execute/strarray_3.f90 execution,  -O3 -fomit-frame-pointer -funroll-all-loops -finline-functions 
FAIL: gfortran.fortran-torture/execute/strarray_3.f90 execution,  -O3 -g 

		=== gfortran Summary ===

# of expected passes		7944
# of unexpected failures	5
# of expected failures		2
# of unsupported tests		17
/build/buildd/gcc-4.0-4.0.1/build/gcc/testsuite/../gfortran  version 4.0.2 20050821 (prerelease) (Debian 4.0.1-6)

		=== objc tests ===


Running target unix

		=== objc Summary ===

# of expected passes		1532
# of unsupported tests		11
/build/buildd/gcc-4.0-4.0.1/build/gcc/xgcc  version 4.0.2 20050821 (prerelease) (Debian 4.0.1-6)


Compiler version: 4.0.2 20050821 (prerelease) (Debian 4.0.1-6) 
Platform: alpha-unknown-linux-gnu
configure flags: -v --prefix=/usr --enable-shared --with-system-zlib --libexecdir=/usr/lib --enable-nls --without-included-gettext --enable-threads=posix --program-suffix=-4.0 --enable-__cxa_atexit --enable-libstdcxx-allocator=mt --enable-clocale=gnu --enable-libstdcxx-debug --enable-java-gc=boehm --enable-java-awt=gtk --enable-gtk-cairo --with-java-home=/usr/lib/jvm/java-1.4.2-gcj-4.0-1.4.2.0/jre --enable-mpfr --disable-werror --enable-checking=release alpha-linux-gnu --enable-languages=c,c++,f95,java,objc,treelang
BOOT_CFLAGS=-O2


Build Dependencies:
Desired=Unknown/Install/Remove/Purge/Hold
| Status=Not/Installed/Config-files/Unpacked/Failed-config/Half-installed
|/ Err?=(none)/Hold/Reinst-required/X=both-problems (Status,Err: uppercase=bad)
||/ Name           Version        Description
+++-==============-==============-==============================================
ii  binutils       2.16.1-2       The GNU assembler, linker and binary utilities


Patches that Debian applied in this version:

cvs-updates:
  CVS updates from the 4.0 branch upto 20050821.

gcc-version:
  Add package identification to the gcc version string

gcc-textdomain:
  Set gettext's domain and textdomain to the versioned package name.

rename-info-files:
  Allow transformations on info file names. Reference the
  transformed info file names in the texinfo files.

libstdc++-pic:
  Build and install libstdc++_pic.a library.

libstdc++-doclink:
  adjust hrefs to point to the local documentation

amd64-specs:
  On x86-64 use 64bits mode assembly except with -m32.

gccbug:
  Use sensible-editor instead of vi as fallback editor

gccbug-posix:
  Make gccbug POSIX compliant (patch by David Weinehall)
  http://www.opengroup.org/onlinepubs/009695399/utilities/test.html

boehm-gc-nocheck:
  Disable running the boehm-gc testsuite. Hangs the buildd at least on hppa.

acats-expect:
  Run the ACATS testsuite using expect

fastjar-version:
  Append GCC version to the fastjar version string.

libstdc++-doxygen:
  libstdc++ doxygen docs: Set SHORT_NAMES to YES

pr21540:
  Fix PR java/21540.

pr19877:
  Proposed patch to fix PR19877 (libgcj configury)

classpath-20050618:
  - update classpath awt, swing and xml parser for HTML support in swing.
  taken from classpath CVS HEAD 2005-06-18.
  - updates for gnu.xml and javax.swing.text.html.

classmap-path:
  Search classmap.db in /var/lib/gcj-4.0 (omitting the subminor version).

gcc-m68k-update:
  2005-07-24  Andreas Schwab  <schwab@suse.de>
  
  	* config/m68k/m68k.md ("extendqidi2"): When source is an address
  	register use a word move.  Correct operand of ext.w in 68000 code.

libjava-awt-name:
  2005-05-12  Thomas Fitzsimmons  <fitzsim@redhat.com>
  
  	* Makefile.am (cond_gtk_gcjawt_ltlibrary): Rename libjawt.la
  	libgcjawt.la.

libjava-awt-peer-gtk:
  Fix a segfault on architectures where the size of a pointer is
  greater than the size of an integer, such as ia64.

libjava-dlsearch-path:
  Add /usr/lib/gcj-4.0 to the dlsearch path.

deb-protoize:
  build protoize/unprotoize binaries

link-libs:

reporting:
  Add Debian URL for bug reporting isntructions.

Counting all warnings,
there are 101 warnings in stage3 of this bootstrap.

Number of warnings per file:
     33 ./auto-host.h
     11 treelang/lex.c
     11 gengtype-lex.c
     11 gcc/tsystem.h
     11 gcc/defaults.h
     11 gcc/config/alpha/alpha.h
      3 SYSCALLS.c
      2 gcc/objc/lang-specs.h
      2 gcc/gcc.c
      1 insn-conditions.c
      1 gcc/treelang/parse.y
      1 gcc/protoize.c
      1 gcc/java/jvspec.c
      1 gcc/java/jcf-write.c
      1 ./configargs.h

Number of warning types:
     33 this is the location of the previous definition
     22 no previous prototype for `???'
     11 `HAVE_DECL_GETOPT' redefined
     11 `HAVE_AS_TLS' redefined
     11 `DEFAULT_USE_CXA_ATEXIT' redefined
      7 string length `???' is greater than the length `???' ISO C89 compilers are required to support
      3 conflicting types for built-in function `???'
      1 unused variable `???'
      1 control may reach end of non-void function `???' being inlined
      1 argument `???' might be clobbered by `???' or `???'


Index Nav: [Date Index] [Subject Index] [Author Index] [Thread Index]
Message Nav: [Date Prev] [Date Next] [Thread Prev] [Thread Next]