This is the mail archive of the gcc-testresults@gcc.gnu.org mailing list for the GCC project.


Index Nav: [Date Index] [Subject Index] [Author Index] [Thread Index]
Message Nav: [Date Prev] [Date Next] [Thread Prev] [Thread Next]
Other format: [Raw text]

Results for 3.3.6 (Debian 1:3.3.6-9) testsuite on m68k-unknown-linux-gnu


LAST_UPDATED: 
Native configuration is m68k-unknown-linux-gnu

		=== g++ tests ===


Running target unix
FAIL: g++.dg/abi/bitfield4.C execution test
FAIL: g++.dg/abi/empty6.C  (test for warnings, line 6)
FAIL: g++.eh/spec3.C  Execution test
FAIL: g++.eh/spec4.C  Execution test
XPASS: g++.other/init5.C  Execution test

		=== g++ Summary ===

# of expected passes		8185
# of unexpected failures	4
# of unexpected successes	1
# of expected failures		97
# of untested testcases		23
# of unsupported tests		30
/build/buildd/gcc-3.3-3.3.6/build/gcc/testsuite/../g++ version 3.3.6 (Debian 1:3.3.6-9)

		=== gcc tests ===


Running target unix
WARNING: program timed out.
FAIL: gcc.c-torture/compile/20001226-1.c,  -O1  
WARNING: program timed out.
FAIL: gcc.c-torture/compile/20001226-1.c,  -O2  
WARNING: program timed out.
FAIL: gcc.c-torture/compile/20001226-1.c,  -O3 -fomit-frame-pointer  
WARNING: program timed out.
FAIL: gcc.c-torture/compile/20001226-1.c,  -O3 -g  
WARNING: program timed out.
FAIL: gcc.c-torture/compile/20001226-1.c,  -Os  
FAIL: gcc.c-torture/execute/20020418-1.c execution,  -O2 
FAIL: gcc.c-torture/execute/20020418-1.c execution,  -Os 
FAIL: gcc.c-torture/execute/loop-2f.c execution,  -O0 
FAIL: gcc.c-torture/execute/loop-2f.c execution,  -O1 
FAIL: gcc.c-torture/execute/loop-2f.c execution,  -O2 
FAIL: gcc.c-torture/execute/loop-2f.c execution,  -O3 -fomit-frame-pointer 
FAIL: gcc.c-torture/execute/loop-2f.c execution,  -O3 -fomit-frame-pointer -funroll-loops 
FAIL: gcc.c-torture/execute/loop-2f.c execution,  -O3 -fomit-frame-pointer -funroll-all-loops -finline-functions 
FAIL: gcc.c-torture/execute/loop-2f.c execution,  -O3 -g 
FAIL: gcc.c-torture/execute/loop-2f.c execution,  -Os 
FAIL: gcc.c-torture/execute/loop-2g.c execution,  -O0 
FAIL: gcc.c-torture/execute/loop-2g.c execution,  -O1 
FAIL: gcc.c-torture/execute/loop-2g.c execution,  -O2 
FAIL: gcc.c-torture/execute/loop-2g.c execution,  -O3 -fomit-frame-pointer 
FAIL: gcc.c-torture/execute/loop-2g.c execution,  -O3 -fomit-frame-pointer -funroll-loops 
FAIL: gcc.c-torture/execute/loop-2g.c execution,  -O3 -fomit-frame-pointer -funroll-all-loops -finline-functions 
FAIL: gcc.c-torture/execute/loop-2g.c execution,  -O3 -g 
FAIL: gcc.c-torture/execute/loop-2g.c execution,  -Os 
FAIL: gcc.c-torture/execute/string-opt-10.c execution,  -O0 
FAIL: gcc.c-torture/execute/string-opt-10.c execution,  -O1 
FAIL: gcc.c-torture/execute/string-opt-10.c execution,  -O2 
FAIL: gcc.c-torture/execute/string-opt-10.c execution,  -O3 -fomit-frame-pointer 
FAIL: gcc.c-torture/execute/string-opt-10.c execution,  -O3 -g 
FAIL: gcc.c-torture/execute/string-opt-10.c execution,  -Os 
FAIL: gcc.c-torture/execute/string-opt-17.c execution,  -O1 
FAIL: gcc.c-torture/execute/string-opt-17.c execution,  -O2 
FAIL: gcc.c-torture/execute/string-opt-17.c execution,  -O3 -fomit-frame-pointer 
FAIL: gcc.c-torture/execute/string-opt-17.c execution,  -O3 -g 
FAIL: gcc.c-torture/execute/string-opt-17.c execution,  -Os 
FAIL: gcc.c-torture/execute/string-opt-9.c execution,  -O0 
FAIL: gcc.c-torture/execute/string-opt-9.c execution,  -O1 
FAIL: gcc.c-torture/execute/string-opt-9.c execution,  -O2 
FAIL: gcc.c-torture/execute/string-opt-9.c execution,  -O3 -fomit-frame-pointer 
FAIL: gcc.c-torture/execute/string-opt-9.c execution,  -O3 -g 
FAIL: gcc.c-torture/execute/string-opt-9.c execution,  -Os 
FAIL: gcc.dg/20020312-2.c (test for excess errors)
WARNING: gcc.dg/20020312-2.c compilation failed to produce executable
FAIL: gcc.dg/bitfld-3.c execution test
FAIL: gcc.dg/bitfld-4.c execution test
XPASS: gcc.dg/c99-flex-array-4.c sizeof != offsetof (test for bogus messages, line 24)
FAIL: gcc.dg/duff-2.c (test for excess errors)
FAIL: gcc.dg/pack-test-1.c (test for excess errors)
FAIL: gcc.dg/uninit-A.c uninitialized variable warning (test for bogus messages, line 52)
FAIL: gcc.dg/uninit-A.c uninitialized variable warning (test for bogus messages, line 53)
FAIL: gcc.dg/weak/typeof-2.c scan-assembler baz3.*baz3.*baz3.*baz3.*baz3.*baz3

		=== gcc Summary ===

# of expected passes		21150
# of unexpected failures	48
# of unexpected successes	1
# of expected failures		68
# of unsupported tests		200
/build/buildd/gcc-3.3-3.3.6/build/gcc/xgcc version 3.3.6 (Debian 1:3.3.6-9)

		=== libstdc++-v3 tests ===


Running target unix
XPASS: 22_locale/collate_byname.cc execution test
XPASS: 22_locale/collate_members_char.cc execution test
XPASS: 22_locale/collate_members_wchar_t.cc execution test
XPASS: 22_locale/ctype_is_char.cc execution test
XPASS: 22_locale/ctype_is_wchar_t.cc execution test
XPASS: 22_locale/members.cc execution test
XPASS: 22_locale/messages_byname.cc execution test
XPASS: 22_locale/messages_members_char.cc execution test
XPASS: 22_locale/money_get_members_char.cc execution test
XPASS: 22_locale/money_get_members_wchar_t.cc execution test
XPASS: 22_locale/money_put_members_char.cc execution test
XPASS: 22_locale/money_put_members_wchar_t.cc execution test
XPASS: 22_locale/moneypunct_byname.cc execution test
XPASS: 22_locale/moneypunct_members_char.cc execution test
XPASS: 22_locale/moneypunct_members_wchar_t.cc execution test
XPASS: 22_locale/num_get_members_char.cc execution test
XPASS: 22_locale/num_get_members_wchar_t.cc execution test
XPASS: 22_locale/num_put_members_char.cc execution test
XPASS: 22_locale/num_put_members_wchar_t.cc execution test
XPASS: 22_locale/numpunct_byname.cc execution test
XPASS: 22_locale/numpunct_members_char.cc execution test
XPASS: 22_locale/numpunct_members_wchar_t.cc execution test
XPASS: 22_locale/time_get_members_char.cc execution test
XPASS: 22_locale/time_get_members_wchar_t.cc execution test
XPASS: 22_locale/time_put_members_char.cc execution test
XPASS: 22_locale/time_put_members_wchar_t.cc execution test
WARNING: program timed out.
FAIL: 27_io/filebuf_members.cc execution test
FAIL: 27_io/ios_base_storage.cc execution test
WARNING: program timed out.
FAIL: thread/pthread2.cc execution test
WARNING: program timed out.
FAIL: thread/pthread5.cc execution test
WARNING: program timed out.
FAIL: thread/pthread6.cc execution test

		=== libstdc++-v3 Summary ===

# of expected passes		448
# of unexpected failures	5
# of unexpected successes	26
# of expected failures		2

Compiler version: 3.3.6 (Debian 1:3.3.6-9) 
Platform: m68k-unknown-linux-gnu
configure flags: --host=m68k-linux-gnu -v --enable-languages=c,c++ --prefix=/usr --mandir=/usr/share/man --infodir=/usr/share/info --with-gxx-include-dir=/usr/include/c++/3.3 --enable-shared --enable-__cxa_atexit --with-system-zlib --enable-nls --without-included-gettext --enable-sjlj-exceptions --enable-clocale=gnu --enable-debug
BOOT_CFLAGS=-g -O2 


Build Dependencies:
Desired=Unknown/Install/Remove/Purge/Hold
| Status=Not/Installed/Config-files/Unpacked/Failed-config/Half-installed
|/ Err?=(none)/Hold/Reinst-required/X=both-problems (Status,Err: uppercase=bad)
||/ Name           Version        Description
+++-==============-==============-==============================================
ii  binutils       2.16.1-2       The GNU assembler, linker and binary utilities
ii  libc6-dev      2.3.5-3        GNU C Library: Development Libraries and Heade


Patches that Debian applied in this version:

pr14925:
  Backport of PR14925 to the gcc-3.3 branch

pr17684:
  Backport of PR17684 to the gcc-3.3 branch

pr18153:
  Backport of PR18153 to the gcc-3.3 branch

pr18380:
  Backport of PR18380 to the gcc-3.3 branch

pr18508:
  Backport of PR18508 to the gcc-3.3 branch

pr10692:
  2005-01-05  Richard Henderson  <rth@redhat.com>
  
  PR rtl-opt/10692
  * reload1.c (do_input_reload): Restrict the optimization deleteing
  a previous output reload to RELOAD_FOR_INPUT.

pr23241:
  Fix PR rtl-optimization/23241

gcc-version:
  Add "(Debian <package version>)" to the gcc version string

rename-info-files:
  Allow transformations on info file names. Reference the
  transformed info file names in the texinfo files.

libf2c-update:
  libf2c update taken from the 3.4.1 release.

libobjc-update:
  libobjc update taken from the 3.4.1 release.

libstdc++-pic:
  Build and install libstdc++_pic.a library.

libstdc++-doclink:
  link local libstdc++ documentation to local source-level documentation 

gccbug:
  Use sensible-editor instead of vi as fallback editor

gccbug-posix:
  Make gccbug POSIX compliant (patch by David Weinehall)
  http://www.opengroup.org/onlinepubs/009695399/utilities/test.html

hppa-libffi:
  libffi support for hppa

hppa-libjava:
  Enable libjava support for hppa

libffi-config:
  ffi.h.in: correctly #define ffi_type_[us]long on 32bit archs

i386-mtune:
  2004-07-08  Paolo Bonzini  <bonzini@gnu.org>
  Jakub Jelinek  <jakub@redhat.com>
  
  	* config/i386/i386.c (override_options): Enable
  	SSE prefetches with -mtune, as long as we are
  	compiling for i686 or higher.  All i686 processors
  	accept SSE prefetches as NOPS, some i586's don't.

link-libs:

gcc-doc-locale:
  gcc/doc/invoke.texi: Fix locale name.

gcc-mips-update:
  http://gcc.gnu.org/ml/gcc-patches/2004-06/msg01187.html
  Backport from 3.4: Don't use empic relocs for mips-linux eh

libtool-rpath:
  2003-03-10  Andreas Schwab  <schwab at suse dot de>
  With the introduction of multi-os-directory the libdir specification in
  *.la files have /. appended to \$(libdir).  This confuses libtool when it
  tries to find out whether to add -rpath, because it only matches literally
  against sys_lib_dlsearch_path members.  Tested on i386-linux.

m68k-subreg:
  2003-04-07  Roman Zippel  <zippel@linux-m68k.org>
  
  * gcc/final.c (alter_subreg): Adjust stack offset for a paradoxical
  	SUBREG, when it's pushed on the stack.

m68k-update2:
  #177840 / PR9812
  
  2003-06-27  James E Wilson  <wilson@tuliptree.org>
  
  	* rtl.h (mem_for_const_double): Delete prototype.
  	* varasm.c (mem_for_const_double): Delete function.
  	* config/m68k/hp320.h, config/m68k/linux.h, config/m68k/m68kelf.h,
  	config/m68k/m68kv4.h, config/m68k/netbsd-elf.h
  	(LEGITIMATE_PIC_OPERAND_P): Delete duplicate definitions.
  	* config/m68k/m68k.h (LEGITIMATE_CONSTANT_P): Disallow XFmode.
  	(LEGITIMATE_PIC_OPERAND_P): Delete CONST_DOUBLE tests.
  	* config/m68k/m68k.md (movxf): Add reload_in_progress guard.  Add
  	comment about confused support for XFmode constants.

m68k-update3:
  Add two m68k specfic patches backported from 4.0 concerning wrong code
  generation (Richard Zidlicky).

reporting:
  Add Debian URL for bug reporting isntructions.

configure-deplibs_check_method:
  In all configure scripts for libraries, use
  deplibs_check_method=pass_all unconditionally for all linux architectures.

Counting all warnings,
there are 43 warnings in stage3 of this bootstrap.

Number of warnings per file:
      6 gcc/config/m68k/m68k.md
      5 c-p15339.c
      3 gcc/unwind-sjlj.c
      3 gcc/tlink.c
      3 gcc/reload1.c
      3 gcc/libgcc2.c
      3 gcc/gcc.c
      3 gcc/config/m68k/m68k.c
      2 gengtype-yacc.c
      2 gcc/crtstuff.c
      1 gcc/reload.c
      1 gcc/regmove.c
      1 gcc/ra-rewrite.c
      1 gcc/ra-colorize.c
      1 gcc/function.c
      1 gcc/expmed.c
      1 gcc/emit-rtl.c
      1 gcc/diagnostic.c
      1 gcc/combine.c
      1 gcc/collect2.c

Number of warning types:
      8 comparison between signed and unsigned
      7 traditional C rejects ISO C style function definitions
      6 `???' might be used uninitialized in this function
      4 source missing a mode?
      4 comparison of unsigned expression < 0 is always false
      2 unused parameter `???'
      2 string length `???' is greater than the length `???' ISO C89 compilers are required to support
      2 passing arg ??? of `???' discards qualifiers from pointer target type
      2 operand 1 missing mode?
      1 traditional C rejects string concatenation
      1 too many arguments for format
      1 signed and unsigned type in conditional expression
      1 return makes integer from pointer without a cast
      1 function declaration isn't a prototype
      1 `???' defined but not used


Index Nav: [Date Index] [Subject Index] [Author Index] [Thread Index]
Message Nav: [Date Prev] [Date Next] [Thread Prev] [Thread Next]