This is the mail archive of the gcc-testresults@gcc.gnu.org mailing list for the GCC project.


Index Nav: [Date Index] [Subject Index] [Author Index] [Thread Index]
Message Nav: [Date Prev] [Date Next] [Thread Prev] [Thread Next]
Other format: [Raw text]

Results for 4.1.0 20050905 (experimental) testsuite on i686-sles9-linux-gnu


Compiler version: 4.1.0 20050905 (experimental) 
Platform:	  i686-sles9-linux-gnu

Sources:	  HEAD as of 2005/09/05 13:46:37 +0200
LAST_UPDATED:	  Mon Sep  5 11:46:37 UTC 2005
Patches:	  None.

Environment:	  - SUSE LINUX Enterprise Server 9 + recommended updates as of today
		  - Linux version 2.6.5-7.201-smp (geeko@buildhost) (gcc version 3.3.3 (SuSE Linux)) #1 SMP Thu Aug 25 06:20:45 UTC 2005
		  - binutils-2.16.1 (FSF release)
		  - dejagnu-1.4.3-330.1 (SLES 9)
		  - expect-5.40-27.1 (SLES 9)
		  - glibc-2.3.3-98.47 (SLES 9)

Remarks:	  None.


configure flags:  --host=i686-sles9-linux-gnu --target=i686-sles9-linux-gnu --build=i686-sles9-linux-gnu --srcdir=../gcc-20050905 --prefix=/opt/gnu --with-gnu-as --with-gnu-ld --enable-__cxa_atexit --enable-checking=release --enable-clocale=gnu --enable-interpreter --enable-shared --enable-threads=posix --with-system-zlib --with-local-prefix=/opt/gnu --with-cpu=pentium4 --enable-nls --verbose --enable-languages=c,ada,c++,f95,java,objc
BOOT_CC:	  gcc version 4.1.0 20050820 (experimental)
BOOT_CFLAGS:      -O2 -march=i686 -mtune=pentium4 -fomit-frame-pointer
CFLAGS:           -O2 -march=i686 -mtune=pentium4 -fomit-frame-pointer
CXXFLAGS:         -O2 -march=i686 -mtune=pentium4 -fomit-frame-pointer -g
GCJFLAGS:         -O2 -march=i686 -mtune=pentium4 -fomit-frame-pointer -g


Native configuration is i686-sles9-linux-gnu

		=== acats tests ===

FAIL:	c32001e
FAIL:	c34007p
FAIL:	c34007r
FAIL:	c45282b
FAIL:	c45651a
FAIL:	c52104f
FAIL:	c52104h
FAIL:	c64103c
FAIL:	c64105b
FAIL:	c95086b
FAIL:	c954026
FAIL:	ca11c01
FAIL:	cd10002
FAIL:	cdd2a02
FAIL:	cxaa017

		=== acats Summary ===

# of expected passes		2304
# of unexpected failures	15

		=== g++ tests ===

Running target unix
XPASS: g++.old-deja/g++.other/init5.C execution test

		=== g++ Summary ===

# of expected passes		11350
# of unexpected successes	1
# of expected failures		66
# of unsupported tests		62
/home/gnu/work/GNU/gcc-20050905-i686-sles9-linux-gnu/gcc/testsuite/../g++  version 4.1.0 20050905 (experimental)

		=== gcc tests ===

Running target unix

		=== gcc Summary ===

# of expected passes		37294
# of expected failures		100
# of untested testcases		28
# of unsupported tests		343
/home/gnu/work/GNU/gcc-20050905-i686-sles9-linux-gnu/gcc/xgcc  version 4.1.0 20050905 (experimental)

		=== gfortran tests ===

Running target unix
FAIL: gfortran.fortran-torture/execute/elemental.f90 execution,  -O3 -fomit-frame-pointer -funroll-loops 
FAIL: gfortran.fortran-torture/execute/elemental.f90 execution,  -O3 -fomit-frame-pointer -funroll-all-loops -finline-functions 

		=== gfortran Summary ===

# of expected passes		8525
# of unexpected failures	2
# of expected failures		5
# of unsupported tests		8
/home/gnu/work/GNU/gcc-20050905-i686-sles9-linux-gnu/gcc/testsuite/../gfortran  version 4.1.0 20050905 (experimental)

		=== objc tests ===

Running target unix

		=== objc Summary ===

# of expected passes		1670
# of unsupported tests		22
/home/gnu/work/GNU/gcc-20050905-i686-sles9-linux-gnu/gcc/xgcc  version 4.1.0 20050905 (experimental)

		=== libffi tests ===

Running target unix

		=== libffi Summary ===

# of expected passes		228
# of unsupported tests		2

		=== libjava tests ===

Running target unix
FAIL: Divide_1 execution - source compiled test
FAIL: Divide_1 execution - bytecode->native test

		=== libjava Summary ===

# of expected passes		3949
# of unexpected failures	2
# of expected failures		10
# of untested testcases		10

		=== libmudflap tests ===

Running target unix
FAIL: libmudflap.cth/pass37-frag.c (-static -DSTATIC) execution test
FAIL: libmudflap.cth/pass37-frag.c (-static -DSTATIC) output pattern test
FAIL: libmudflap.cth/pass37-frag.c (-static -DSTATIC) (rerun 1) execution test
FAIL: libmudflap.cth/pass37-frag.c (-static -DSTATIC) (rerun 1) output pattern test
FAIL: libmudflap.cth/pass37-frag.c (-static -DSTATIC) (rerun 2) execution test
FAIL: libmudflap.cth/pass37-frag.c (-static -DSTATIC) (rerun 2) output pattern test
FAIL: libmudflap.cth/pass37-frag.c (-static -DSTATIC) (rerun 3) execution test
FAIL: libmudflap.cth/pass37-frag.c (-static -DSTATIC) (rerun 3) output pattern test
FAIL: libmudflap.cth/pass37-frag.c (-static -DSTATIC) (rerun 4) execution test
FAIL: libmudflap.cth/pass37-frag.c (-static -DSTATIC) (rerun 4) output pattern test
FAIL: libmudflap.cth/pass37-frag.c (-static -DSTATIC) (rerun 5) execution test
FAIL: libmudflap.cth/pass37-frag.c (-static -DSTATIC) (rerun 5) output pattern test
FAIL: libmudflap.cth/pass37-frag.c (-static -DSTATIC) (rerun 6) execution test
FAIL: libmudflap.cth/pass37-frag.c (-static -DSTATIC) (rerun 6) output pattern test
FAIL: libmudflap.cth/pass37-frag.c (-static -DSTATIC) (rerun 7) execution test
FAIL: libmudflap.cth/pass37-frag.c (-static -DSTATIC) (rerun 7) output pattern test
FAIL: libmudflap.cth/pass37-frag.c (-static -DSTATIC) (rerun 8) execution test
FAIL: libmudflap.cth/pass37-frag.c (-static -DSTATIC) (rerun 8) output pattern test
FAIL: libmudflap.cth/pass37-frag.c (-static -DSTATIC) (rerun 9) execution test
FAIL: libmudflap.cth/pass37-frag.c (-static -DSTATIC) (rerun 9) output pattern test
FAIL: libmudflap.cth/pass37-frag.c (-static -DSTATIC) (rerun 10) execution test
FAIL: libmudflap.cth/pass37-frag.c (-static -DSTATIC) (rerun 10) output pattern test
FAIL: libmudflap.cth/pass37-frag.c (-static -DSTATIC) (rerun 11) execution test
FAIL: libmudflap.cth/pass37-frag.c (-static -DSTATIC) (rerun 11) output pattern test
FAIL: libmudflap.cth/pass37-frag.c (-static -DSTATIC) (rerun 12) execution test
FAIL: libmudflap.cth/pass37-frag.c (-static -DSTATIC) (rerun 12) output pattern test
FAIL: libmudflap.cth/pass37-frag.c (-static -DSTATIC) (rerun 13) execution test
FAIL: libmudflap.cth/pass37-frag.c (-static -DSTATIC) (rerun 13) output pattern test
FAIL: libmudflap.cth/pass37-frag.c (-static -DSTATIC) (rerun 14) execution test
FAIL: libmudflap.cth/pass37-frag.c (-static -DSTATIC) (rerun 14) output pattern test
FAIL: libmudflap.cth/pass37-frag.c (-static -DSTATIC) (rerun 15) execution test
FAIL: libmudflap.cth/pass37-frag.c (-static -DSTATIC) (rerun 15) output pattern test
FAIL: libmudflap.cth/pass37-frag.c (-static -DSTATIC) (rerun 16) execution test
FAIL: libmudflap.cth/pass37-frag.c (-static -DSTATIC) (rerun 16) output pattern test
FAIL: libmudflap.cth/pass37-frag.c (-static -DSTATIC) (rerun 17) execution test
FAIL: libmudflap.cth/pass37-frag.c (-static -DSTATIC) (rerun 17) output pattern test
FAIL: libmudflap.cth/pass37-frag.c (-static -DSTATIC) (rerun 18) execution test
FAIL: libmudflap.cth/pass37-frag.c (-static -DSTATIC) (rerun 18) output pattern test
FAIL: libmudflap.cth/pass37-frag.c (-static -DSTATIC) (rerun 19) execution test
FAIL: libmudflap.cth/pass37-frag.c (-static -DSTATIC) (rerun 19) output pattern test
FAIL: libmudflap.cth/pass39-frag.c (-static -DSTATIC) execution test
FAIL: libmudflap.cth/pass39-frag.c (-static -DSTATIC) output pattern test
FAIL: libmudflap.cth/pass39-frag.c (-static -DSTATIC) (rerun 1) execution test
FAIL: libmudflap.cth/pass39-frag.c (-static -DSTATIC) (rerun 1) output pattern test
FAIL: libmudflap.cth/pass39-frag.c (-static -DSTATIC) (rerun 2) execution test
FAIL: libmudflap.cth/pass39-frag.c (-static -DSTATIC) (rerun 2) output pattern test
FAIL: libmudflap.cth/pass39-frag.c (-static -DSTATIC) (rerun 3) execution test
FAIL: libmudflap.cth/pass39-frag.c (-static -DSTATIC) (rerun 3) output pattern test
FAIL: libmudflap.cth/pass39-frag.c (-static -DSTATIC) (rerun 4) execution test
FAIL: libmudflap.cth/pass39-frag.c (-static -DSTATIC) (rerun 4) output pattern test
FAIL: libmudflap.cth/pass39-frag.c (-static -DSTATIC) (rerun 5) execution test
FAIL: libmudflap.cth/pass39-frag.c (-static -DSTATIC) (rerun 5) output pattern test
FAIL: libmudflap.cth/pass39-frag.c (-static -DSTATIC) (rerun 6) execution test
FAIL: libmudflap.cth/pass39-frag.c (-static -DSTATIC) (rerun 6) output pattern test
FAIL: libmudflap.cth/pass39-frag.c (-static -DSTATIC) (rerun 7) execution test
FAIL: libmudflap.cth/pass39-frag.c (-static -DSTATIC) (rerun 7) output pattern test
FAIL: libmudflap.cth/pass39-frag.c (-static -DSTATIC) (rerun 8) execution test
FAIL: libmudflap.cth/pass39-frag.c (-static -DSTATIC) (rerun 8) output pattern test
FAIL: libmudflap.cth/pass39-frag.c (-static -DSTATIC) (rerun 9) execution test
FAIL: libmudflap.cth/pass39-frag.c (-static -DSTATIC) (rerun 9) output pattern test
FAIL: libmudflap.cth/pass39-frag.c (-static -DSTATIC) (rerun 10) execution test
FAIL: libmudflap.cth/pass39-frag.c (-static -DSTATIC) (rerun 10) output pattern test
FAIL: libmudflap.cth/pass39-frag.c (-static -DSTATIC) (rerun 11) execution test
FAIL: libmudflap.cth/pass39-frag.c (-static -DSTATIC) (rerun 11) output pattern test
FAIL: libmudflap.cth/pass39-frag.c (-static -DSTATIC) (rerun 12) execution test
FAIL: libmudflap.cth/pass39-frag.c (-static -DSTATIC) (rerun 12) output pattern test
FAIL: libmudflap.cth/pass39-frag.c (-static -DSTATIC) (rerun 13) execution test
FAIL: libmudflap.cth/pass39-frag.c (-static -DSTATIC) (rerun 13) output pattern test
FAIL: libmudflap.cth/pass39-frag.c (-static -DSTATIC) (rerun 14) execution test
FAIL: libmudflap.cth/pass39-frag.c (-static -DSTATIC) (rerun 14) output pattern test
FAIL: libmudflap.cth/pass39-frag.c (-static -DSTATIC) (rerun 15) execution test
FAIL: libmudflap.cth/pass39-frag.c (-static -DSTATIC) (rerun 15) output pattern test
FAIL: libmudflap.cth/pass39-frag.c (-static -DSTATIC) (rerun 16) execution test
FAIL: libmudflap.cth/pass39-frag.c (-static -DSTATIC) (rerun 16) output pattern test
FAIL: libmudflap.cth/pass39-frag.c (-static -DSTATIC) (rerun 17) execution test
FAIL: libmudflap.cth/pass39-frag.c (-static -DSTATIC) (rerun 17) output pattern test
FAIL: libmudflap.cth/pass39-frag.c (-static -DSTATIC) (rerun 18) execution test
FAIL: libmudflap.cth/pass39-frag.c (-static -DSTATIC) (rerun 18) output pattern test
FAIL: libmudflap.cth/pass39-frag.c (-static -DSTATIC) (rerun 19) execution test
FAIL: libmudflap.cth/pass39-frag.c (-static -DSTATIC) (rerun 19) output pattern test
FAIL: libmudflap.cth/pass40-frag.c (-static -DSTATIC) execution test
FAIL: libmudflap.cth/pass40-frag.c (-static -DSTATIC) output pattern test

		=== libmudflap Summary ===

# of expected passes		1697
# of unexpected failures	82

		=== libstdc++ tests ===

Running target unix
FAIL: 23_containers/set/explicit_instantiation/1.cc (test for excess errors)
FAIL: 23_containers/set/explicit_instantiation/2.cc (test for excess errors)
FAIL: 23_containers/set/explicit_instantiation/3.cc (test for excess errors)

		=== libstdc++ Summary ===

# of expected passes		3893
# of unexpected failures	3
# of expected failures		14


Counting all warnings,
there are 13 warnings in stage3 of this bootstrap.

Number of warnings per file:
      4 gcc/gcc.c
      3 gengtype-lex.c
      2 gcc/objc/lang-specs.h
      2 gcc/config/i386/i386.md
      1 gcc/java/jvspec.c
      1 gcc/ada/tracebak.c

Number of warning types:
      8 string length `???' is greater than the length `???' ISO C89 compilers are required to support
      3 old-style function definition
      1 operand 1 missing mode?
      1 comparison of unsigned expression < 0 is always false


Index Nav: [Date Index] [Subject Index] [Author Index] [Thread Index]
Message Nav: [Date Prev] [Date Next] [Thread Prev] [Thread Next]