This is the mail archive of the
gcc-testresults@gcc.gnu.org
mailing list for the GCC project.
Results for 4.1.0 20050904 (experimental) testsuite on sparc64-sun-solaris2.9
- From: eric at linux dot site (Eric Botcazou)
- To: gcc-testresults at gcc dot gnu dot org
- Date: Sun, 04 Sep 2005 20:35:52 +0200
- Subject: Results for 4.1.0 20050904 (experimental) testsuite on sparc64-sun-solaris2.9
LAST_UPDATED: Sun Sep 4 04:56:02 UTC 2005
Native configuration is sparc64-sun-solaris2.9
=== g++ tests ===
Running target unix
FAIL: g++.dg/other/ucnid-1.C (test for excess errors)
WARNING: g++.dg/other/ucnid-1.C compilation failed to produce executable
FAIL: g++.old-deja/g++.law/profile1.C (test for excess errors)
WARNING: g++.old-deja/g++.law/profile1.C compilation failed to produce executable
=== g++ Summary ===
# of expected passes 11152
# of unexpected failures 2
# of expected failures 67
# of unsupported tests 131
/opt/build/eric/gcc/gcc/testsuite/../g++ version 4.1.0 20050904 (experimental)
=== gcc tests ===
Running target unix
WARNING: program timed out.
FAIL: gcc.c-torture/compile/20001226-1.c -O3 -g (test for excess errors)
XPASS: gcc.dg/cpp/cmdlne-dI-M.c scan-file (^|\\\\n)cmdlne-dI-M.*:[^\\\\n]*cmdlne-dI-M.c
XPASS: gcc.dg/cpp/cmdlne-dM-M.c scan-file (^|\\\\n)cmdlne-dM-M[^\\\\n]*:[^\\\\n]*cmdlne-dM-M.c
FAIL: gcc.dg/debug/dwarf2/dwarf-char1.c scan-assembler 0x[68][ \\t]# DW_AT_encoding
FAIL: gcc.dg/debug/dwarf2/dwarf-char2.c scan-assembler 0x[68][ \\t]# DW_AT_encoding
FAIL: gcc.dg/debug/dwarf2/dwarf-char3.c scan-assembler 0x[68][ \\t]# DW_AT_encoding
WARNING: program timed out.
FAIL: gcc.dg/c99-intconst-1.c (test for excess errors)
FAIL: gcc.dg/nest.c (test for excess errors)
WARNING: gcc.dg/nest.c compilation failed to produce executable
FAIL: gcc.dg/ucnid-2.c (test for excess errors)
WARNING: gcc.dg/ucnid-2.c compilation failed to produce executable
FAIL: gcc.dg/ucnid-3.c (test for excess errors)
WARNING: gcc.dg/ucnid-3.c compilation failed to produce executable
FAIL: largefile.c -O0 -g (test for excess errors)
FAIL: largefile.c -O0 (test for excess errors)
FAIL: largefile.c -O1 (test for excess errors)
FAIL: largefile.c -O2 (test for excess errors)
FAIL: largefile.c -O3 -fomit-frame-pointer (test for excess errors)
FAIL: largefile.c -O3 -g (test for excess errors)
FAIL: largefile.c -Os (test for excess errors)
FAIL: gcc.dg/tree-ssa/gen-vect-25.c execution test
FAIL: gcc.dg/vect/vect-22.c scan-tree-dump-times vectorized 4 loops 1
FAIL: gcc.dg/vect/vect-reduc-1char.c scan-tree-dump-times vectorized 3 loops 1
FAIL: gcc.dg/vect/vect-reduc-1short.c scan-tree-dump-times vectorized 3 loops 1
FAIL: gcc.dg/vect/vect-reduc-2char.c scan-tree-dump-times vectorized 3 loops 1
FAIL: gcc.dg/vect/vect-reduc-2short.c scan-tree-dump-times vectorized 3 loops 1
=== gcc Summary ===
# of expected passes 36411
# of unexpected failures 21
# of unexpected successes 2
# of expected failures 102
# of untested testcases 35
# of unsupported tests 606
/opt/build/eric/gcc/gcc/xgcc version 4.1.0 20050904 (experimental)
=== gfortran tests ===
Running target unix
=== gfortran Summary ===
# of expected passes 8442
# of expected failures 5
# of unsupported tests 23
/opt/build/eric/gcc/gcc/testsuite/../gfortran version 4.1.0 20050904 (experimental)
=== obj-c++ tests ===
Running target unix
FAIL: obj-c++.dg/bitfield-1.mm (test for excess errors)
FAIL: obj-c++.dg/bitfield-4.mm (test for excess errors)
FAIL: obj-c++.dg/cxx-ivars-2.mm execution test
FAIL: obj-c++.dg/encode-3.mm execution test
FAIL: obj-c++.dg/encode-6.mm (test for excess errors)
WARNING: obj-c++.dg/encode-6.mm compilation failed to produce executable
FAIL: obj-c++.dg/encode-8.mm execution test
FAIL: obj-c++.dg/isa-field-1.mm (test for excess errors)
FAIL: obj-c++.dg/layout-1.mm (test for excess errors)
FAIL: obj-c++.dg/lookup-2.mm (test for excess errors)
WARNING: obj-c++.dg/lookup-2.mm compilation failed to produce executable
FAIL: obj-c++.dg/try-catch-2.mm (test for excess errors)
WARNING: obj-c++.dg/try-catch-2.mm compilation failed to produce executable
FAIL: obj-c++.dg/try-catch-9.mm (test for excess errors)
WARNING: obj-c++.dg/try-catch-9.mm compilation failed to produce executable
=== obj-c++ Summary ===
# of expected passes 411
# of unexpected failures 11
# of unsupported tests 13
/opt/build/eric/gcc/gcc/testsuite/../g++ version 4.1.0 20050904 (experimental)
=== objc tests ===
Running target unix
=== objc Summary ===
# of expected passes 1668
# of unsupported tests 22
/opt/build/eric/gcc/gcc/xgcc version 4.1.0 20050904 (experimental)
=== libffi tests ===
Running target unix
=== libffi Summary ===
# of expected passes 228
# of unsupported tests 2
=== libjava tests ===
Running target unix
FAIL: Array_3 execution - gij test
FAIL: Array_3 execution - gij test
FAIL: Class_1 execution - source compiled test
FAIL: Class_1 execution - bytecode->native test
FAIL: Class_1 -O3 execution - source compiled test
FAIL: Class_1 -O3 execution - bytecode->native test
FAIL: FileHandleGcTest execution - source compiled test
FAIL: FileHandleGcTest execution - gij test
FAIL: FileHandleGcTest execution - bytecode->native test
FAIL: FileHandleGcTest -O3 execution - source compiled test
FAIL: FileHandleGcTest execution - gij test
FAIL: FileHandleGcTest -O3 execution - bytecode->native test
FAIL: InvokeInterface execution - bytecode->native test
FAIL: InvokeInterface -O3 execution - bytecode->native test
FAIL: PR12416 execution - bytecode->native test
FAIL: PR12416 -O3 execution - bytecode->native test
FAIL: PR260 execution - bytecode->native test
FAIL: PR260 -O3 execution - bytecode->native test
FAIL: SyncTest execution - bytecode->native test
FAIL: SyncTest -O3 execution - bytecode->native test
FAIL: Throw_2 execution - gij test
FAIL: Throw_2 execution - gij test
FAIL: invokethrow execution - bytecode->native test
FAIL: invokethrow -O3 execution - bytecode->native test
FAIL: pr179 execution - bytecode->native test
FAIL: pr179 -O3 execution - bytecode->native test
FAIL: pr8415 execution - bytecode->native test
FAIL: pr8415 -O3 execution - bytecode->native test
FAIL: stringconst2 output - source compiled test
FAIL: stringconst2 output - bytecode->native test
FAIL: stringconst2 -O3 output - source compiled test
FAIL: stringconst2 -O3 output - bytecode->native test
FAIL: pr21115 run
=== libjava Summary ===
# of expected passes 3892
# of unexpected failures 33
# of expected failures 10
# of untested testcases 37
=== libstdc++ tests ===
Running target unix
FAIL: ext/array_allocator/2.cc execution test
=== libstdc++ Summary ===
# of expected passes 2510
# of unexpected failures 1
# of expected failures 13
# of unsupported tests 149
Compiler version: 4.1.0 20050904 (experimental)
Platform: sparc64-sun-solaris2.9
configure flags: sparc64-sun-solaris2.9 --prefix=/opt/build/eric/local/gcc --with-gmp=/opt/build/eric/local --with-mpfr=/opt/build/eric/local --with-local-prefix=/opt/build/eric/local --enable-checking=assert,misc --disable-multilib --enable-languages=c,c++,f95,java,objc,obj-c++
BOOT_CFLAGS=-g -O2