This is the mail archive of the gcc-testresults@gcc.gnu.org mailing list for the GCC project.


Index Nav: [Date Index] [Subject Index] [Author Index] [Thread Index]
Message Nav: [Date Prev] [Date Next] [Thread Prev] [Thread Next]
Other format: [Raw text]

Results for 4.0.2 20050903 (prerelease) testsuite on hppa64-hp-hpux11.11


LAST_UPDATED: Sat Sep  3 20:57:09 UTC 2005

Native configuration is hppa64-hp-hpux11.11

		=== g++ tests ===


Running target unix

		=== g++ Summary ===

# of expected passes		10545
# of expected failures		69
# of unsupported tests		106
/mnt/gnu/gcc-3.3/objdir/gcc/testsuite/../g++  version 4.0.2 20050903 (prerelease)

		=== gcc tests ===


Running target unix
FAIL: gcc.dg/debug/dwarf2/dwarf-char1.c scan-assembler 0x[68][ \\t]# DW_AT_encoding
FAIL: gcc.dg/debug/dwarf2/dwarf-char2.c scan-assembler 0x[68][ \\t]# DW_AT_encoding
FAIL: gcc.dg/debug/dwarf2/dwarf-char3.c scan-assembler 0x[68][ \\t]# DW_AT_encoding
XPASS: gcc.dg/funcorder.c scan-assembler-not link_error,%r
FAIL: gcc.dg/torture/asm-subreg-1.c  -O1  (test for excess errors)
FAIL: gcc.dg/torture/asm-subreg-1.c  -O2  (test for excess errors)
FAIL: gcc.dg/torture/asm-subreg-1.c  -O3 -fomit-frame-pointer  (test for excess errors)
FAIL: gcc.dg/torture/asm-subreg-1.c  -O3 -g  (test for excess errors)
FAIL: gcc.dg/torture/asm-subreg-1.c  -Os  (test for excess errors)

		=== gcc Summary ===

# of expected passes		33677
# of unexpected failures	8
# of unexpected successes	1
# of expected failures		71
# of untested testcases		28
# of unsupported tests		529
/mnt/gnu/gcc-3.3/objdir/gcc/xgcc  version 4.0.2 20050903 (prerelease)

		=== gfortran tests ===


Running target unix

		=== gfortran Summary ===

# of expected passes		7982
# of expected failures		2
# of unsupported tests		17
/mnt/gnu/gcc-3.3/objdir/gcc/testsuite/../gfortran  version 4.0.2 20050903 (prerelease)

		=== objc tests ===


Running target unix

		=== objc Summary ===

# of expected passes		1532
# of unsupported tests		11
/mnt/gnu/gcc-3.3/objdir/gcc/xgcc  version 4.0.2 20050903 (prerelease)

		=== libstdc++ tests ===


Running target unix
FAIL: ext/array_allocator/2.cc execution test

		=== libstdc++ Summary ===

# of expected passes		3625
# of unexpected failures	1
# of expected failures		12
# of unsupported tests		19

Compiler version: 4.0.2 20050903 (prerelease) 
Platform: hppa64-hp-hpux11.11
configure flags: --with-gnu-as --with-as=/opt/gnu64/bin/as --with-ld=/usr/ccs/bin/ld --enable-shared --disable-nls --with-local-prefix=/opt/gnu64 --prefix=/opt/gnu64/gcc/gcc-4.0.2 --host=hppa64-hp-hpux11.11 --enable-threads=posix --disable-libmudflap --with-gmp=/opt/gnu64/gcc/gcc-4.0.2 --enable-languages=c,c++,f95,java,objc


Index Nav: [Date Index] [Subject Index] [Author Index] [Thread Index]
Message Nav: [Date Prev] [Date Next] [Thread Prev] [Thread Next]