This is the mail archive of the gcc-testresults@gcc.gnu.org mailing list for the GCC project.


Index Nav: [Date Index] [Subject Index] [Author Index] [Thread Index]
Message Nav: [Date Prev] [Date Next] [Thread Prev] [Thread Next]
Other format: [Raw text]

Results for 4.1.0 20050903 (experimental) testsuite on hppa64-hp-hpux11.11


LAST_UPDATED: Sat Sep  3 22:18:30 UTC 2005

Native configuration is hppa64-hp-hpux11.11

		=== g++ tests ===


Running target unix
WARNING: program timed out.
FAIL: g++.dg/eh/cleanup1.C (test for excess errors)

		=== g++ Summary ===

# of expected passes		10712
# of unexpected failures	1
# of expected failures		67
# of unsupported tests		115
/test/gnu/gcc-3.3/objdir/gcc/testsuite/../g++  version 4.1.0 20050903 (experimental)

		=== gcc tests ===


Running target unix
FAIL: gcc.dg/debug/dwarf2/dwarf-char1.c scan-assembler 0x[68][ \\t]# DW_AT_encoding
FAIL: gcc.dg/debug/dwarf2/dwarf-char2.c scan-assembler 0x[68][ \\t]# DW_AT_encoding
FAIL: gcc.dg/debug/dwarf2/dwarf-char3.c scan-assembler 0x[68][ \\t]# DW_AT_encoding
XPASS: gcc.dg/funcorder.c scan-assembler-not link_error,%r
FAIL: gcc.dg/torture/asm-subreg-1.c  -O1  (test for excess errors)
FAIL: gcc.dg/torture/asm-subreg-1.c  -O2  (test for excess errors)
FAIL: gcc.dg/torture/asm-subreg-1.c  -O3 -fomit-frame-pointer  (test for excess errors)
FAIL: gcc.dg/torture/asm-subreg-1.c  -O3 -g  (test for excess errors)
FAIL: gcc.dg/torture/asm-subreg-1.c  -Os  (test for excess errors)

		=== gcc Summary ===

# of expected passes		35523
# of unexpected failures	8
# of unexpected successes	1
# of expected failures		78
# of untested testcases		28
# of unsupported tests		557
/test/gnu/gcc-3.3/objdir/gcc/xgcc  version 4.1.0 20050903 (experimental)

		=== gfortran tests ===


Running target unix
FAIL: gfortran.dg/large_real_kind_1.f90  -O0  execution test
FAIL: gfortran.dg/large_real_kind_1.f90  -O1  execution test
FAIL: gfortran.dg/large_real_kind_1.f90  -O2  execution test
FAIL: gfortran.dg/large_real_kind_1.f90  -O3 -fomit-frame-pointer  execution test
FAIL: gfortran.dg/large_real_kind_1.f90  -O3 -fomit-frame-pointer -funroll-loops  execution test
FAIL: gfortran.dg/large_real_kind_1.f90  -O3 -fomit-frame-pointer -funroll-all-loops -finline-functions  execution test
FAIL: gfortran.dg/large_real_kind_1.f90  -O3 -g  execution test
FAIL: gfortran.dg/large_real_kind_1.f90  -Os  execution test

		=== gfortran Summary ===

# of expected passes		8416
# of unexpected failures	8
# of expected failures		2
# of unsupported tests		26
/test/gnu/gcc-3.3/objdir/gcc/testsuite/../gfortran  version 4.1.0 20050903 (experimental)

		=== objc tests ===


Running target unix

		=== objc Summary ===

# of expected passes		1666
# of unsupported tests		23
/test/gnu/gcc-3.3/objdir/gcc/xgcc  version 4.1.0 20050903 (experimental)

		=== libstdc++ tests ===


Running target unix
FAIL: ext/array_allocator/2.cc execution test

		=== libstdc++ Summary ===

# of expected passes		2495
# of unexpected failures	1
# of expected failures		12
# of unsupported tests		157

Compiler version: 4.1.0 20050903 (experimental) 
Platform: hppa64-hp-hpux11.11
configure flags: --with-gnu-as --with-as=/opt/gnu64/bin/as --with-ld=/usr/ccs/bin/ld --enable-shared --disable-nls --with-local-prefix=/opt/gnu64 --prefix=/opt/gnu64/gcc/gcc-4.1.0 --host=hppa64-hp-hpux11.11 --enable-threads=posix --disable-libmudflap --with-gmp=/opt/gnu64/gcc/gcc-4.1.0 --enable-languages=c,c++,f95,java,objc


Index Nav: [Date Index] [Subject Index] [Author Index] [Thread Index]
Message Nav: [Date Prev] [Date Next] [Thread Prev] [Thread Next]