This is the mail archive of the gcc-testresults@gcc.gnu.org mailing list for the GCC project.


Index Nav: [Date Index] [Subject Index] [Author Index] [Thread Index]
Message Nav: [Date Prev] [Date Next] [Thread Prev] [Thread Next]
Other format: [Raw text]

Results for 3.4.4 (release) (CodeSourcery ARM Q1cvs 2005) testsuite on arm-none-eabi


LAST_UPDATED: Fri Sep  2 08:33:35 UTC 2005

Target is arm-none-eabi
Host   is i686-pc-linux-gnu

		=== g++ tests ===


Running target arm-sim
FAIL: g++.dg/eh/forced1.C (test for excess errors)
WARNING: g++.dg/eh/forced1.C compilation failed to produce executable
FAIL: g++.dg/eh/forced2.C (test for excess errors)
WARNING: g++.dg/eh/forced2.C compilation failed to produce executable
FAIL: g++.dg/eh/forced3.C (test for excess errors)
WARNING: g++.dg/eh/forced3.C compilation failed to produce executable
FAIL: g++.dg/eh/forced4.C (test for excess errors)
WARNING: g++.dg/eh/forced4.C compilation failed to produce executable
WARNING: program timed out.
FAIL: g++.dg/init/array15.C execution test
WARNING: program timed out.
FAIL: g++.dg/init/array16.C execution test
FAIL: g++.dg/init/vector1.C (test for excess errors)
WARNING: g++.dg/init/vector1.C compilation failed to produce executable
XPASS: g++.dg/other/packed1.C execution test
XPASS: g++.dg/rtti/tinfo1.C scan-assembler _ZTIP9CTemplateIhE:
XPASS: g++.dg/rtti/tinfo1.C scan-assembler-not .globl[ \\t]+_ZTIP9CTemplateIhE
WARNING: g++.old-deja/g++.mike/p10769a.C compilation failed to produce executable
WARNING: g++.old-deja/g++.other/enum5.C compilation failed to produce executable
XPASS: g++.old-deja/g++.other/init5.C execution test
WARNING: g++.old-deja/g++.pt/friend44.C compilation failed to produce executable

		=== g++ Summary for arm-sim ===

# of expected passes		9791
# of unexpected failures	7
# of unexpected successes	4
# of expected failures		72
# of unsupported tests		87

Running target arm-sim/-mthumb
FAIL: g++.dg/eh/forced1.C (test for excess errors)
WARNING: g++.dg/eh/forced1.C compilation failed to produce executable
FAIL: g++.dg/eh/forced2.C (test for excess errors)
WARNING: g++.dg/eh/forced2.C compilation failed to produce executable
FAIL: g++.dg/eh/forced3.C (test for excess errors)
WARNING: g++.dg/eh/forced3.C compilation failed to produce executable
FAIL: g++.dg/eh/forced4.C (test for excess errors)
WARNING: g++.dg/eh/forced4.C compilation failed to produce executable
WARNING: program timed out.
FAIL: g++.dg/init/array15.C execution test
WARNING: program timed out.
FAIL: g++.dg/init/array16.C execution test
XPASS: g++.dg/other/packed1.C execution test
FAIL: g++.dg/other/profile1.C (test for excess errors)
WARNING: g++.dg/other/profile1.C compilation failed to produce executable
XPASS: g++.dg/rtti/tinfo1.C scan-assembler _ZTIP9CTemplateIhE:
XPASS: g++.dg/rtti/tinfo1.C scan-assembler-not .globl[ \\t]+_ZTIP9CTemplateIhE
WARNING: g++.old-deja/g++.mike/p10769a.C compilation failed to produce executable
WARNING: g++.old-deja/g++.other/enum5.C compilation failed to produce executable
XPASS: g++.old-deja/g++.other/init5.C execution test
WARNING: g++.old-deja/g++.pt/friend44.C compilation failed to produce executable

		=== g++ Summary for arm-sim/-mthumb ===

# of expected passes		9791
# of unexpected failures	7
# of unexpected successes	4
# of expected failures		72
# of unsupported tests		87

		=== g++ Summary ===

# of expected passes		19582
# of unexpected failures	14
# of unexpected successes	8
# of expected failures		144
# of unsupported tests		174
/scratch/gcc/nightly-2005-09-02-csl-arm/arm-none-eabi/build_gcc/install/bin/arm-none-eabi-c++  version 3.4.4 (release) (CodeSourcery ARM Q1cvs 2005)

Host   is i686-pc-linux-gnu

		=== gcc tests ===


Running target arm-sim
FAIL: gcc.c-torture/compile/20050113-1.c  -O0  (test for excess errors)
FAIL: gcc.c-torture/compile/simd-3.c  -O1  (test for excess errors)
FAIL: gcc.c-torture/compile/simd-3.c  -O2  (test for excess errors)
FAIL: gcc.c-torture/compile/simd-3.c  -O3 -fomit-frame-pointer  (test for excess errors)
FAIL: gcc.c-torture/compile/simd-3.c  -O3 -g  (test for excess errors)
FAIL: gcc.c-torture/compile/simd-3.c  -Os  (test for excess errors)
UNRESOLVED: gcc.c-torture/execute/20020720-1.c execution,  -O1 
UNRESOLVED: gcc.c-torture/execute/20020720-1.c execution,  -O2 
UNRESOLVED: gcc.c-torture/execute/20020720-1.c execution,  -O3 -fomit-frame-pointer 
UNRESOLVED: gcc.c-torture/execute/20020720-1.c execution,  -O3 -g 
UNRESOLVED: gcc.c-torture/execute/20020720-1.c execution,  -Os 
FAIL: gcc.c-torture/execute/builtin-types-compatible-p.c execution,  -O0 
FAIL: gcc.c-torture/execute/builtin-types-compatible-p.c execution,  -O1 
FAIL: gcc.c-torture/execute/builtin-types-compatible-p.c execution,  -O2 
FAIL: gcc.c-torture/execute/builtin-types-compatible-p.c execution,  -O3 -fomit-frame-pointer 
FAIL: gcc.c-torture/execute/builtin-types-compatible-p.c execution,  -O3 -g 
FAIL: gcc.c-torture/execute/builtin-types-compatible-p.c execution,  -Os 
FAIL: gcc.dg/cpp/trad/include.c (test for excess errors)
FAIL: gcc.dg/20050629-1.c (test for excess errors)
FAIL: gcc.dg/arm-eabi1.c execution test
FAIL: gcc.dg/compare1.c case 4 (test for warnings, line 38)
XPASS: gcc.dg/setjmp-1.c spurious clobbered warning (test for bogus messages, line 16)
XPASS: gcc.dg/uninit-4.c uninitialized variable warning (test for bogus messages, line 26)
FAIL: gcc.dg/tls/alias-1.c (test for excess errors)
FAIL: gcc.dg/tls/opt-2.c (test for excess errors)

		=== gcc Summary for arm-sim ===

# of expected passes		24612
# of unexpected failures	18
# of unexpected successes	2
# of expected failures		73
# of unresolved testcases	5
# of untested testcases		7
# of unsupported tests		381

Running target arm-sim/-mthumb
FAIL: gcc.c-torture/compile/20020129-1.c  -O0  (test for excess errors)
FAIL: gcc.c-torture/compile/20020129-1.c  -O1  (test for excess errors)
FAIL: gcc.c-torture/compile/20020129-1.c  -O2  (test for excess errors)
FAIL: gcc.c-torture/compile/20020129-1.c  -O3 -fomit-frame-pointer  (test for excess errors)
FAIL: gcc.c-torture/compile/20020129-1.c  -O3 -g  (test for excess errors)
FAIL: gcc.c-torture/compile/20020129-1.c  -Os  (test for excess errors)
UNRESOLVED: gcc.c-torture/execute/20020720-1.c execution,  -O1 
UNRESOLVED: gcc.c-torture/execute/20020720-1.c execution,  -O2 
UNRESOLVED: gcc.c-torture/execute/20020720-1.c execution,  -O3 -fomit-frame-pointer 
UNRESOLVED: gcc.c-torture/execute/20020720-1.c execution,  -O3 -g 
UNRESOLVED: gcc.c-torture/execute/20020720-1.c execution,  -Os 
FAIL: gcc.c-torture/execute/builtin-types-compatible-p.c execution,  -O0 
FAIL: gcc.c-torture/execute/builtin-types-compatible-p.c execution,  -O1 
FAIL: gcc.c-torture/execute/builtin-types-compatible-p.c execution,  -O2 
FAIL: gcc.c-torture/execute/builtin-types-compatible-p.c execution,  -O3 -fomit-frame-pointer 
FAIL: gcc.c-torture/execute/builtin-types-compatible-p.c execution,  -O3 -g 
FAIL: gcc.c-torture/execute/builtin-types-compatible-p.c execution,  -Os 
FAIL: gcc.c-torture/execute/nest-stdar-1.c execution,  -O3 -fomit-frame-pointer 
FAIL: gcc.c-torture/execute/nest-stdar-1.c execution,  -O3 -g 
FAIL: gcc.c-torture/execute/nestfunc-2.c execution,  -O3 -fomit-frame-pointer 
FAIL: gcc.c-torture/execute/nestfunc-2.c execution,  -O3 -fomit-frame-pointer -funroll-loops 
FAIL: gcc.c-torture/execute/nestfunc-2.c execution,  -O3 -fomit-frame-pointer -funroll-all-loops -finline-functions 
FAIL: gcc.c-torture/execute/nestfunc-2.c execution,  -O3 -g 
FAIL: gcc.dg/cpp/trad/include.c (test for excess errors)
FAIL: gcc.dg/20050629-1.c (test for excess errors)
FAIL: gcc.dg/arm-eabi1.c execution test
FAIL: gcc.dg/arm-vfp1.c scan-assembler fabss
FAIL: gcc.dg/arm-vfp1.c scan-assembler fnegs
FAIL: gcc.dg/arm-vfp1.c scan-assembler fadds
FAIL: gcc.dg/arm-vfp1.c scan-assembler fsubs
FAIL: gcc.dg/arm-vfp1.c scan-assembler fdivs
FAIL: gcc.dg/arm-vfp1.c scan-assembler fmuls
FAIL: gcc.dg/arm-vfp1.c scan-assembler fnmuls
FAIL: gcc.dg/arm-vfp1.c scan-assembler fmacs
FAIL: gcc.dg/arm-vfp1.c scan-assembler fmscs
FAIL: gcc.dg/arm-vfp1.c scan-assembler fnmacs
FAIL: gcc.dg/arm-vfp1.c scan-assembler fnmscs
FAIL: gcc.dg/arm-vfp1.c scan-assembler fsqrts
FAIL: gcc.dg/arm-vfp1.c scan-assembler fabsd
FAIL: gcc.dg/arm-vfp1.c scan-assembler fnegd
FAIL: gcc.dg/arm-vfp1.c scan-assembler faddd
FAIL: gcc.dg/arm-vfp1.c scan-assembler fsubd
FAIL: gcc.dg/arm-vfp1.c scan-assembler fdivd
FAIL: gcc.dg/arm-vfp1.c scan-assembler fmuld
FAIL: gcc.dg/arm-vfp1.c scan-assembler fnmuld
FAIL: gcc.dg/arm-vfp1.c scan-assembler fmacd
FAIL: gcc.dg/arm-vfp1.c scan-assembler fmscd
FAIL: gcc.dg/arm-vfp1.c scan-assembler fnmacd
FAIL: gcc.dg/arm-vfp1.c scan-assembler fnmscd
FAIL: gcc.dg/arm-vfp1.c scan-assembler fsqrtd
FAIL: gcc.dg/arm-vfp1.c scan-assembler fcvtds
FAIL: gcc.dg/arm-vfp1.c scan-assembler fcvtsd
FAIL: gcc.dg/arm-vfp1.c scan-assembler ftosizs
FAIL: gcc.dg/arm-vfp1.c scan-assembler ftosizd
FAIL: gcc.dg/arm-vfp1.c scan-assembler ftouizs
FAIL: gcc.dg/arm-vfp1.c scan-assembler ftouizd
FAIL: gcc.dg/arm-vfp1.c scan-assembler fsitos
FAIL: gcc.dg/arm-vfp1.c scan-assembler fsitod
FAIL: gcc.dg/arm-vfp1.c scan-assembler fuitos
FAIL: gcc.dg/arm-vfp1.c scan-assembler fuitod
FAIL: gcc.dg/compare1.c case 4 (test for warnings, line 38)
FAIL: gcc.dg/tls/alias-1.c (test for excess errors)
FAIL: gcc.dg/tls/opt-2.c (test for excess errors)

		=== gcc Summary for arm-sim/-mthumb ===

# of expected passes		24570
# of unexpected failures	58
# of expected failures		76
# of unresolved testcases	5
# of untested testcases		7
# of unsupported tests		381

		=== gcc Summary ===

# of expected passes		49182
# of unexpected failures	76
# of unexpected successes	2
# of expected failures		149
# of unresolved testcases	10
# of untested testcases		14
# of unsupported tests		762
/scratch/gcc/nightly-2005-09-02-csl-arm/arm-none-eabi/build_gcc/install/bin/arm-none-eabi-gcc version 3.4.4 (release) (CodeSourcery ARM Q1cvs 2005)

Host   is i686-pc-linux-gnu

		=== libstdc++ tests ===


Running target arm-sim
WARNING: program timed out.
FAIL: 21_strings/basic_string/cons/char/6.cc execution test
WARNING: program timed out.
FAIL: 21_strings/basic_string/inserters_extractors/char/10.cc execution test
WARNING: program timed out.
FAIL: 21_strings/basic_string/inserters_extractors/char/11.cc execution test
FAIL: 26_numerics/c99_classification_macros_c.cc (test for excess errors)
FAIL: 27_io/basic_filebuf/imbue/char/13582-2.cc (test for excess errors)
WARNING: 27_io/basic_filebuf/imbue/char/13582-2.cc compilation failed to produce executable
FAIL: 27_io/basic_istream/extractors_arithmetic/char/12.cc execution test
WARNING: program timed out.
FAIL: 27_io/basic_istream/getline/char/5.cc execution test
WARNING: program timed out.
FAIL: 27_io/basic_istream/ignore/char/2.cc execution test
WARNING: program timed out.
FAIL: 27_io/basic_stringbuf/overflow/char/1.cc execution test
FAIL: 27_io/ios_base/sync_with_stdio/1.cc execution test
FAIL: 27_io/objects/char/10.cc execution test
WARNING: program timed out.
FAIL: ext/rope/3.cc execution test
XPASS: ext/stdio_filebuf/char/10063-2.cc execution test
XPASS: ext/stdio_filebuf/char/10063-3.cc execution test

		=== libstdc++ Summary for arm-sim ===

# of expected passes		2018
# of unexpected failures	12
# of unexpected successes	2
# of expected failures		9

Running target arm-sim/-mthumb
WARNING: program timed out.
FAIL: 21_strings/basic_string/cons/char/6.cc execution test
WARNING: program timed out.
FAIL: 21_strings/basic_string/inserters_extractors/char/10.cc execution test
WARNING: program timed out.
FAIL: 21_strings/basic_string/inserters_extractors/char/11.cc execution test
FAIL: 22_locale/num_put/put/char/4.cc execution test
FAIL: 26_numerics/c99_classification_macros_c.cc (test for excess errors)
FAIL: 27_io/basic_filebuf/imbue/char/13582-2.cc (test for excess errors)
WARNING: 27_io/basic_filebuf/imbue/char/13582-2.cc compilation failed to produce executable
FAIL: 27_io/basic_istream/extractors_arithmetic/char/12.cc execution test
WARNING: program timed out.
FAIL: 27_io/basic_istream/getline/char/5.cc execution test
WARNING: program timed out.
FAIL: 27_io/basic_istream/ignore/char/2.cc execution test
WARNING: program timed out.
FAIL: 27_io/basic_stringbuf/overflow/char/1.cc execution test
FAIL: 27_io/ios_base/sync_with_stdio/1.cc execution test
FAIL: 27_io/objects/char/10.cc execution test
WARNING: program timed out.
FAIL: ext/rope/3.cc execution test
XPASS: ext/stdio_filebuf/char/10063-2.cc execution test
XPASS: ext/stdio_filebuf/char/10063-3.cc execution test

		=== libstdc++ Summary for arm-sim/-mthumb ===

# of expected passes		2017
# of unexpected failures	13
# of unexpected successes	2
# of expected failures		9

		=== libstdc++ Summary ===

# of expected passes		4035
# of unexpected failures	25
# of unexpected successes	4
# of expected failures		18

Compiler version: 3.4.4 (release) (CodeSourcery ARM Q1cvs 2005) 
Platform: arm-none-eabi
configure flags: --disable-nls --build=i686-pc-linux-gnu --host=i686-pc-linux-gnu --target=arm-none-eabi --with-newlib --enable-languages=c,c++ --enable-threads --disable-libmudflap --disable-libssp --enable-shared --with-gnu-as --with-gnu-ld --prefix=/scratch/gcc/nightly-2005-09-02-csl-arm/arm-none-eabi/build_gcc/install


Index Nav: [Date Index] [Subject Index] [Author Index] [Thread Index]
Message Nav: [Date Prev] [Date Next] [Thread Prev] [Thread Next]